{"id":288,"date":"2024-09-16T15:09:12","date_gmt":"2024-09-16T18:09:12","guid":{"rendered":"https:\/\/san.uri.br\/tecnouri\/?page_id=288"},"modified":"2024-10-29T16:26:32","modified_gmt":"2024-10-29T19:26:32","slug":"parte-i-conceitos-introdutorios","status":"publish","type":"page","link":"https:\/\/san.uri.br\/tecnouri\/index.php\/parte-i-conceitos-introdutorios\/","title":{"rendered":"PARTE I &#8211; Conceitos Introdut\u00f3rios"},"content":{"rendered":"\n<figure class=\"wp-block-image size-large is-resized\"><img loading=\"lazy\" src=\"https:\/\/san.uri.br\/tecnouri\/wp-content\/uploads\/2024\/09\/ESP_MAKER-HORIZONTAL-1024x165.png\" alt=\"\" class=\"wp-image-322\" width=\"256\" height=\"41\" srcset=\"https:\/\/san.uri.br\/tecnouri\/wp-content\/uploads\/2024\/09\/ESP_MAKER-HORIZONTAL-1024x165.png 1024w, https:\/\/san.uri.br\/tecnouri\/wp-content\/uploads\/2024\/09\/ESP_MAKER-HORIZONTAL-300x48.png 300w, https:\/\/san.uri.br\/tecnouri\/wp-content\/uploads\/2024\/09\/ESP_MAKER-HORIZONTAL-768x124.png 768w, https:\/\/san.uri.br\/tecnouri\/wp-content\/uploads\/2024\/09\/ESP_MAKER-HORIZONTAL-1536x247.png 1536w, https:\/\/san.uri.br\/tecnouri\/wp-content\/uploads\/2024\/09\/ESP_MAKER-HORIZONTAL-2048x330.png 2048w, https:\/\/san.uri.br\/tecnouri\/wp-content\/uploads\/2024\/09\/ESP_MAKER-HORIZONTAL-800x129.png 800w\" sizes=\"(max-width: 256px) 100vw, 256px\" \/><\/figure>\n\n\n\n<p class=\"justificado\">Na <strong>Parte I <\/strong>do curso, s\u00e3o abordados os <strong>conceitos introdut\u00f3rios de eletr\u00f4nica<\/strong> <strong>e computa\u00e7\u00e3o<\/strong>, fundamentais para a compreens\u00e3o dos princ\u00edpios b\u00e1sicos que envolvem a montagem e o funcionamento de rob\u00f4s. Nesta etapa, os participantes aprender\u00e3o sobre componentes eletr\u00f4nicos essenciais, como resistores, capacitores, transistores e microcontroladores. Esses conhecimentos formam a base te\u00f3rica necess\u00e1ria para a <strong>Parte II,<\/strong> onde ser\u00e1 detalhado o<strong> processo de montagem dos rob\u00f4s<\/strong>, permitindo que os alunos apliquem os conceitos aprendidos de forma pr\u00e1tica.<br><\/p>\n\n\n\n<ul><li>V\u00eddeo1 &#8211; Conceitos iniciais de Eletr\u00f4nica e Computa\u00e7\u00e3o &#8211; Parte I<\/li><\/ul>\n\n\n\n<iframe loading=\"lazy\" src=\"https:\/\/drive.google.com\/file\/d\/1Mk6is97GGM-MAXrOtRQjS01P73AnK83D\/preview\" width=\"640\" height=\"480\" allow=\"autoplay\"><\/iframe>\n\n\n\n<ul><li>V\u00eddeo 2 &#8211; Conceitos Iniciais de eletr\u00f4nica e computa\u00e7\u00e3o &#8211; Parte II &#8211; Ardu\u00edno<\/li><\/ul>\n\n\n\n<iframe loading=\"lazy\" src=\"https:\/\/drive.google.com\/file\/d\/1ROsxNLNkf79HE39a5UdjmpJk5loNuvEe\/preview\" width=\"640\" height=\"480\" allow=\"autoplay\"><\/iframe>\n","protected":false},"excerpt":{"rendered":"<p>Na Parte I do curso, s\u00e3o abordados os conceitos introdut\u00f3rios de eletr\u00f4nica e computa\u00e7\u00e3o, fundamentais para a compreens\u00e3o dos princ\u00edpios b\u00e1sicos que envolvem a montagem e o funcionamento de rob\u00f4s. Nesta etapa, os participantes aprender\u00e3o sobre componentes eletr\u00f4nicos essenciais, como resistores, capacitores, transistores e microcontroladores. Esses conhecimentos formam a base te\u00f3rica necess\u00e1ria para a Parte II, onde ser\u00e1 detalhado o&hellip;<\/p>\n","protected":false},"author":1,"featured_media":0,"parent":0,"menu_order":0,"comment_status":"closed","ping_status":"closed","template":"","meta":[],"_links":{"self":[{"href":"https:\/\/san.uri.br\/tecnouri\/index.php\/wp-json\/wp\/v2\/pages\/288"}],"collection":[{"href":"https:\/\/san.uri.br\/tecnouri\/index.php\/wp-json\/wp\/v2\/pages"}],"about":[{"href":"https:\/\/san.uri.br\/tecnouri\/index.php\/wp-json\/wp\/v2\/types\/page"}],"author":[{"embeddable":true,"href":"https:\/\/san.uri.br\/tecnouri\/index.php\/wp-json\/wp\/v2\/users\/1"}],"replies":[{"embeddable":true,"href":"https:\/\/san.uri.br\/tecnouri\/index.php\/wp-json\/wp\/v2\/comments?post=288"}],"version-history":[{"count":9,"href":"https:\/\/san.uri.br\/tecnouri\/index.php\/wp-json\/wp\/v2\/pages\/288\/revisions"}],"predecessor-version":[{"id":365,"href":"https:\/\/san.uri.br\/tecnouri\/index.php\/wp-json\/wp\/v2\/pages\/288\/revisions\/365"}],"wp:attachment":[{"href":"https:\/\/san.uri.br\/tecnouri\/index.php\/wp-json\/wp\/v2\/media?parent=288"}],"curies":[{"name":"wp","href":"https:\/\/api.w.org\/{rel}","templated":true}]}}