{"id":949,"date":"2015-12-03T19:10:48","date_gmt":"2015-12-03T19:10:48","guid":{"rendered":"http:\/\/san.uri.br\/sites\/site_novo\/?page_id=949"},"modified":"2026-02-05T17:49:08","modified_gmt":"2026-02-05T20:49:08","slug":"valores","status":"publish","type":"page","link":"https:\/\/san.uri.br\/sites\/site_novo\/?page_id=949","title":{"rendered":"VALORES DE MENSALIDADES"},"content":{"rendered":"\n<p><strong>A SEMESTRALIDADE ser\u00e1 dividido em 6 parcelas. A matr\u00edcula corresponde \u00e0 primeira parcela (\u00e0 vista) e as demais vencer\u00e3o no dia 5 dos meses de fevereiro a junho\/2026<\/strong><\/p>\n\n\n\n<figure class=\"wp-block-table aligncenter m-auto table-striped table-bordered table-hover is-style-stripes\"><table class=\"has-fixed-layout\"><tbody><tr><td class=\"has-text-align-left\" data-align=\"left\"><strong>Cursos<\/strong>                                          <\/td><td class=\"has-text-align-center\" data-align=\"center\"><strong>Cr\u00e9ditos<\/strong>     <\/td><td>  <strong> Matr\u00edcula com Desconto<\/strong>            <\/td><\/tr><tr><td class=\"has-text-align-left\" data-align=\"left\">Administra\u00e7\u00e3o (N)<\/td><td class=\"has-text-align-center\" data-align=\"center\">20<\/td><td>1.285,24*****<\/td><\/tr><tr><td class=\"has-text-align-left\" data-align=\"left\">Agronomia (N\/D)<\/td><td class=\"has-text-align-center\" data-align=\"center\">16<\/td><td>1.777,30<\/td><\/tr><tr><td class=\"has-text-align-left\" data-align=\"left\">Arquitetura e Urbanismo (N\/D)<\/td><td class=\"has-text-align-center\" data-align=\"center\">24<\/td><td>2.234,98***<\/td><\/tr><tr><td class=\"has-text-align-left\" data-align=\"left\">Biomedicina (N\/D)<\/td><td class=\"has-text-align-center\" data-align=\"center\">18<\/td><td>2.111,50*<\/td><\/tr><tr><td class=\"has-text-align-left\" data-align=\"left\">Ci\u00eancia da Computa\u00e7\u00e3o (N\/D)<\/td><td class=\"has-text-align-center\" data-align=\"center\">18<\/td><td>1.972,05<\/td><\/tr><tr><td class=\"has-text-align-left\" data-align=\"left\">Ci\u00eancias Cont\u00e1beis (N)<\/td><td class=\"has-text-align-center\" data-align=\"center\">20<\/td><td>1.285,24*****<\/td><\/tr><tr><td class=\"has-text-align-left\" data-align=\"left\">Direito (N)<\/td><td class=\"has-text-align-center\" data-align=\"center\">16<\/td><td>1.615,74<\/td><\/tr><tr><td class=\"has-text-align-left\" data-align=\"left\">Educa\u00e7\u00e3o F\u00edsica (N\/D)<\/td><td class=\"has-text-align-center\" data-align=\"center\">20<\/td><td>1.666,22******<\/td><\/tr><tr><td class=\"has-text-align-left\" data-align=\"left\">Enfermagem (N\/D)<\/td><td class=\"has-text-align-center\" data-align=\"center\">18<\/td><td>1.799,52**<\/td><\/tr><tr><td class=\"has-text-align-left\" data-align=\"left\">Engenharia Civil (N\/D)<\/td><td class=\"has-text-align-center\" data-align=\"center\">20<\/td><td>1.862,49***<\/td><\/tr><tr><td class=\"has-text-align-left\" data-align=\"left\">Engenharia El\u00e9trica (N\/D)<\/td><td class=\"has-text-align-center\" data-align=\"center\">20<\/td><td>1.862,49***<\/td><\/tr><tr><td class=\"has-text-align-left\" data-align=\"left\">Engenharia Mec\u00e2nica (N\/D)<\/td><td class=\"has-text-align-center\" data-align=\"center\">20<\/td><td>1.862,49***<\/td><\/tr><tr><td class=\"has-text-align-left\" data-align=\"left\">Farm\u00e1cia  (N\/D)<\/td><td class=\"has-text-align-center\" data-align=\"center\">18<\/td><td>2.129,11****<\/td><\/tr><tr><td class=\"has-text-align-left\" data-align=\"left\">Medicina Veterin\u00e1ria (N\/D)<\/td><td class=\"has-text-align-center\" data-align=\"center\">25<\/td><td>2.191,16****<\/td><\/tr><tr><td class=\"has-text-align-left\" data-align=\"left\">Psicologia (N\/D)<\/td><td class=\"has-text-align-center\" data-align=\"center\">18<\/td><td>1.817,70<\/td><\/tr><\/tbody><\/table><\/figure>\n\n\n\n<p>Valores para o Ano de 2026.<\/p>\n\n\n\n<div class=\"wp-block-columns\">\n<div class=\"wp-block-column\">\n<p>*Valor com desconto de 4%<br \/>**Valor com desconto de 10%<br \/>***Valor com desconto de 15%<\/p>\n<\/div>\n\n\n\n<div class=\"wp-block-column\">\n<p>****Valor com desconto de 20%<br \/>*****Valor com desconto de 23%<br \/>******Valor com desconto de 25%<\/p>\n<\/div>\n<\/div>\n\n\n\n<p class=\"has-text-align-center\"><strong>Este desconto encontra-se condicionado ao adimplemento da mensalidade, ou seja \u00e0 efetiva quita\u00e7\u00e3o da mensalidade at\u00e9 o seu vencimento.<\/strong><\/p>\n\n\n\n<p><\/p>\n\n\n\n<p><strong>Central de Atendimento do Minist\u00e9rio da Educa\u00e7\u00e3o<\/strong><\/p>\n\n\n\n<p><a href=\"http:\/\/siteprouni.mec.gov.br\/falecomagente.html\">&#8211; Portal do Minist\u00e9rio da Educa\u00e7\u00e3o<\/a><\/p>\n\n\n\n<p><a href=\"http:\/\/sisfiesportal.mec.gov.br\/contato.html\">&#8211; Portal do Fundo Nacional de Desenvolvimento da Educa\u00e7\u00e3o<\/a><\/p>\n\n\n\n<p><strong>AVISO IMPORTANTE:<\/strong> As informa\u00e7\u00f5es aqui divulgadas podem sofrer altera\u00e7\u00f5es sem pr\u00e9vio aviso, pois est\u00e3o vinculadas \u00e0 legisla\u00e7\u00e3o vigente e a editais p\u00fablicos e da pr\u00f3pria universidade.<\/p>\n","protected":false},"excerpt":{"rendered":"<p>A SEMESTRALIDADE ser\u00e1 dividido em 6 parcelas. A matr\u00edcula corresponde \u00e0 primeira parcela (\u00e0 vista) e as demais vencer\u00e3o no dia 5 dos meses de fevereiro a junho\/2026 Cursos Cr\u00e9ditos Matr\u00edcula com Desconto Administra\u00e7\u00e3o (N) 20 1.285,24***** Agronomia (N\/D) 16 1.777,30 Arquitetura e Urbanismo (N\/D) 24 2.234,98*** Biomedicina (N\/D) 18 2.111,50* Ci\u00eancia da Computa\u00e7\u00e3o (N\/D) [&hellip;]<\/p>\n","protected":false},"author":1,"featured_media":0,"parent":0,"menu_order":0,"comment_status":"closed","ping_status":"closed","template":"","meta":[],"_links":{"self":[{"href":"https:\/\/san.uri.br\/sites\/site_novo\/index.php?rest_route=\/wp\/v2\/pages\/949"}],"collection":[{"href":"https:\/\/san.uri.br\/sites\/site_novo\/index.php?rest_route=\/wp\/v2\/pages"}],"about":[{"href":"https:\/\/san.uri.br\/sites\/site_novo\/index.php?rest_route=\/wp\/v2\/types\/page"}],"author":[{"embeddable":true,"href":"https:\/\/san.uri.br\/sites\/site_novo\/index.php?rest_route=\/wp\/v2\/users\/1"}],"replies":[{"embeddable":true,"href":"https:\/\/san.uri.br\/sites\/site_novo\/index.php?rest_route=%2Fwp%2Fv2%2Fcomments&post=949"}],"version-history":[{"count":57,"href":"https:\/\/san.uri.br\/sites\/site_novo\/index.php?rest_route=\/wp\/v2\/pages\/949\/revisions"}],"predecessor-version":[{"id":36305,"href":"https:\/\/san.uri.br\/sites\/site_novo\/index.php?rest_route=\/wp\/v2\/pages\/949\/revisions\/36305"}],"wp:attachment":[{"href":"https:\/\/san.uri.br\/sites\/site_novo\/index.php?rest_route=%2Fwp%2Fv2%2Fmedia&parent=949"}],"curies":[{"name":"wp","href":"https:\/\/api.w.org\/{rel}","templated":true}]}}