{"id":570,"date":"2015-05-13T18:39:04","date_gmt":"2015-05-13T18:39:04","guid":{"rendered":"http:\/\/san.uri.br\/sites\/site_novo\/?page_id=570"},"modified":"2015-05-13T18:39:04","modified_gmt":"2015-05-13T18:39:04","slug":"corpo-docente-matematica","status":"publish","type":"page","link":"https:\/\/san.uri.br\/sites\/site_novo\/?page_id=570","title":{"rendered":"Corpo Docente Matem\u00e1tica"},"content":{"rendered":"<p>N\u00e3o editar essa p\u00e1gina<\/p>\n","protected":false},"excerpt":{"rendered":"<p>N\u00e3o editar essa p\u00e1gina<\/p>\n","protected":false},"author":1,"featured_media":0,"parent":0,"menu_order":0,"comment_status":"closed","ping_status":"closed","template":"page_corpo_docente_matematica.php","meta":[],"_links":{"self":[{"href":"https:\/\/san.uri.br\/sites\/site_novo\/index.php?rest_route=\/wp\/v2\/pages\/570"}],"collection":[{"href":"https:\/\/san.uri.br\/sites\/site_novo\/index.php?rest_route=\/wp\/v2\/pages"}],"about":[{"href":"https:\/\/san.uri.br\/sites\/site_novo\/index.php?rest_route=\/wp\/v2\/types\/page"}],"author":[{"embeddable":true,"href":"https:\/\/san.uri.br\/sites\/site_novo\/index.php?rest_route=\/wp\/v2\/users\/1"}],"replies":[{"embeddable":true,"href":"https:\/\/san.uri.br\/sites\/site_novo\/index.php?rest_route=%2Fwp%2Fv2%2Fcomments&post=570"}],"version-history":[{"count":1,"href":"https:\/\/san.uri.br\/sites\/site_novo\/index.php?rest_route=\/wp\/v2\/pages\/570\/revisions"}],"predecessor-version":[{"id":571,"href":"https:\/\/san.uri.br\/sites\/site_novo\/index.php?rest_route=\/wp\/v2\/pages\/570\/revisions\/571"}],"wp:attachment":[{"href":"https:\/\/san.uri.br\/sites\/site_novo\/index.php?rest_route=%2Fwp%2Fv2%2Fmedia&parent=570"}],"curies":[{"name":"wp","href":"https:\/\/api.w.org\/{rel}","templated":true}]}}