{"id":30464,"date":"2022-08-12T17:41:01","date_gmt":"2022-08-12T20:41:01","guid":{"rendered":"https:\/\/san.uri.br\/sites\/site_novo\/?page_id=30464"},"modified":"2023-05-11T15:31:05","modified_gmt":"2023-05-11T18:31:05","slug":"imersao-tech-vivencie-esta-tecnologia","status":"publish","type":"page","link":"https:\/\/san.uri.br\/sites\/site_novo\/?page_id=30464","title":{"rendered":"imersao-tech-vivencie-esta-tecnologia"},"content":{"rendered":"\n<div class=\"wp-block-columns\">\n<div class=\"wp-block-column\">\n<div class=\"wp-block-image is-style-default\"><figure class=\"aligncenter size-large\"><img loading=\"lazy\" width=\"722\" height=\"1024\" src=\"https:\/\/san.uri.br\/sites\/site_novo\/wp-content\/uploads\/2022\/08\/imersaotech16082022-722x1024.jpeg\" alt=\"\" class=\"wp-image-30514\" srcset=\"https:\/\/san.uri.br\/sites\/site_novo\/wp-content\/uploads\/2022\/08\/imersaotech16082022-722x1024.jpeg 722w, https:\/\/san.uri.br\/sites\/site_novo\/wp-content\/uploads\/2022\/08\/imersaotech16082022-211x300.jpeg 211w, https:\/\/san.uri.br\/sites\/site_novo\/wp-content\/uploads\/2022\/08\/imersaotech16082022.jpeg 902w\" sizes=\"(max-width: 722px) 100vw, 722px\" \/><\/figure><\/div>\n<\/div>\n<\/div>\n\n\n\n<p class=\"has-text-align-center has-x-large-font-size\"><strong>Fa\u00e7a sua inscri\u00e7\u00e3o!<br \/>Escolha um dos hor\u00e1rios abaixo.<\/strong><\/p>\n\n\n\n<div class=\"wp-block-columns\">\n<div class=\"wp-block-column\" style=\"flex-basis:100%\">\n<div class=\"wp-block-columns\">\n<div class=\"wp-block-column\">\n<figure class=\"wp-block-image size-full is-style-default\"><a href=\"https:\/\/materiais.dca.com.br\/inscricao-imersao-tech-manha\"><img loading=\"lazy\" width=\"729\" height=\"141\" src=\"https:\/\/san.uri.br\/sites\/site_novo\/wp-content\/uploads\/2022\/08\/data_horario_m-1.png\" alt=\"\" class=\"wp-image-30472\" srcset=\"https:\/\/san.uri.br\/sites\/site_novo\/wp-content\/uploads\/2022\/08\/data_horario_m-1.png 729w, https:\/\/san.uri.br\/sites\/site_novo\/wp-content\/uploads\/2022\/08\/data_horario_m-1-300x58.png 300w\" sizes=\"(max-width: 729px) 100vw, 729px\" \/><\/a><\/figure>\n<\/div>\n\n\n\n<div class=\"wp-block-column\">\n<figure class=\"wp-block-image size-full is-style-default\"><a href=\"https:\/\/materiais.dca.com.br\/inscricao-imersao-tech-tarde\"><img loading=\"lazy\" width=\"729\" height=\"137\" src=\"https:\/\/san.uri.br\/sites\/site_novo\/wp-content\/uploads\/2022\/08\/data_horario_t.png\" alt=\"\" class=\"wp-image-30473\" srcset=\"https:\/\/san.uri.br\/sites\/site_novo\/wp-content\/uploads\/2022\/08\/data_horario_t.png 729w, https:\/\/san.uri.br\/sites\/site_novo\/wp-content\/uploads\/2022\/08\/data_horario_t-300x56.png 300w\" sizes=\"(max-width: 729px) 100vw, 729px\" \/><\/a><\/figure>\n<\/div>\n<\/div>\n<\/div>\n<\/div>\n\n\n\n<p><\/p>\n","protected":false},"excerpt":{"rendered":"<p>Fa\u00e7a sua inscri\u00e7\u00e3o!Escolha um dos hor\u00e1rios abaixo.<\/p>\n","protected":false},"author":1,"featured_media":0,"parent":0,"menu_order":0,"comment_status":"closed","ping_status":"closed","template":"","meta":[],"_links":{"self":[{"href":"https:\/\/san.uri.br\/sites\/site_novo\/index.php?rest_route=\/wp\/v2\/pages\/30464"}],"collection":[{"href":"https:\/\/san.uri.br\/sites\/site_novo\/index.php?rest_route=\/wp\/v2\/pages"}],"about":[{"href":"https:\/\/san.uri.br\/sites\/site_novo\/index.php?rest_route=\/wp\/v2\/types\/page"}],"author":[{"embeddable":true,"href":"https:\/\/san.uri.br\/sites\/site_novo\/index.php?rest_route=\/wp\/v2\/users\/1"}],"replies":[{"embeddable":true,"href":"https:\/\/san.uri.br\/sites\/site_novo\/index.php?rest_route=%2Fwp%2Fv2%2Fcomments&post=30464"}],"version-history":[{"count":18,"href":"https:\/\/san.uri.br\/sites\/site_novo\/index.php?rest_route=\/wp\/v2\/pages\/30464\/revisions"}],"predecessor-version":[{"id":31782,"href":"https:\/\/san.uri.br\/sites\/site_novo\/index.php?rest_route=\/wp\/v2\/pages\/30464\/revisions\/31782"}],"wp:attachment":[{"href":"https:\/\/san.uri.br\/sites\/site_novo\/index.php?rest_route=%2Fwp%2Fv2%2Fmedia&parent=30464"}],"curies":[{"name":"wp","href":"https:\/\/api.w.org\/{rel}","templated":true}]}}