{"id":27340,"date":"2021-07-19T17:57:50","date_gmt":"2021-07-19T20:57:50","guid":{"rendered":"http:\/\/san.uri.br\/sites\/site_novo\/?page_id=27340"},"modified":"2021-07-19T18:00:24","modified_gmt":"2021-07-19T21:00:24","slug":"politica-de-privacidade","status":"publish","type":"page","link":"https:\/\/san.uri.br\/sites\/site_novo\/?page_id=27340","title":{"rendered":"POL\u00cdTICA DE PRIVACIDADE"},"content":{"rendered":"<h4 id=\"ixwn\">DA POL\u00cdTICA DE PRIVACIDADE<\/h4>\n<p id=\"ietz\"><strong>Art. 1\u00ba<\/strong>\u00a0A presente Pol\u00edtica de Privacidade descreve as pr\u00e1ticas que a\u00a0\u00a0FUNDA\u00c7\u00c3O REGIONAL INTEGRADA &#8211; FURI, CNPJ n\u00ba 96.216.841\/0001-00, com sede na Rua Universidade das Miss\u00f5es, n\u00ba 464, CEP: 98802470, em Santo Angelo\/RS, E SUAS FILIAIS, a seguir denominadas apenas FURI, realizam, em rela\u00e7\u00e3o aos dados coletados por meio dos\u00a0\u00a0seus sites, visando estabelecer uma rela\u00e7\u00e3o de confian\u00e7a com os seus USU\u00c1RIOS e dos servi\u00e7os deles decorrentes e\/ou de sistemas integrados para proteger suas informa\u00e7\u00f5es pessoais e proporcionar experi\u00eancias satisfat\u00f3rias e seguras, por meio de variadas tecnologias, de acordo com a legisla\u00e7\u00e3o em vigor, em especial Lei n\u00ba 13.709 de 14 de Agosto de 2018.<\/p>\n<p id=\"iq4l\"><strong>Art. 2\u00ba<\/strong>\u00a0Esta pol\u00edtica se aplica aos dados que identificam o USU\u00c1RIO individualmente (Dados Pessoais) e demais dados voluntariamente fornecidos, pelo mesmo, e\/ou coletados durante a utiliza\u00e7\u00e3o dos respectivos sites. Em todos os casos, ressalta-se que a FURI cumpre, em sua integralidade, com a legisla\u00e7\u00e3o brasileira aplic\u00e1vel \u00e0 prote\u00e7\u00e3o de dados, sobretudo respeitando os princ\u00edpios da Finalidade; Adequa\u00e7\u00e3o; Necessidade; Livre Acesso; Qualidade de Dados; Transpar\u00eancia; Seguran\u00e7a; Preven\u00e7\u00e3o; N\u00e3o Discrimina\u00e7\u00e3o; Responsabiliza\u00e7\u00e3o; e Presta\u00e7\u00e3o de Contas.<\/p>\n<section class=\"py-3\"><\/section>\n<h4 id=\"ifal7\">DA ACEITA\u00c7\u00c3O<\/h4>\n<p id=\"ibyjg\"><strong>Art. 3\u00ba<\/strong>\u00a0O USU\u00c1RIO, ao acessar e\/ou utilizar o conte\u00fado dos respectivos sites, assim entendidos links derivados, de propriedade da FURI, para inscri\u00e7\u00e3o em palestras, cursos, f\u00f3runs e qualquer outra atividade ofertada, por meio dos mesmos, expressa sua\u00a0<strong><u>aceita\u00e7\u00e3o plena e sem reservas aos termos aqui constantes<\/u><\/strong>, para todos os fins de direito. Assim, declara que fez leitura atenta e completa da presente Pol\u00edtica de Privacidade.\u00a0\u00a0Caso o USU\u00c1RIO n\u00e3o concorde com termo(s) e regra(s) aqui previsto(s), n\u00e3o deve acessar e\/ou utilizar seu conte\u00fado.<\/p>\n<section class=\"py-3\"><\/section>\n<h4 id=\"ifb7b\">DAS INFORMA\u00c7\u00d5ES ARMAZENADAS<\/h4>\n<p id=\"i24lk\"><strong>Art. 4\u00ba<\/strong>\u00a0O USU\u00c1RIO apresenta, de forma livre e volunt\u00e1ria, seus dados, ao realizar acessos e cadastros vinculados \u00e0 conte\u00fado disposto nos sites acessados.<\/p>\n<p id=\"i8pza\"><strong>Art. 5\u00ba<\/strong>\u00a0A FURI n\u00e3o coleta informa\u00e7\u00f5es pessoais dos USU\u00c1RIOS sem o seu livre consentimento, ou seja, n\u00e3o pratica qualquer a\u00e7\u00e3o para obter vantagem sobre dados coletados.<\/p>\n<section class=\"py-3\"><\/section>\n<h4 id=\"it46l\">DA DESCRI\u00c7\u00c3O E DOS LIMITES DAS INFORMA\u00c7\u00d5ES ARMAZENADAS<\/h4>\n<p id=\"i3vcb\"><strong>Art. 6\u00ba<\/strong>\u00a0A FURI se restringe a coletar, diretamente, do USU\u00c1RIO, que apresenta, de forma livre e volunt\u00e1ria, seus dados, por meio dos respectivos sites.<\/p>\n<p id=\"ije8n\"><strong>Art. 7\u00ba<\/strong>\u00a0Ressalta-se ainda que tais dados s\u00e3o necess\u00e1rios e imprescind\u00edveis para garantir que, posteriormente, seja realizada a emiss\u00e3o de documentos, certificados, declara\u00e7\u00f5es e demais informa\u00e7\u00f5es inerentes ao USU\u00c1RIO.<\/p>\n<p id=\"i1q2i\"><strong>Art. 8\u00ba<\/strong>\u00a0A FURI coleta as seguintes informa\u00e7\u00f5es, consideradas dados pessoais identific\u00e1veis do USU\u00c1RIO, a partir da navega\u00e7\u00e3o em seus sites:<\/p>\n<div id=\"infyq\">\n<ol>\n<li>Logs; e<\/li>\n<li>Cookies, por meio da ferramenta Google Analytics, que coleta de forma an\u00f4nima e para fins anal\u00edticos, os seguintes dados:\n<ul>\n<li>idioma;<\/li>\n<li>pa\u00eds e cidade;<\/li>\n<li>navegador, sistema operacional e provedor de servi\u00e7os;<\/li>\n<li>resolu\u00e7\u00e3o de tela, tipo de dispositivo (desktop ou celular), modelo do aparelho de celular; e<\/li>\n<li>p\u00e1ginas que o usu\u00e1rio navega dentro do(s) site(s), se est\u00e1 no(s) site(s) naquele momento, forma como o usu\u00e1rio acessou o(s) site(s) (se foi via buscador ou direto pela(s) URL\u2019S) do(s) site(s)), termo de pesquisa que utilizou no(s) site(s), tempo na(s) p\u00e1gina(s) do(s) site(s).<\/li>\n<\/ul>\n<\/li>\n<\/ol>\n<\/div>\n<p id=\"ib0l1\"><strong>Par\u00e1grafo \u00fanico.<\/strong>\u00a0O USU\u00c1RIO pode saber mais detalhes, sobre o Google Analytics, em \u201cComo o Google utiliza os dados quando o usu\u00e1rio usa sites ou aplicativos dos nossos parceiros\u201c, localizado em\u00a0<a href=\"https:\/\/google.com\/intl\/pt-BR\/policies\/privacy\/partners\/\">&lt;google.com\/intl\/pt-BR\/policies\/privacy\/partners\/&gt;<\/a>.<\/p>\n<p id=\"iyemo\"><strong>Art. 9\u00ba<\/strong>\u00a0Quaisquer usos feitos pela Google dos dados do USU\u00c1RIO coletados, por meio dessas ferramentas, s\u00e3o de responsabilidade \u00fanica e exclusiva da Google, isentando completamente, a FURI, de qualquer responsabilidade decorrente.<\/p>\n<p id=\"il6wx\"><strong>Art. 10.\u00a0<\/strong>Caso o USU\u00c1RIO n\u00e3o concorde com a coleta de dados pelo Google Analytics pode desativ\u00e1-lo por meio do Add-on do seu navegador, dispon\u00edvel no link\u00a0<a href=\"https:\/\/tools.google.com\/dlpage\/gaoptout?hl=pt-BR\">&lt;https:\/\/tools.google.com\/dlpage\/gaoptout?hl=pt-BR&gt;<\/a>.<\/p>\n<section id=\"i5vug\" class=\"py-3\"><\/section>\n<h4 id=\"itg6a\">DA RESPONSABILIDADE PELAS INFORMA\u00c7\u00d5ES APRESENTADAS<\/h4>\n<p id=\"i0x1d\"><strong>Art. 11.\u00a0<\/strong>Cabe ao USU\u00c1RIO o dever de prestar informa\u00e7\u00f5es corretas e atualizadas. A FURI, sob nenhuma hip\u00f3tese, responsabiliza-se por precis\u00e3o, veracidade ou falta delas nas informa\u00e7\u00f5es prestadas pelo USU\u00c1RIO. A FURI n\u00e3o responde, tamb\u00e9m, por certificados, declara\u00e7\u00f5es e demais documentos gerados a partir de informa\u00e7\u00f5es err\u00f4neas fornecidas pelo pr\u00f3prio USU\u00c1RIO.<\/p>\n<section id=\"ihxrg\" class=\"py-3\"><\/section>\n<h4 id=\"itqz4\">DA ISEN\u00c7\u00c3O DE RESPONSABILIDADE<\/h4>\n<p id=\"i6d9b\"><strong>Art. 12.\u00a0<\/strong>Ao navegar, no(s) site(s) da FURI, o USU\u00c1RIO pode ser conduzido, via hyperlink, a conte\u00fados ou servi\u00e7os, a outros portais ou plataformas que podem coletar suas informa\u00e7\u00f5es e ter suas pr\u00f3prias Pol\u00edticas de Privacidade. Hyperlinks externos n\u00e3o constituem endosso, pela FURI, dos sites\/ambientes vinculados ou \u00e0 informa\u00e7\u00f5es, produtos ou servi\u00e7os ali contidos.<\/p>\n<p id=\"ido4k\"><strong>Art. 13.\u00a0<\/strong>A<strong>\u00a0<\/strong>FURI n\u00e3o concede qualquer garantia relacionada \u00e0 disponibilidade ou continuidade de funcionamento do(s) seu(s) site(s). Al\u00e9m disso, consideradas as caracter\u00edsticas da internet, a FURI n\u00e3o garante seguran\u00e7a e privacidade, de conte\u00fados fora dos seus dom\u00ednios, nem que sejam ininterruptos, livres de v\u00edrus ou outros problemas, erros e ataques, e, em particular, n\u00e3o garante que terceiros, n\u00e3o autorizados, n\u00e3o possam acessar e, eventualmente, interceptar, eliminar, alterar, modificar ou manipular, de qualquer modo, os dados presentes e\/ou transmitidos aos seus servidores, sendo, a FURI, respons\u00e1vel apenas pelas informa\u00e7\u00f5es contidas em seus dom\u00ednios.<\/p>\n<section id=\"ijadc\" class=\"py-3\"><\/section>\n<h4 id=\"iylyy\">DA UTILIZA\u00c7\u00c3O DAS INFORMA\u00c7\u00d5ES<\/h4>\n<p id=\"i8ajd\"><strong>Art. 14.\u00a0<\/strong>Os dados e os registros coletados\u00a0 pela FURI, por meio de seus sites, s\u00e3o utilizados para as seguintes finalidades:<\/p>\n<div id=\"istui\">\n<ol>\n<li>Contato com potenciais clientes;<\/li>\n<li>An\u00e1lise de estat\u00edsticas de resultados;<\/li>\n<li>Promo\u00e7\u00e3o dos servi\u00e7os ofertados;<\/li>\n<li>Aperfei\u00e7oamento dos servi\u00e7os educacionais;<\/li>\n<li>Melhora do conte\u00fado e informa\u00e7\u00f5es apresentadas;<\/li>\n<li>Defesa dos interesses em processos administrativos e judiciais;<\/li>\n<li>Cumprimento de ordem judicial ou requerimento administrativo;<\/li>\n<li>Realiza\u00e7\u00e3o de eventos acad\u00eamicos;<\/li>\n<li value=\"1\">Realiza\u00e7\u00e3o de palestras, shows e demais atividades vinculadas \u00e0 cultura e educa\u00e7\u00e3o; e<\/li>\n<li value=\"10\">Realiza\u00e7\u00e3o de inscri\u00e7\u00f5es para participa\u00e7\u00e3o em congressos, f\u00f3runs, palestras, semanas acad\u00eamicas, entre outros.<\/li>\n<\/ol>\n<\/div>\n<p id=\"i95jk\"><strong>Art. 15.\u00a0<\/strong>Como j\u00e1 informado anteriormente, os dados coletados s\u00e3o fornecidos, pelo USU\u00c1RIO, de forma livre, expressa, individual, clara, espec\u00edfica, leg\u00edtima e necess\u00e1ria para realiza\u00e7\u00e3o das atividades.<\/p>\n<p id=\"ig3r5\"><strong>Art. 16.\u00a0<\/strong>O USU\u00c1RIO<strong>\u00a0<\/strong>que se recusar a conceder seu consentimento n\u00e3o deve realizar o acesso e\/ou inscri\u00e7\u00f5es junto aos sites da FURI.<\/p>\n<section id=\"il87w\" class=\"py-3\"><\/section>\n<h4 id=\"iz3vq\">DO GERENCIAMENTO DAS INFORMA\u00c7\u00d5ES E EPD<\/h4>\n<p id=\"ioo3l\"><strong>Art. 17.\u00a0<\/strong>Caso o USU\u00c1RIO tenha questionamento(s) sobre a prote\u00e7\u00e3o de dados da FURI, bem como, sobre as permiss\u00f5es concedidas, no que tange aos dados fornecidos, podem ser esclarecidos, mediante contato direto com o Encarregado de Prote\u00e7\u00e3o de Dados (EPD) Gilson Taques Machado, atrav\u00e9s do canal de atendimento, por meio do endere\u00e7o de e-mail\u00a0<a href=\"mailto:epd@reitoria.uri.br\">epd@reitoria.uri.br<\/a>.<\/p>\n<p id=\"iiikv\"><strong>Art. 18.\u00a0<\/strong>Utilizando-se da mesma ferramenta, o USU\u00c1RIO pode:<\/p>\n<div id=\"i9vkl\">\n<ol>\n<li>Requerer a limita\u00e7\u00e3o do uso de seus dados pessoais;<\/li>\n<li>Manifestar sua oposi\u00e7\u00e3o ao uso de dados; e<\/li>\n<li>Solicitar a exclus\u00e3o de seus dados pessoais coletados e registrados pela FURI.<\/li>\n<\/ol>\n<\/div>\n<p id=\"ii2wk\"><strong>Par\u00e1grafo \u00fanico.<\/strong>\u00a0As disposi\u00e7\u00f5es, contidas no caput, n\u00e3o se aplicam aos documentos de guarda permanente, sob os quais, a FURI, tem o dever de mant\u00ea-los por prazo indeterminado, em suas bases de dados, por for\u00e7a de legisla\u00e7\u00f5es educacionais e\/ou governamentais.<\/p>\n<section id=\"igdt6\" class=\"py-3\"><\/section>\n<h4 id=\"ihute\">DO GERENCIAMENTO DAS INFORMA\u00c7\u00d5ES E EPD<\/h4>\n<p id=\"ifnsg\"><strong>Art. 19.\u00a0<\/strong>Via de regra, as informa\u00e7\u00f5es pessoais n\u00e3o s\u00e3o disponibilizadas a terceiros, exceto nos casos a seguir mencionados:<\/p>\n<div id=\"ismnq\">\n<ol>\n<li>Os dados coletados e as atividades registradas, s\u00e3o privativos e de responsabilidade da FURI, e, somente, podem ser compartilhados com autoridades judiciais, administrativas ou governamentais competentes, sempre que houver requerimento, requisi\u00e7\u00e3o ou ordem judicial, e, quando necess\u00e1rio, dentro dos limites e prop\u00f3sitos dos neg\u00f3cios, podem ser disponibilizados para consulta e cedidos a fornecedores e autoridades.<\/li>\n<li>Sob nenhuma hip\u00f3tese, s\u00e3o repassadas, a terceiros, informa\u00e7\u00f5es de alunos\/funcion\u00e1rios\/bolsistas\/estagi\u00e1rios\/volunt\u00e1rios e outras denomina\u00e7\u00f5es, que contenham informa\u00e7\u00f5es coletadas junto aos sites da FURI, sem que se detenha a autoriza\u00e7\u00e3o, pela qual o USU\u00c1RIO informe, de forma expressa, os poderes e os limites conferidos, a quem autorizado, de acordo com toda a legisla\u00e7\u00e3o que abrange a politica de dados. \u00a0Desta forma, n\u00e3o se trata do compartilhamento indiscriminado e geral de informa\u00e7\u00f5es sendo, somente, aqueles indispens\u00e1veis para manuten\u00e7\u00e3o e continuidade da administra\u00e7\u00e3o geral e financeira da FuRI.<\/li>\n<li>Informa\u00e7\u00f5es coletadas de USU\u00c1RIOS, menores de idade, s\u00e3o apenas disponibilizadas ao pais e\/ou respons\u00e1veis legais, desde que, apresentados documentos comprobat\u00f3rios da situa\u00e7\u00e3o existente.<\/li>\n<li>A FURI trabalha internamente para que os dados de USU\u00c1RIOS sejam acessados, somente por profissionais devidamente autorizados, respeitando os princ\u00edpios de proporcionalidade, necessidade e relev\u00e2ncia, para os respectivos objetivos, al\u00e9m do compromisso de confidencialidade e preserva\u00e7\u00e3o da privacidade nos termos desta Pol\u00edtica de Privacidade.<\/li>\n<\/ol>\n<\/div>\n<section id=\"i0nmi\" class=\"py-3\"><\/section>\n<h4 id=\"i6ofk\">DO ARMAZENAMENTO DOS DADOS E REGISTROS<\/h4>\n<p id=\"ibvcf\"><strong>Art. 20.\u00a0<\/strong>Os dados e os registros coletados s\u00e3o armazenados em ambiente seguro e controlado, pelo prazo m\u00ednimo de 6 (seis) meses, nos termos do Marco Civil da Internet, observado o estado da t\u00e9cnica dispon\u00edvel. Todavia, considerando que nenhum sistema de seguran\u00e7a \u00e9 infal\u00edvel, a FURI se exime de quaisquer responsabilidades por eventuais danos e\/ou preju\u00edzos decorrentes de falhas, v\u00edrus ou invas\u00f5es de seus bancos de dados, salvo nos casos de dolo ou culpa.<\/p>\n<p id=\"il2ru\"><strong>Art. 21.\u00a0<\/strong>Os dados podem ser exclu\u00eddos, antes do prazo previsto no\u00a0<strong>Art. 20<\/strong>, em caso de solicita\u00e7\u00e3o do USU\u00c1RIO, ressalvadas as impossibilidades legais que decorram de legisla\u00e7\u00f5es espec\u00edficas, atrav\u00e9s das quais, a FURI responde, para fins de avalia\u00e7\u00e3o e regula\u00e7\u00e3o, nos termos do par\u00e1grafo \u00fanico do\u00a0<strong>Art. 18<\/strong>.<\/p>\n<p id=\"io1da\"><strong>Art. 22.\u00a0<\/strong>No entanto, por motivo de lei e\/ou determina\u00e7\u00e3o judicial, os dados podem ser mantidos por per\u00edodo superior, findo o qual, s\u00e3o exclu\u00eddos com uso de m\u00e9todos de descarte seguro.<\/p>\n<p id=\"iesbm\"><strong>Art. 23.\u00a0<\/strong>Os dados coletados s\u00e3o armazenados em servidores pr\u00f3prios ou contratados de terceiros.<\/p>\n<section id=\"i34iv\" class=\"py-3\"><\/section>\n<h4 id=\"ic63f\">DA ALTERA\u00c7\u00c3O DA POL\u00cdTICA DE PRIVACIDADE<\/h4>\n<p id=\"i8y7x\"><strong>Art. 24.\u00a0<\/strong>A FURI reserva-se o direito de alterar, a qualquer momento, o teor e as informa\u00e7\u00f5es contidas na presente Pol\u00edtica de Privacidade, conforme finalidade ou necessidade, tal qual para adequa\u00e7\u00e3o de conformidade imposta por lei ou norma jur\u00eddica de valor equivalente, devendo o USU\u00c1RIO verificar sempre que realizar o acesso aos sites.<\/p>\n<p id=\"id3xu\"><strong>Art. 25.\u00a0<\/strong>Havendo altera\u00e7\u00f5es, na presente pol\u00edtica, que demande novo consentimento, a FURI informar\u00e1, ao USU\u00c1RIO, sobre as mesmas.<\/p>\n<section id=\"i6tmi\" class=\"py-3\"><\/section>\n<h4 id=\"iniag\">DAS INFORMA\u00c7\u00d5ES<\/h4>\n<p id=\"ifuwk\"><strong>Art. 26.\u00a0<\/strong>Havendo fundada d\u00favida sobre qualquer das condi\u00e7\u00f5es, aqui estabelecidas, ou qualquer documento disposto nos sites da FURI, o USU\u00c1RIO pode esclarec\u00ea-las, mediante contato direto com o Encarregado de Prote\u00e7\u00e3o de Dados (EPD), atrav\u00e9s do canal de atendimento, por meio do endere\u00e7o de e-mail disposto no\u00a0<strong>Art. 17<\/strong>.<\/p>\n<section id=\"ijfjk\" class=\"py-3\"><\/section>\n<h4 id=\"i3ell\">DAS COMUNICA\u00c7\u00d5ES<\/h4>\n<p id=\"iku78\"><strong>Art. 27.\u00a0<\/strong>O USU\u00c1RIO reconhece que toda comunica\u00e7\u00e3o realizada por e-mail (aos endere\u00e7os por ele informados), SMS, aplicativos de comunica\u00e7\u00e3o instant\u00e2nea ou qualquer outra forma digital, virtual e digital, tamb\u00e9m, s\u00e3o v\u00e1lidas como prova documental, sendo eficazes e suficientes para a divulga\u00e7\u00e3o de qualquer assunto que se refira aos servi\u00e7os prestados pela FURI, bem como, \u00e0s condi\u00e7\u00f5es de sua presta\u00e7\u00e3o, ressalvadas as disposi\u00e7\u00f5es expressamente diversas previstas nesta Pol\u00edtica de Privacidade.<\/p>\n<section id=\"izm4o\" class=\"py-3\"><\/section>\n<h4 id=\"iwmrq\">DAS DISPOSI\u00c7\u00d5ES FINAIS<\/h4>\n<p id=\"iqbt4\"><strong>Art. 28.\u00a0<\/strong>Caso alguma disposi\u00e7\u00e3o, desta Pol\u00edtica de Privacidade, seja considerada ilegal ou ileg\u00edtima, por autoridade da localidade em que o USU\u00c1RIO resida ou da sua conex\u00e3o \u00e0 Internet, as demais condi\u00e7\u00f5es permanecem em pleno vigor e efeito.<\/p>\n<section id=\"iokc3\" class=\"py-3\"><\/section>\n<h4 id=\"i1edl\">DA LEGISLA\u00c7\u00c3O APLIC\u00c1VEL<\/h4>\n<p id=\"i9j2g\"><strong>Art. 29.\u00a0<\/strong>A presente pol\u00edtica de privacidade e a rela\u00e7\u00e3o decorrente das informa\u00e7\u00f5es aqui dispostas, bem como qualquer disputa judicial ou extrajudicial, que possa surgir, ser\u00e1 regida, exclusivamente, pela legisla\u00e7\u00e3o brasileira<\/p>\n<p id=\"izntk\"><strong>Art. 30.\u00a0<\/strong>Esta pol\u00edtica de privacidade vincula-se aos seguintes normativos do ordenamento jur\u00eddico brasileiro:<\/p>\n<div id=\"i4nf8\">\n<ol>\n<li>Marco civil da internet \u2013 Lei n\u00ba 12.965, de 23 de abril de 2014;<\/li>\n<li>Decreto de Governan\u00e7a Digital \u2013 Decreto n\u00ba 8.638, de 15 de janeiro de 2016;<\/li>\n<li>Decreto da Plataforma da Cidadania Digital &#8211; Decreto n\u00ba 8.936, de 19 de dezembro de 2016;<\/li>\n<li>Decreto de Compartilhamento de Bases de Dados &#8211; Decreto n\u00ba 8.789, de 29 de junho de 2016;<\/li>\n<li>Lei Geral de Prote\u00e7\u00e3o de Dados Pessoais &#8211; Lei n\u00ba 13.709 de 14 de agosto de 2018; e<\/li>\n<li>Normas complementares do Gabinete de Seguran\u00e7a da Informa\u00e7\u00e3o da Presid\u00eancia (GSI\/PR).<\/li>\n<\/ol>\n<\/div>\n<section id=\"i8mtt\" class=\"py-3\"><\/section>\n<h4 id=\"ikkfe\">DO FORO<\/h4>\n<p id=\"iscup\"><strong>Art. 31.\u00a0<\/strong>Fica eleito o Foro da Comarca de Erechim para dirimir qualquer d\u00favida oriunda da presente pol\u00edtica de privacidade, renunciando, desde logo, a qualquer outro, por mais especial que seja.<\/p>\n","protected":false},"excerpt":{"rendered":"<p>DA POL\u00cdTICA DE PRIVACIDADE Art. 1\u00ba\u00a0A presente Pol\u00edtica de Privacidade descreve as pr\u00e1ticas que a\u00a0\u00a0FUNDA\u00c7\u00c3O REGIONAL INTEGRADA &#8211; FURI, CNPJ n\u00ba 96.216.841\/0001-00, com sede na Rua Universidade das Miss\u00f5es, n\u00ba 464, CEP: 98802470, em Santo Angelo\/RS, E SUAS FILIAIS, a seguir denominadas apenas FURI, realizam, em rela\u00e7\u00e3o aos dados coletados por meio dos\u00a0\u00a0seus sites, visando [&hellip;]<\/p>\n","protected":false},"author":1,"featured_media":0,"parent":0,"menu_order":0,"comment_status":"closed","ping_status":"closed","template":"","meta":[],"_links":{"self":[{"href":"https:\/\/san.uri.br\/sites\/site_novo\/index.php?rest_route=\/wp\/v2\/pages\/27340"}],"collection":[{"href":"https:\/\/san.uri.br\/sites\/site_novo\/index.php?rest_route=\/wp\/v2\/pages"}],"about":[{"href":"https:\/\/san.uri.br\/sites\/site_novo\/index.php?rest_route=\/wp\/v2\/types\/page"}],"author":[{"embeddable":true,"href":"https:\/\/san.uri.br\/sites\/site_novo\/index.php?rest_route=\/wp\/v2\/users\/1"}],"replies":[{"embeddable":true,"href":"https:\/\/san.uri.br\/sites\/site_novo\/index.php?rest_route=%2Fwp%2Fv2%2Fcomments&post=27340"}],"version-history":[{"count":2,"href":"https:\/\/san.uri.br\/sites\/site_novo\/index.php?rest_route=\/wp\/v2\/pages\/27340\/revisions"}],"predecessor-version":[{"id":27342,"href":"https:\/\/san.uri.br\/sites\/site_novo\/index.php?rest_route=\/wp\/v2\/pages\/27340\/revisions\/27342"}],"wp:attachment":[{"href":"https:\/\/san.uri.br\/sites\/site_novo\/index.php?rest_route=%2Fwp%2Fv2%2Fmedia&parent=27340"}],"curies":[{"name":"wp","href":"https:\/\/api.w.org\/{rel}","templated":true}]}}