{"id":220,"date":"2015-02-12T18:56:21","date_gmt":"2015-02-12T18:56:21","guid":{"rendered":"http:\/\/san.uri.br\/sites\/site_novo\/?page_id=220"},"modified":"2023-01-03T17:24:44","modified_gmt":"2023-01-03T20:24:44","slug":"dirigentes","status":"publish","type":"page","link":"https:\/\/san.uri.br\/sites\/site_novo\/?page_id=220","title":{"rendered":"Dirigentes"},"content":{"rendered":"\n<p>A Gest\u00e3o 2023\/2026 da URI Santo \u00c2ngelo est\u00e1 assim constitu\u00edda:<\/p>\n\n\n\n<p>Berenice Wbatuba: Diretora-Geral \u2013 bwbatuba@san.uri.br<\/p>\n\n\n\n<p>Gilberto Pacheco: Diretor Administrativo \u2013 pacheco@san.uri.br<\/p>\n\n\n\n<p>Carlos Lemos: Diretor Acad\u00eamico \u2013 clemos@san.uri.br<\/p>\n\n\n\n<p><br \/><strong>Escola da URI:<\/strong><\/p>\n\n\n\n<p>Cristiano Weber: Diretor da Escola da URI \u2013 cristiano@san.uri.br<\/p>\n\n\n\n<p>Eli\u00e9ser Lourega Pletche: Vice-Diretor da Escola da URI. \u2013 elieser@uri.san.br<\/p>\n\n\n\n<p>Coordenadora e Supervisora Pedag\u00f3gica: Candida Aparecida Machado \u2013 candida@san.uri.br<\/p>\n\n\n\n<p><br \/><strong>Coordenadores de Curso:<\/strong><\/p>\n\n\n\n<p>Administra\u00e7\u00e3o\/Ci\u00eancias Cont\u00e1beis \u2013 Bernardo Both \u2013 bboth@san.uri.br<\/p>\n\n\n\n<p>Agronomia \u2013 Gilselda Aparecida Ghisleni \u2013 giselda@san.uri.br<\/p>\n\n\n\n<p>Arquitetura e Urbanismo \u2013 Roberta Mulazzani Doleys Soares \u2013 robertadoleys@san.uri.br<\/p>\n\n\n\n<p>Biomedicina\/Farm\u00e1cia \u2013 Tiago Bittencourt de Oliveira \u2013 tiagob@san.uri.br<\/p>\n\n\n\n<p>Ci\u00eancia da Computa\u00e7\u00e3o \u2013 Alessandro Freitas de Oliveira \u2013 aless@san.uri.br<\/p>\n\n\n\n<p>Direito \u2013 Janete Rosa Martins \u2013 janete@san.uri.br<\/p>\n\n\n\n<p>Educa\u00e7\u00e3o F\u00edsica \u2013 Cinara Valency En\u00e9as Murmann \u2013 cinara@san.uri.br<\/p>\n\n\n\n<p>Enfermagem \u2013 Francisco Carlos Pinto Rodrigues \u2013 francisco@san.uri.br<\/p>\n\n\n\n<p>Engenharia Civil \u2013 Gustavo Martins Cantarelli \u2013 gcantarelli@san.uri.br<\/p>\n\n\n\n<p>Medicina Veterin\u00e1ria \u2013 Carlos Henrique de Mello Wilges \u2013 cwilges@san.uri.br<\/p>\n\n\n\n<p>Psicologia \u2013 Giana Bernardi Brum Vendrusculo \u2013 giana@san.uri.br<\/p>\n","protected":false},"excerpt":{"rendered":"<p>A Gest\u00e3o 2023\/2026 da URI Santo \u00c2ngelo est\u00e1 assim constitu\u00edda: Berenice Wbatuba: Diretora-Geral \u2013 bwbatuba@san.uri.br Gilberto Pacheco: Diretor Administrativo \u2013 pacheco@san.uri.br Carlos Lemos: Diretor Acad\u00eamico \u2013 clemos@san.uri.br Escola da URI: Cristiano Weber: Diretor da Escola da URI \u2013 cristiano@san.uri.br Eli\u00e9ser Lourega Pletche: Vice-Diretor da Escola da URI. \u2013 elieser@uri.san.br Coordenadora e Supervisora Pedag\u00f3gica: Candida Aparecida [&hellip;]<\/p>\n","protected":false},"author":1,"featured_media":0,"parent":0,"menu_order":0,"comment_status":"closed","ping_status":"closed","template":"page_institucional_interna.php","meta":[],"_links":{"self":[{"href":"https:\/\/san.uri.br\/sites\/site_novo\/index.php?rest_route=\/wp\/v2\/pages\/220"}],"collection":[{"href":"https:\/\/san.uri.br\/sites\/site_novo\/index.php?rest_route=\/wp\/v2\/pages"}],"about":[{"href":"https:\/\/san.uri.br\/sites\/site_novo\/index.php?rest_route=\/wp\/v2\/types\/page"}],"author":[{"embeddable":true,"href":"https:\/\/san.uri.br\/sites\/site_novo\/index.php?rest_route=\/wp\/v2\/users\/1"}],"replies":[{"embeddable":true,"href":"https:\/\/san.uri.br\/sites\/site_novo\/index.php?rest_route=%2Fwp%2Fv2%2Fcomments&post=220"}],"version-history":[{"count":7,"href":"https:\/\/san.uri.br\/sites\/site_novo\/index.php?rest_route=\/wp\/v2\/pages\/220\/revisions"}],"predecessor-version":[{"id":31310,"href":"https:\/\/san.uri.br\/sites\/site_novo\/index.php?rest_route=\/wp\/v2\/pages\/220\/revisions\/31310"}],"wp:attachment":[{"href":"https:\/\/san.uri.br\/sites\/site_novo\/index.php?rest_route=%2Fwp%2Fv2%2Fmedia&parent=220"}],"curies":[{"name":"wp","href":"https:\/\/api.w.org\/{rel}","templated":true}]}}

<p>A Gestão 2023/2026 da URI Santo Ângelo está assim constituída:</p>



<p>Berenice Wbatuba: Diretora-Geral – bwbatuba@san.uri.br</p>



<p>Gilberto Pacheco: Diretor Administrativo – pacheco@san.uri.br</p>



<p>Carlos Lemos: Diretor Acadêmico – clemos@san.uri.br</p>



<p><br /><strong>Escola da URI:</strong></p>



<p>Cristiano Weber: Diretor da Escola da URI – cristiano@san.uri.br</p>



<p>Eliéser Lourega Pletche: Vice-Diretor da Escola da URI. – elieser@uri.san.br</p>



<p>Coordenadora e Supervisora Pedagógica: Candida Aparecida Machado – candida@san.uri.br</p>



<p><br /><strong>Coordenadores de Curso:</strong></p>



<p>Administração/Ciências Contábeis – Bernardo Both – bboth@san.uri.br</p>



<p>Agronomia – Gilselda Aparecida Ghisleni – giselda@san.uri.br</p>



<p>Arquitetura e Urbanismo – Roberta Mulazzani Doleys Soares – robertadoleys@san.uri.br</p>



<p>Biomedicina/Farmácia – Tiago Bittencourt de Oliveira – tiagob@san.uri.br</p>



<p>Ciência da Computação – Alessandro Freitas de Oliveira – aless@san.uri.br</p>



<p>Direito – Janete Rosa Martins – janete@san.uri.br</p>



<p>Educação Física – Cinara Valency Enéas Murmann – cinara@san.uri.br</p>



<p>Enfermagem – Francisco Carlos Pinto Rodrigues – francisco@san.uri.br</p>



<p>Engenharia Civil – Gustavo Martins Cantarelli – gcantarelli@san.uri.br</p>



<p>Medicina Veterinária – Carlos Henrique de Mello Wilges – cwilges@san.uri.br</p>



<p>Psicologia – Giana Bernardi Brum Vendrusculo – giana@san.uri.br</p>

<p>A Gestão 2023/2026 da URI Santo Ângelo está assim constituída: Berenice Wbatuba: Diretora-Geral – bwbatuba@san.uri.br Gilberto Pacheco: Diretor Administrativo – pacheco@san.uri.br Carlos Lemos: Diretor Acadêmico – clemos@san.uri.br Escola da URI: Cristiano Weber: Diretor da Escola da URI – cristiano@san.uri.br Eliéser Lourega Pletche: Vice-Diretor da Escola da URI. – elieser@uri.san.br Coordenadora e Supervisora Pedagógica: Candida Aparecida [&hellip;]</p>
