{"id":217,"date":"2015-02-12T18:56:08","date_gmt":"2015-02-12T18:56:08","guid":{"rendered":"http:\/\/san.uri.br\/sites\/site_novo\/?page_id=217"},"modified":"2024-11-19T16:57:06","modified_gmt":"2024-11-19T19:57:06","slug":"mantenedora-2","status":"publish","type":"page","link":"https:\/\/san.uri.br\/sites\/site_novo\/?page_id=217","title":{"rendered":"Mantenedora"},"content":{"rendered":"<p>Criada em 1968, a FuRI \u2013 Funda\u00e7\u00e3o Regional Integrada, \u00e9 a mantenedora da URI. Entidade filantr\u00f3pica, de natureza comunit\u00e1ria, a Funda\u00e7\u00e3o n\u00e3o tem fins lucrativos, e foi criada com o fim especial de manter a Universidade Integrada do Alto Uruguai e das Miss\u00f5es.<\/p>\n<p>A presid\u00eancia, auxiliada pela assessoria da Funda\u00e7\u00e3o, participa e preside diversas reuni\u00f5es junto aos conselhos Diretor e Curador, Procuradoria das Funda\u00e7\u00f5es, entre outros \u00f3rg\u00e3os. A FuRI realiza o acompanhamento das atividades desenvolvidas pela Universidade e Escola, nas seis unidades da URI.<\/p>\n\n\n<p>Site da FuRI &#8211; <a href=\"https:\/\/san.uri.br\/furi\/\">Clique Aqui <\/a><\/p>\n","protected":false},"excerpt":{"rendered":"<p>Criada em 1968, a FuRI \u2013 Funda\u00e7\u00e3o Regional Integrada, \u00e9 a mantenedora da URI. Entidade filantr\u00f3pica, de natureza comunit\u00e1ria, a Funda\u00e7\u00e3o n\u00e3o tem fins lucrativos, e foi criada com o fim especial de manter a Universidade Integrada do Alto Uruguai e das Miss\u00f5es. A presid\u00eancia, auxiliada pela assessoria da Funda\u00e7\u00e3o, participa e preside diversas reuni\u00f5es [&hellip;]<\/p>\n","protected":false},"author":1,"featured_media":0,"parent":0,"menu_order":0,"comment_status":"closed","ping_status":"closed","template":"page_institucional_interna.php","meta":[],"_links":{"self":[{"href":"https:\/\/san.uri.br\/sites\/site_novo\/index.php?rest_route=\/wp\/v2\/pages\/217"}],"collection":[{"href":"https:\/\/san.uri.br\/sites\/site_novo\/index.php?rest_route=\/wp\/v2\/pages"}],"about":[{"href":"https:\/\/san.uri.br\/sites\/site_novo\/index.php?rest_route=\/wp\/v2\/types\/page"}],"author":[{"embeddable":true,"href":"https:\/\/san.uri.br\/sites\/site_novo\/index.php?rest_route=\/wp\/v2\/users\/1"}],"replies":[{"embeddable":true,"href":"https:\/\/san.uri.br\/sites\/site_novo\/index.php?rest_route=%2Fwp%2Fv2%2Fcomments&post=217"}],"version-history":[{"count":4,"href":"https:\/\/san.uri.br\/sites\/site_novo\/index.php?rest_route=\/wp\/v2\/pages\/217\/revisions"}],"predecessor-version":[{"id":34524,"href":"https:\/\/san.uri.br\/sites\/site_novo\/index.php?rest_route=\/wp\/v2\/pages\/217\/revisions\/34524"}],"wp:attachment":[{"href":"https:\/\/san.uri.br\/sites\/site_novo\/index.php?rest_route=%2Fwp%2Fv2%2Fmedia&parent=217"}],"curies":[{"name":"wp","href":"https:\/\/api.w.org\/{rel}","templated":true}]}}