{"id":208,"date":"2015-02-12T11:53:30","date_gmt":"2015-02-12T11:53:30","guid":{"rendered":"http:\/\/san.uri.br\/sites\/site_novo\/?page_id=208"},"modified":"2017-08-29T16:50:59","modified_gmt":"2017-08-29T19:50:59","slug":"sobre","status":"publish","type":"page","link":"https:\/\/san.uri.br\/sites\/site_novo\/?page_id=208","title":{"rendered":"A URI"},"content":{"rendered":"<p>Com ampla estrutura e atua\u00e7\u00e3o na regi\u00e3o, a URI \u2013 Universidade Regional Integrada do Alto Uruguai e das Miss\u00f5es, destaca-se pelo diferencial de atua\u00e7\u00e3o na comunidade. Com mais de 13 mil alunos, nos quatro c\u00e2mpus e duas extens\u00f5es, a Universidade \u00e9 comunit\u00e1ria, com comprometimento com o desenvolvimento da regi\u00e3o onde atua.<\/p>\n<p>A URI tem suas a\u00e7\u00f5es voltadas para a \u00e9tica e a qualidade, prezando pela inova\u00e7\u00e3o e sustentabilidade. Por meio da pesquisa e extens\u00e3o, s\u00e3o desenvolvidos projetos inovadores, relacionados com a comunidade onde a Universidade est\u00e1 inserida.<\/p>\n<p>No c\u00e2mpus de Santo \u00c2ngelo, a URI possui 22 cursos de gradua\u00e7\u00e3o, tr\u00eas mestrados, um doutorado e Escola de Educa\u00e7\u00e3o B\u00e1sica. A unidade recebe estudantes de mais de 70 munic\u00edpios da regi\u00e3o, num total de quatro mil alunos no ensino b\u00e1sico, profissional, superior e p\u00f3s-gradua\u00e7\u00e3o.\u00a0 A estrutura inclui mais de 124 laborat\u00f3rios, biblioteca com 144 mil exemplares.\u00a0 S\u00e3o mais de 400 profissionais atuando no c\u00e2mpus, e 90% do corpo docente formado por mestres e doutores.<\/p>\n<p>Entre as atividades, projetos e laborat\u00f3rios, destacam-se o N\u00facleo de Pr\u00e1ticas Jur\u00eddicas, projeto Viva a Vida, Farm\u00e1cia-escola, PET-Sa\u00fade, Cl\u00ednica de Psicologia.<\/p>\n<p>O desenvolvimento regional e a inova\u00e7\u00e3o caracterizam-se como foco da Institui\u00e7\u00e3o na pr\u00e1tica. Nesse sentido, merecem destaque projetos como a Incubadora de Empresas de Base Tecnol\u00f3gica \u2013 Urinova; o TecnoURI Miss\u00f5es- Parque Cient\u00edfico e Tecnol\u00f3gico da Regi\u00e3o das Miss\u00f5es; o Polo de Moderniza\u00e7\u00e3o Tecnol\u00f3gica das Miss\u00f5es; o N\u00facleo de Inova\u00e7\u00e3o e Transfer\u00eancia Tecnol\u00f3gica da URI Santo \u00c2ngelo.<\/p>\n<p>&nbsp;<\/p>\n<p><b>\u00a0\u00a0\u00a0\u00a0\u00a0\u00a0 Miss\u00e3o<\/b><\/p>\n<p>Formar pessoal \u00e9tico e competente, inserido na comunidade regional, capaz de construir o conhecimento, promover a cultura, o interc\u00e2mbio, a fim de desenvolver a consci\u00eancia coletiva na busca cont\u00ednua da valoriza\u00e7\u00e3o e solidariedade humanas.<\/p>\n<p>&nbsp;<\/p>\n<p><b>\u00a0\u00a0\u00a0\u00a0\u00a0\u00a0 Valores<\/b><\/p>\n<p>&#8211; A\u00e7\u00e3o Solid\u00e1ria<\/p>\n<p>&#8211; Coopera\u00e7\u00e3o e Integra\u00e7\u00e3o<\/p>\n<p>&#8211; Garantia dos direitos humanos e diversidade cultural<\/p>\n<p>&#8211; Sustentabilidade integrada com a conserva\u00e7\u00e3o da Biodiversidade<\/p>\n","protected":false},"excerpt":{"rendered":"<p>Com ampla estrutura e atua\u00e7\u00e3o na regi\u00e3o, a URI \u2013 Universidade Regional Integrada do Alto Uruguai e das Miss\u00f5es, destaca-se pelo diferencial de atua\u00e7\u00e3o na comunidade. Com mais de 13 mil alunos, nos quatro c\u00e2mpus e duas extens\u00f5es, a Universidade \u00e9 comunit\u00e1ria, com comprometimento com o desenvolvimento da regi\u00e3o onde atua. A URI tem suas [&hellip;]<\/p>\n","protected":false},"author":1,"featured_media":0,"parent":0,"menu_order":0,"comment_status":"closed","ping_status":"closed","template":"page _institucional.php","meta":[],"_links":{"self":[{"href":"https:\/\/san.uri.br\/sites\/site_novo\/index.php?rest_route=\/wp\/v2\/pages\/208"}],"collection":[{"href":"https:\/\/san.uri.br\/sites\/site_novo\/index.php?rest_route=\/wp\/v2\/pages"}],"about":[{"href":"https:\/\/san.uri.br\/sites\/site_novo\/index.php?rest_route=\/wp\/v2\/types\/page"}],"author":[{"embeddable":true,"href":"https:\/\/san.uri.br\/sites\/site_novo\/index.php?rest_route=\/wp\/v2\/users\/1"}],"replies":[{"embeddable":true,"href":"https:\/\/san.uri.br\/sites\/site_novo\/index.php?rest_route=%2Fwp%2Fv2%2Fcomments&post=208"}],"version-history":[{"count":5,"href":"https:\/\/san.uri.br\/sites\/site_novo\/index.php?rest_route=\/wp\/v2\/pages\/208\/revisions"}],"predecessor-version":[{"id":13797,"href":"https:\/\/san.uri.br\/sites\/site_novo\/index.php?rest_route=\/wp\/v2\/pages\/208\/revisions\/13797"}],"wp:attachment":[{"href":"https:\/\/san.uri.br\/sites\/site_novo\/index.php?rest_route=%2Fwp%2Fv2%2Fmedia&parent=208"}],"curies":[{"name":"wp","href":"https:\/\/api.w.org\/{rel}","templated":true}]}}