{"id":20757,"date":"2019-06-24T14:19:50","date_gmt":"2019-06-24T17:19:50","guid":{"rendered":"http:\/\/san.uri.br\/sites\/site_novo\/?page_id=20757"},"modified":"2026-02-03T18:21:36","modified_gmt":"2026-02-03T21:21:36","slug":"nae","status":"publish","type":"page","link":"https:\/\/san.uri.br\/sites\/site_novo\/?page_id=20757","title":{"rendered":"NAE \u2013 N\u00daCLEO DE ATENDIMENTO ESPECIALIZADO"},"content":{"rendered":"\n<div class=\"wp-block-columns\">\n<div class=\"wp-block-column\" style=\"flex-basis:66.66%\">\n<p>O N\u00facleo de Atendimento Especializado (NAE) tem por finalidade realizar o acolhimento dos alunos da institui\u00e7\u00e3o. Disponibiliza atendimento pedag\u00f3gico, psicopedag\u00f3gico e psicol\u00f3gico como suporte \u00e0 vida acad\u00eamica dos estudantes que desejam e\/ou necessitam deste tipo de atendimento.<\/p>\n\n\n\n<p>Atua no processo de desist\u00eancia definitiva e trancamento de matr\u00edculas buscando auxiliar o estudante a refletir sobre suas escolhas profissionais (orienta\u00e7\u00e3o vocacional). Ainda, realiza interven\u00e7\u00e3o junto aos alunos com reprova\u00e7\u00f5es sucessivas, com o intuito de identificar e buscar estrat\u00e9gias para a resolu\u00e7\u00e3o de problemas.<\/p>\n\n\n\n<p>Os atendimentos s\u00e3o realizados com hor\u00e1rio marcado.<\/p>\n<\/div>\n\n\n\n<div class=\"wp-block-column\" style=\"flex-basis:33.33%\">\n<p class=\"has-text-color has-background\" style=\"background-color:#f5f7f8;color:#00537b\"><strong>CONTATO:<\/strong><br \/><mark style=\"background-color:rgba(0, 0, 0, 0)\" class=\"has-inline-color has-black-color\"><strong>E-mail:<\/strong> atendimentoespecializado@san.uri.br<br \/><strong>Telefone:<\/strong> (55) 3201-6280(WhatsApp)<\/mark><\/p>\n\n\n\n<p class=\"has-text-align-center\"><strong><span style=\"color:#00537b\" class=\"has-inline-color\">Hor\u00e1rio de funcionamento:<\/span><\/strong><br \/>Segunda \u00e0 sexta-feira, <br \/>13h30min \u00e0s 17h30 \u2013 18h30 \u00e0s 22h.<\/p>\n<\/div>\n<\/div>\n\n\n\n<p class=\"has-black-color has-text-color has-background\" style=\"background-color:#f5f7f8\"><strong><mark style=\"background-color:rgba(0, 0, 0, 0);color:#00537b\" class=\"has-inline-color\">PROFISSIONAIS<\/mark><\/strong><br \/><br \/>Kamila Perim \u2013 Psic\u00f3loga e Psicopedagoga<br \/><br \/>D\u00e9bora Escobar \u2013 Pedagoga \/ Atendimento Educacional Especializado<br \/><br \/>Rossana Prestes \u2013 Int\u00e9rprete de LIBRAS<br \/><br \/>Liane Schafer \u2013 T\u00e9cnico Administrativo<\/p>\n\n\n\n<br \/><br \/>\n\n\n\n<p class=\"has-text-align-center has-large-font-size\"><strong>N\u00facleo de Acessibilidade<\/strong><\/p>\n\n\n\n<br \/><br \/>\n\n\n\n<div class=\"wp-block-columns\">\n<div class=\"wp-block-column\" style=\"flex-basis:66.66%\">\n<p>O N\u00facleo de Acessibilidade, em sua dimens\u00e3o t\u00e9cnica e pedag\u00f3gica, objetiva minimizar as barreiras arquitet\u00f4nicas, comunicacionais, atitudinais e tecnol\u00f3gicas, promovendo adequa\u00e7\u00f5es, modifica\u00e7\u00f5es e ajustes necess\u00e1rios para garantir que todos participem da vida acad\u00eamica com igualdade de condi\u00e7\u00f5es.<\/p>\n\n\n\n<p>O N\u00facleo \u00e9 estruturado por profissionais e colaboradores comprometidos no planejamento e nas a\u00e7\u00f5es referentes \u00e0 inclus\u00e3o e acessibilidade na URI Campus Santo \u00c2ngelo, mediante a formaliza\u00e7\u00e3o de nomea\u00e7\u00e3o por portaria emitida pela reitoria da Universidade.<\/p>\n\n\n\n<p>Al\u00e9m dos profissionais atuantes no NAE, participam do N\u00facleo de Acessibilidade outros colaboradores da URI que contribuem com a cria\u00e7\u00e3o de estrat\u00e9gias e recursos.<\/p>\n\n\n\n<p><mark style=\"background-color:rgba(0, 0, 0, 0);color:#00537b\" class=\"has-inline-color\"><strong>V\u00cdDEOS<\/strong><\/mark><\/p>\n\n\n\n<div class=\"wp-block-columns\">\n<div class=\"wp-block-column\">\n<figure class=\"wp-block-embed is-type-video is-provider-youtube wp-block-embed-youtube wp-embed-aspect-16-9 wp-has-aspect-ratio\"><div class=\"wp-block-embed__wrapper\">\n<iframe loading=\"lazy\" title=\"N\u00facleo de Acessibilidade\" width=\"500\" height=\"281\" src=\"https:\/\/www.youtube.com\/embed\/ezbsgU-DyRI?feature=oembed\" frameborder=\"0\" allow=\"accelerometer; autoplay; clipboard-write; encrypted-media; gyroscope; picture-in-picture; web-share\" referrerpolicy=\"strict-origin-when-cross-origin\" allowfullscreen><\/iframe>\n<\/div><figcaption>V\u00eddeo do N\u00facleo de Acessibilidade<\/figcaption><\/figure>\n<\/div>\n\n\n\n<div class=\"wp-block-column\">\n<figure class=\"wp-block-embed is-type-video is-provider-youtube wp-block-embed-youtube wp-embed-aspect-16-9 wp-has-aspect-ratio\"><div class=\"wp-block-embed__wrapper\">\n<iframe loading=\"lazy\" title=\"Estudante Francieli Portella\" width=\"500\" height=\"281\" src=\"https:\/\/www.youtube.com\/embed\/2JrIGhTGmUY?feature=oembed\" frameborder=\"0\" allow=\"accelerometer; autoplay; clipboard-write; encrypted-media; gyroscope; picture-in-picture; web-share\" referrerpolicy=\"strict-origin-when-cross-origin\" allowfullscreen><\/iframe>\n<\/div><figcaption>V\u00eddeo da estudante Francieli Portela<\/figcaption><\/figure>\n<\/div>\n<\/div>\n<\/div>\n\n\n\n<div class=\"wp-block-column\" style=\"flex-basis:33.33%\">\n<p><mark style=\"background-color:rgba(0, 0, 0, 0);color:#00537b\" class=\"has-inline-color\"><strong>LINKS<\/strong><\/mark><\/p>\n\n\n\n<a target=\"_blank\" href=\"\" rel=\"noopener\"><i style=\"color: #327397;\" class=\"pr-3 fa fa-arrow-right\"><\/i>RESOLU\u00c7\u00c3O N\u00ba 2287\/CUN\/2017 que disp\u00f5e o Programa Disp\u00f5e sobre Programa Institucional de Inclus\u00e3o e Acessibilidade da URI.<\/a>    \n<br \/><br \/><br \/>\n <a target=\"_blank\" href=\"\" rel=\"noopener\"><i style=\"color: #327397;\" class=\"pr-3 fa fa-arrow-right\"><\/i>Lei Brasileira de Inclus\u00e3o \u2013 Lei 13.146\/2015<\/a>\n<br \/><br \/>\n\n\n\n<div class=\"wp-block-columns has-background\" style=\"background-color:#f5f7f8\">\n<div class=\"wp-block-column\" style=\"flex-basis:100%\">\n<p><mark style=\"background-color:rgba(0, 0, 0, 0);color:#00537b\" class=\"has-inline-color\"><strong>PROFISSIONAIS<\/strong><\/mark><\/p>\n\n\n\n<ul><li>Kamila Perim<\/li><li>D\u00e9bora Escobar<\/li><li>Rossana Prestes<\/li><li>Liane Schafer<\/li><li>Cideli Biolosor<\/li><li>Marcos Costa<\/li><li>Grace Kelly Scremin<\/li><li>Thais Faccim de Brum<\/li><li>Iuri Castro Figueir\u00f3<\/li><\/ul>\n<\/div>\n<\/div>\n\n\n\n<p><strong><mark style=\"background-color:rgba(0, 0, 0, 0);color:#00537b\" class=\"has-inline-color\">CONTATO:<\/mark><\/strong><br \/>E-mail: acessibilidade@san.uri.br<br \/>Telefone: (55) 3201-6280(WhatsApp)<\/p>\n<\/div>\n<\/div>\n","protected":false},"excerpt":{"rendered":"<p>O N\u00facleo de Atendimento Especializado (NAE) tem por finalidade realizar o acolhimento dos alunos da institui\u00e7\u00e3o. Disponibiliza atendimento pedag\u00f3gico, psicopedag\u00f3gico e psicol\u00f3gico como suporte \u00e0 vida acad\u00eamica dos estudantes que desejam e\/ou necessitam deste tipo de atendimento. Atua no processo de desist\u00eancia definitiva e trancamento de matr\u00edculas buscando auxiliar o estudante a refletir sobre suas [&hellip;]<\/p>\n","protected":false},"author":1,"featured_media":0,"parent":0,"menu_order":0,"comment_status":"closed","ping_status":"closed","template":"","meta":[],"_links":{"self":[{"href":"https:\/\/san.uri.br\/sites\/site_novo\/index.php?rest_route=\/wp\/v2\/pages\/20757"}],"collection":[{"href":"https:\/\/san.uri.br\/sites\/site_novo\/index.php?rest_route=\/wp\/v2\/pages"}],"about":[{"href":"https:\/\/san.uri.br\/sites\/site_novo\/index.php?rest_route=\/wp\/v2\/types\/page"}],"author":[{"embeddable":true,"href":"https:\/\/san.uri.br\/sites\/site_novo\/index.php?rest_route=\/wp\/v2\/users\/1"}],"replies":[{"embeddable":true,"href":"https:\/\/san.uri.br\/sites\/site_novo\/index.php?rest_route=%2Fwp%2Fv2%2Fcomments&post=20757"}],"version-history":[{"count":8,"href":"https:\/\/san.uri.br\/sites\/site_novo\/index.php?rest_route=\/wp\/v2\/pages\/20757\/revisions"}],"predecessor-version":[{"id":32442,"href":"https:\/\/san.uri.br\/sites\/site_novo\/index.php?rest_route=\/wp\/v2\/pages\/20757\/revisions\/32442"}],"wp:attachment":[{"href":"https:\/\/san.uri.br\/sites\/site_novo\/index.php?rest_route=%2Fwp%2Fv2%2Fmedia&parent=20757"}],"curies":[{"name":"wp","href":"https:\/\/api.w.org\/{rel}","templated":true}]}}