{"id":19172,"date":"2018-12-10T14:12:52","date_gmt":"2018-12-10T16:12:52","guid":{"rendered":"http:\/\/san.uri.br\/sites\/site_novo\/?page_id=19172"},"modified":"2026-03-02T16:46:10","modified_gmt":"2026-03-02T19:46:10","slug":"form-mudanca-curso","status":"publish","type":"page","link":"https:\/\/san.uri.br\/sites\/site_novo\/?page_id=19172","title":{"rendered":"Formul\u00e1rio Mudan\u00e7a de Curso"},"content":{"rendered":"<p>n\u00e3o editar<\/p>\n\n\n<p><\/p>\n","protected":false},"excerpt":{"rendered":"<p>n\u00e3o editar<\/p>\n","protected":false},"author":101017,"featured_media":0,"parent":0,"menu_order":0,"comment_status":"closed","ping_status":"closed","template":"","meta":[],"_links":{"self":[{"href":"https:\/\/san.uri.br\/sites\/site_novo\/index.php?rest_route=\/wp\/v2\/pages\/19172"}],"collection":[{"href":"https:\/\/san.uri.br\/sites\/site_novo\/index.php?rest_route=\/wp\/v2\/pages"}],"about":[{"href":"https:\/\/san.uri.br\/sites\/site_novo\/index.php?rest_route=\/wp\/v2\/types\/page"}],"author":[{"embeddable":true,"href":"https:\/\/san.uri.br\/sites\/site_novo\/index.php?rest_route=\/wp\/v2\/users\/101017"}],"replies":[{"embeddable":true,"href":"https:\/\/san.uri.br\/sites\/site_novo\/index.php?rest_route=%2Fwp%2Fv2%2Fcomments&post=19172"}],"version-history":[{"count":25,"href":"https:\/\/san.uri.br\/sites\/site_novo\/index.php?rest_route=\/wp\/v2\/pages\/19172\/revisions"}],"predecessor-version":[{"id":36406,"href":"https:\/\/san.uri.br\/sites\/site_novo\/index.php?rest_route=\/wp\/v2\/pages\/19172\/revisions\/36406"}],"wp:attachment":[{"href":"https:\/\/san.uri.br\/sites\/site_novo\/index.php?rest_route=%2Fwp%2Fv2%2Fmedia&parent=19172"}],"curies":[{"name":"wp","href":"https:\/\/api.w.org\/{rel}","templated":true}]}}