{"id":41,"date":"2017-06-09T21:47:11","date_gmt":"2017-06-10T00:47:11","guid":{"rendered":"https:\/\/san.uri.br\/sites\/corede\/?page_id=21"},"modified":"2017-06-09T21:47:11","modified_gmt":"2017-06-10T00:47:11","slug":"corede-missoes-2","status":"publish","type":"page","link":"https:\/\/san.uri.br\/sites\/corede\/index.php\/corede-missoes-2\/","title":{"rendered":"Corede Miss\u00f5es"},"content":{"rendered":"<div class=\"entry-content\">\n<dl>\n<dt><strong>Popula\u00e7\u00e3o Total (2015)<\/strong><\/dt>\n<dd>251.076 habitantes<\/dd>\n<dt><strong>\u00c1rea (2015)<\/strong><\/dt>\n<dd>12.855,5 km\u00b2<\/dd>\n<dt><strong>Densidade Demogr\u00e1fica (2013)<\/strong><\/dt>\n<dd>19,1 hab\/km\u00b2<\/dd>\n<dt><strong>Taxa de analfabetismo de pessoas com 15 anos ou mais (2010)<\/strong><\/dt>\n<dd>6,45 %<\/dd>\n<dt><strong>Expectativa de Vida ao Nascer (2000)<\/strong><\/dt>\n<dd>72,08 anos<\/dd>\n<dt><strong>Coeficiente de Mortalidade Infantil (2014)<\/strong><\/dt>\n<dd>11,09 por mil nascidos vivos<\/dd>\n<dt><strong>Exporta\u00e7\u00f5es Totais (2014)<\/strong><\/dt>\n<dd>U$ FOB 98.834.026<\/dd>\n<dd><img decoding=\"async\" loading=\"lazy\" class=\"wp-image-22 alignnone\" src=\"https:\/\/san.uri.br\/sites\/corede\/wp-content\/uploads\/2017\/06\/Coredes-1024x724.png\" width=\"578\" height=\"400\" \/><\/dd>\n<\/dl>\n<\/div>\n","protected":false},"excerpt":{"rendered":"<p>Popula\u00e7\u00e3o Total (2015) 251.076 habitantes \u00c1rea (2015) 12.855,5 km\u00b2 Densidade Demogr\u00e1fica (2013) 19,1 hab\/km\u00b2 Taxa de analfabetismo de pessoas com 15 anos ou mais (2010) 6,45 % Expectativa de Vida ao Nascer (2000) 72,08 anos Coeficiente de Mortalidade Infantil (2014) 11,09 por mil nascidos vivos Exporta\u00e7\u00f5es Totais (2014) U$ FOB 98.834.026<\/p>\n","protected":false},"author":1,"featured_media":0,"parent":0,"menu_order":0,"comment_status":"closed","ping_status":"closed","template":"","meta":[],"_links":{"self":[{"href":"https:\/\/san.uri.br\/sites\/corede\/index.php\/wp-json\/wp\/v2\/pages\/41"}],"collection":[{"href":"https:\/\/san.uri.br\/sites\/corede\/index.php\/wp-json\/wp\/v2\/pages"}],"about":[{"href":"https:\/\/san.uri.br\/sites\/corede\/index.php\/wp-json\/wp\/v2\/types\/page"}],"author":[{"embeddable":true,"href":"https:\/\/san.uri.br\/sites\/corede\/index.php\/wp-json\/wp\/v2\/users\/1"}],"replies":[{"embeddable":true,"href":"https:\/\/san.uri.br\/sites\/corede\/index.php\/wp-json\/wp\/v2\/comments?post=41"}],"version-history":[{"count":0,"href":"https:\/\/san.uri.br\/sites\/corede\/index.php\/wp-json\/wp\/v2\/pages\/41\/revisions"}],"wp:attachment":[{"href":"https:\/\/san.uri.br\/sites\/corede\/index.php\/wp-json\/wp\/v2\/media?parent=41"}],"curies":[{"name":"wp","href":"https:\/\/api.w.org\/{rel}","templated":true}]}}

Corede Missões

<div class="entry-content">
<dl>
<dt><strong>População Total (2015)</strong></dt>
<dd>251.076 habitantes</dd>
<dt><strong>Área (2015)</strong></dt>
<dd>12.855,5 km²</dd>
<dt><strong>Densidade Demográfica (2013)</strong></dt>
<dd>19,1 hab/km²</dd>
<dt><strong>Taxa de analfabetismo de pessoas com 15 anos ou mais (2010)</strong></dt>
<dd>6,45 %</dd>
<dt><strong>Expectativa de Vida ao Nascer (2000)</strong></dt>
<dd>72,08 anos</dd>
<dt><strong>Coeficiente de Mortalidade Infantil (2014)</strong></dt>
<dd>11,09 por mil nascidos vivos</dd>
<dt><strong>Exportações Totais (2014)</strong></dt>
<dd>U$ FOB 98.834.026</dd>
<dd><img decoding="async" loading="lazy" class="wp-image-22 alignnone" src="https://san.uri.br/sites/corede/wp-content/uploads/2017/06/Coredes-1024x724.png" width="578" height="400" /></dd>
</dl>
</div>

<p>População Total (2015) 251.076 habitantes Área (2015) 12.855,5 km² Densidade Demográfica (2013) 19,1 hab/km² Taxa de analfabetismo de pessoas com 15 anos ou mais (2010) 6,45 % Expectativa de Vida ao Nascer (2000) 72,08 anos Coeficiente de Mortalidade Infantil (2014) 11,09 por mil nascidos vivos Exportações Totais (2014) U$ FOB 98.834.026</p>
