{"id":37,"date":"2017-06-05T15:54:13","date_gmt":"2017-06-05T18:54:13","guid":{"rendered":"https:\/\/san.uri.br\/sites\/corede\/?page_id=9"},"modified":"2017-06-05T15:54:13","modified_gmt":"2017-06-05T18:54:13","slug":"corede-missoes","status":"publish","type":"page","link":"https:\/\/san.uri.br\/sites\/corede\/index.php\/corede-missoes\/","title":{"rendered":"COREDE Miss\u00f5es"},"content":{"rendered":"<p>O COREDE Miss\u00f5es foi criado buscando a\u00a0promo\u00e7\u00e3o do desenvolvimento regional, harm\u00f4nico e sustent\u00e1vel, atrav\u00e9s da integra\u00e7\u00e3o dos recursos e das a\u00e7\u00f5es de governo e da regi\u00e3o, visando \u00e0 melhoria da qualidade de vida da popula\u00e7\u00e3o, \u00e0 distribui\u00e7\u00e3o equitativa da riqueza produzida, ao est\u00edmulo \u00e0 perman\u00eancia do homem na sua regi\u00e3o e \u00e0 preserva\u00e7\u00e3o do meio ambiente.<\/p>\n<p>Compet\u00eancias<\/p>\n<p>I \u2013 promover a participa\u00e7\u00e3o de todos os segmentos da sociedade regional no diagn\u00f3stico de suas necessidades e potencialidades e na formula\u00e7\u00e3o e implementa\u00e7\u00e3o das pol\u00edticas de desenvolvimento integrado da regi\u00e3o;<\/p>\n<p>II \u2013 elaborar e manter atualizado o plano estrat\u00e9gico da regi\u00e3o;<\/p>\n<p>III \u2013 constituir-se em inst\u00e2ncia de regionaliza\u00e7\u00e3o do or\u00e7amento do Estado, conforme estabelece o artigo n\u00famero 149, par\u00e1grafo 8\u00ba da Constitui\u00e7\u00e3o Estadual;<\/p>\n<p>IV \u2013 orientar e acompanhar, de forma sistem\u00e1tica, o desempenho das a\u00e7\u00f5es dos Governos Estadual e Federal em sua regi\u00e3o de abrang\u00eancia;<\/p>\n<p>V \u2013 respaldar as a\u00e7\u00f5es do Governo do Estado na busca de maior participa\u00e7\u00e3o nas decis\u00f5es nacionais.<\/p>\n","protected":false},"excerpt":{"rendered":"<p>O COREDE Miss\u00f5es foi criado buscando a\u00a0promo\u00e7\u00e3o do desenvolvimento regional, harm\u00f4nico e sustent\u00e1vel, atrav\u00e9s da integra\u00e7\u00e3o dos recursos e das a\u00e7\u00f5es de governo e da regi\u00e3o, visando \u00e0 melhoria da qualidade de vida da popula\u00e7\u00e3o, \u00e0 distribui\u00e7\u00e3o equitativa da riqueza produzida, ao est\u00edmulo \u00e0 perman\u00eancia do homem na sua regi\u00e3o e \u00e0 preserva\u00e7\u00e3o do meio [&hellip;]<\/p>\n","protected":false},"author":1,"featured_media":0,"parent":0,"menu_order":0,"comment_status":"closed","ping_status":"closed","template":"","meta":[],"_links":{"self":[{"href":"https:\/\/san.uri.br\/sites\/corede\/index.php\/wp-json\/wp\/v2\/pages\/37"}],"collection":[{"href":"https:\/\/san.uri.br\/sites\/corede\/index.php\/wp-json\/wp\/v2\/pages"}],"about":[{"href":"https:\/\/san.uri.br\/sites\/corede\/index.php\/wp-json\/wp\/v2\/types\/page"}],"author":[{"embeddable":true,"href":"https:\/\/san.uri.br\/sites\/corede\/index.php\/wp-json\/wp\/v2\/users\/1"}],"replies":[{"embeddable":true,"href":"https:\/\/san.uri.br\/sites\/corede\/index.php\/wp-json\/wp\/v2\/comments?post=37"}],"version-history":[{"count":0,"href":"https:\/\/san.uri.br\/sites\/corede\/index.php\/wp-json\/wp\/v2\/pages\/37\/revisions"}],"wp:attachment":[{"href":"https:\/\/san.uri.br\/sites\/corede\/index.php\/wp-json\/wp\/v2\/media?parent=37"}],"curies":[{"name":"wp","href":"https:\/\/api.w.org\/{rel}","templated":true}]}}

COREDE Missões

<p>O COREDE Missões foi criado buscando a promoção do desenvolvimento regional, harmônico e sustentável, através da integração dos recursos e das ações de governo e da região, visando à melhoria da qualidade de vida da população, à distribuição equitativa da riqueza produzida, ao estímulo à permanência do homem na sua região e à preservação do meio ambiente.</p>
<p>Competências</p>
<p>I – promover a participação de todos os segmentos da sociedade regional no diagnóstico de suas necessidades e potencialidades e na formulação e implementação das políticas de desenvolvimento integrado da região;</p>
<p>II – elaborar e manter atualizado o plano estratégico da região;</p>
<p>III – constituir-se em instância de regionalização do orçamento do Estado, conforme estabelece o artigo número 149, parágrafo 8º da Constituição Estadual;</p>
<p>IV – orientar e acompanhar, de forma sistemática, o desempenho das ações dos Governos Estadual e Federal em sua região de abrangência;</p>
<p>V – respaldar as ações do Governo do Estado na busca de maior participação nas decisões nacionais.</p>

<p>O COREDE Missões foi criado buscando a promoção do desenvolvimento regional, harmônico e sustentável, através da integração dos recursos e das ações de governo e da região, visando à melhoria da qualidade de vida da população, à distribuição equitativa da riqueza produzida, ao estímulo à permanência do homem na sua região e à preservação do meio [&hellip;]</p>
