{"id":16,"date":"2013-06-11T19:15:20","date_gmt":"2013-06-11T19:15:20","guid":{"rendered":"http:\/\/santoangelo.uri.br\/cigeco\/anais\/?page_id=16"},"modified":"2026-01-21T18:41:38","modified_gmt":"2026-01-21T18:41:38","slug":"edicoes-anteriores","status":"publish","type":"page","link":"https:\/\/san.uri.br\/sites\/anais\/cigeco\/?page_id=16","title":{"rendered":"Edi\u00e7\u00f5es Anteriores"},"content":{"rendered":"<p>Anais 2023<\/p>\n<blockquote class=\"wp-block-quote\"><p><a href=\"https:\/\/san.uri.br\/sites\/anais\/cigeco\/wp-content\/uploads\/2025\/03\/anais_cigeco2023.pdf\">Anais.V.CIGECO<\/a><\/p><\/blockquote>\n<p>Anais 2019<\/p>\n<blockquote class=\"wp-block-quote\"><p><a href=\"https:\/\/san.uri.br\/sites\/anais\/cigeco\/wp-content\/uploads\/2019\/12\/1.-IV-CIGECO-EXPEDIENTE-SUM\u00c1RIO-1.pdf\">Anais.IV.CIGECO.Sum\u00e1rio.Expediente<\/a><br \/>\n<a href=\"https:\/\/san.uri.br\/sites\/anais\/cigeco\/wp-content\/uploads\/2019\/12\/2.-CONTROLADORIA-E-PROCESSOS-DECIS\u00d3RIOS-1.pdf\">Anais.IV.CIGECO.Controladoria e Processos decis\u00f3rios<\/a><br \/>\n<a href=\"https:\/\/san.uri.br\/sites\/anais\/cigeco\/wp-content\/uploads\/2019\/12\/3.-ECONOMIA-REGIONAL.pdf\">Anais.IV.CIGECO.Economia regional<\/a><br \/>\n<a href=\"https:\/\/san.uri.br\/sites\/anais\/cigeco\/wp-content\/uploads\/2019\/12\/4.-EMPREENDEDORISMO.pdf\">Anais.IV.CIGECO.Empreendedorismo<\/a><br \/>\n<a href=\"https:\/\/san.uri.br\/sites\/anais\/cigeco\/wp-content\/uploads\/2019\/12\/5.-ESTRAT\u00c9GIA-DE-ORGANIZA\u00c7\u00d5ES.pdf\">Anais.IV.CIGECO.Estrat\u00e9gia de organiza\u00e7\u00f5es<\/a><br \/>\n<a href=\"https:\/\/san.uri.br\/sites\/anais\/cigeco\/wp-content\/uploads\/2019\/12\/6.-FINAN\u00c7AS-E-CUSTOS.pdf\">Anais.IV.CIGECO.Finan\u00e7as e Custos<\/a><br \/>\n<a href=\"https:\/\/san.uri.br\/sites\/anais\/cigeco\/wp-content\/uploads\/2019\/12\/7.-GEST\u00c3O-DA-PRODU\u00c7\u00c3O.pdf\">Anais.IV.CIGECO.Gest\u00e3o da Produ\u00e7\u00e3o<\/a><br \/>\n<a href=\"https:\/\/san.uri.br\/sites\/anais\/cigeco\/wp-content\/uploads\/2019\/12\/8.-GEST\u00c3O-DE-PESSOAS-E-RELA\u00c7\u00d5ES-DE-TRABALHO.pdf\">Anais.IV.CIGECO.Gest\u00e3o de pessoas e Rela\u00e7\u00f5es de trabalho<\/a><br \/>\n<a href=\"https:\/\/san.uri.br\/sites\/anais\/cigeco\/wp-content\/uploads\/2019\/12\/9.-GEST\u00c3O-DO-CONHECIMENTO.pdf\">Anais.IV.CIGECO.Gest\u00e3o do conhecimento<\/a><br \/>\n<a href=\"https:\/\/san.uri.br\/sites\/anais\/cigeco\/wp-content\/uploads\/2019\/12\/10.-GEST\u00c3O-P\u00daBLICA.pdf\">Anais.IV.CIGECO.Gest\u00e3o p\u00fablica<\/a><br \/>\n<a href=\"https:\/\/san.uri.br\/sites\/anais\/cigeco\/wp-content\/uploads\/2019\/12\/11.-MARKETING.pdf\">Anais.IV.CIGECO.Marketing<\/a><br \/>\n<a href=\"https:\/\/san.uri.br\/sites\/anais\/cigeco\/wp-content\/uploads\/2019\/12\/12.-RESPONSABILIDADE-SOCIOAMBIENTAL.pdf\">Anais.IV.CIGECO.Responsabilidade socioambiental<br \/>\n<\/a><a href=\"https:\/\/san.uri.br\/sites\/anais\/cigeco\/wp-content\/uploads\/2019\/12\/13.-SOCIEDADE-CIVIL.pdf\">Anais.IV.CIGECO.Sociedade Civil<br \/>\n<\/a><a href=\"https:\/\/san.uri.br\/sites\/anais\/cigeco\/wp-content\/uploads\/2019\/12\/15.-TURISMO-DE-DESENVOLVIMENTO.pdf\">Anais.IV.CIGECO.Turismo de desenvolvimento<br \/>\n<\/a><a href=\"https:\/\/san.uri.br\/sites\/anais\/cigeco\/wp-content\/uploads\/2019\/12\/14.-TECNOLOGIA-E-INOVA\u00c7\u00c3O.pdf\">Anais.IV.CIGECO.Tecnologia e Inova\u00e7\u00e3o<\/a><\/p><\/blockquote>\n<p>Anais 2017<\/p>\n<blockquote><p><a href=\"https:\/\/san.uri.br\/sites\/anais\/cigeco\/wp-content\/uploads\/2013\/06\/1.Expediente.Sumario_III_CIGECO.pdf\">Anais.III.CIGECO.Sum\u00e1rio.Expediente<\/a><br \/>\n<a href=\"https:\/\/san.uri.br\/sites\/anais\/cigeco\/wp-content\/uploads\/2017\/11\/2.ADMINISTRACAO_DA_INFORMACAO.pdf\">Anais.III.CIGECO.Administra\u00e7\u00e3o da informa\u00e7\u00e3o<\/a><br \/>\n<a href=\"https:\/\/san.uri.br\/sites\/anais\/cigeco\/wp-content\/uploads\/2017\/11\/3.ARRANJOS_INTERORGANIZACIONAIS.pdf\">Anais.III.CIGECO.Arranjos interorganizacionais<\/a><br \/>\n<a href=\"https:\/\/san.uri.br\/sites\/anais\/cigeco\/wp-content\/uploads\/2017\/11\/4.CONTROLADORIA_E_PROCESSOS_DECISORIOS.pdf\">Anais.III.CIGECO.Controladoria e Processos decis\u00f3rios<\/a><br \/>\n<a href=\"https:\/\/san.uri.br\/sites\/anais\/cigeco\/wp-content\/uploads\/2017\/11\/5.ECONOMIA_REGIONAL.pdf\">Anais.III.CIGECO.Economia regional<\/a><br \/>\n<a href=\"https:\/\/san.uri.br\/sites\/anais\/cigeco\/wp-content\/uploads\/2017\/11\/6.EMPREENDEDORISMO.pdf\">Anais.III.CIGECO.Empreendedorismo<\/a><br \/>\n<a href=\"https:\/\/san.uri.br\/sites\/anais\/cigeco\/wp-content\/uploads\/2017\/11\/7.ENERGIAS_RENOVAVEIS.pdf\">Anais.III.CIGECO.Energias renov\u00e1veis<\/a><br \/>\n<a href=\"https:\/\/san.uri.br\/sites\/anais\/cigeco\/wp-content\/uploads\/2017\/11\/8.ENSINO_E_PESQUISA_EM_ADM._E_CON..pdf\">Anais.III.CIGECO.Ensino e Pesquisa em Administra\u00e7\u00e3o e Controladoria.<\/a><br \/>\n<a href=\"https:\/\/san.uri.br\/sites\/anais\/cigeco\/wp-content\/uploads\/2017\/11\/9.ESTRATEGIA_DE_ORGANIZACOES.pdf\">Anais.III.CIGECO.Estrat\u00e9gia de organiza\u00e7\u00f5es<\/a><br \/>\n<a href=\"https:\/\/san.uri.br\/sites\/anais\/cigeco\/wp-content\/uploads\/2017\/11\/10.-FINANCAS_E_CUSTOS.pdf\">Anais.III.CIGECO.Finan\u00e7as e Custos<\/a><br \/>\n<a href=\"https:\/\/san.uri.br\/sites\/anais\/cigeco\/wp-content\/uploads\/2017\/11\/11.GESTAO_DA_PRODUCAO.pdf\">Anais.III.CIGECO.Gest\u00e3o da Produ\u00e7\u00e3o<\/a><br \/>\n<a href=\"https:\/\/san.uri.br\/sites\/anais\/cigeco\/wp-content\/uploads\/2017\/11\/12.GESTAO_DE_PESSOAS_E_RELACOES_DE_TRABALHO.pdf\">Anais.III.CIGECO.Gest\u00e3o de pessoas e Rela\u00e7\u00f5es de trabalho<\/a><br \/>\n<a href=\"https:\/\/san.uri.br\/sites\/anais\/cigeco\/wp-content\/uploads\/2017\/11\/13.GESTAO_DO_CONHECIMENTO.pdf\">Anais.III.CIGECO.Gest\u00e3o do conhecimento<\/a><br \/>\n<a href=\"https:\/\/san.uri.br\/sites\/anais\/cigeco\/wp-content\/uploads\/2017\/11\/14.GESTAO_PUBLICA.pdf\">Anais.III.CIGECO.Gest\u00e3o p\u00fablica<\/a><br \/>\n<a href=\"https:\/\/san.uri.br\/sites\/anais\/cigeco\/wp-content\/uploads\/2017\/11\/15.MARKETING.pdf\">Anais.III.CIGECO.Marketing<\/a><br \/>\n<a href=\"https:\/\/san.uri.br\/sites\/anais\/cigeco\/wp-content\/uploads\/2017\/11\/16.REDES_INTERORGANIZACIONAIS_E_CADEIAS_PRODUTIVAS.pdf\">Anais.III.CIGECO.Redes Interorganizacionais e Cadeias produtivas<\/a><br \/>\n<a href=\"https:\/\/san.uri.br\/sites\/anais\/cigeco\/wp-content\/uploads\/2017\/11\/17.RESPONSABILIDADE_SOCIOAMBIENTAL.pdf\">Anais.III.CIGECO.Responsabilidade socioambiental<\/a><br \/>\n<a href=\"https:\/\/san.uri.br\/sites\/anais\/cigeco\/wp-content\/uploads\/2017\/11\/18.TURISMO_DE_DESENVOLVIMENTO.pdf\">Anais.III.CIGECO.Turismo de desenvolvimento<\/a><\/p><\/blockquote>\n<p>Anais 2015<\/p>\n<blockquote><p><a href=\"https:\/\/san.uri.br\/sites\/anais\/cigeco\/wp-content\/uploads\/2013\/06\/Anais.II_.Sum\u00e1rio.pdf\">Anais.II.Sum\u00e1rio<br \/>\n<\/a><a href=\"https:\/\/san.uri.br\/sites\/anais\/cigeco\/wp-content\/uploads\/2013\/06\/Anais.II_.CIGECO.expediente.pdf\">Anais.II.CIGECO.expediente<br \/>\n<\/a><a href=\"https:\/\/san.uri.br\/sites\/anais\/cigeco\/wp-content\/uploads\/2013\/06\/Anais.II_.CIGECO.poster.pdf\">Anais.II.CIGECO.poster<br \/>\n<\/a><a href=\"https:\/\/san.uri.br\/sites\/anais\/cigeco\/wp-content\/uploads\/2013\/06\/Anais.II_.CIGECO.plenaria.I.pdf\">Anais.II.CIGECO.plenaria.I<br \/>\n<\/a><a href=\"https:\/\/san.uri.br\/sites\/anais\/cigeco\/wp-content\/uploads\/2013\/06\/Anais.II_.CIGECO.plenaria.II_.pdf\">Anais.II.CIGECO.plenaria.II<\/a><\/p><\/blockquote>\n<p>Anais 2013<\/p>\n<blockquote><p><a href=\"https:\/\/san.uri.br\/sites\/anais\/cigeco\/wp-content\/uploads\/2013\/06\/Sum\u00e1rio.pdf\">Sum\u00e1rio<\/a><\/p>\n<p><a href=\"https:\/\/san.uri.br\/sites\/anais\/cigeco\/wp-content\/uploads\/2013\/06\/Anais.I.CIGECO.pdf\">Arquivo<\/a><\/p><\/blockquote>\n<p>ISSN 2317-885X<\/p>\n","protected":false},"excerpt":{"rendered":"<p>Anais 2023 Anais.V.CIGECO Anais 2019 Anais.IV.CIGECO.Sum\u00e1rio.Expediente Anais.IV.CIGECO.Controladoria e Processos decis\u00f3rios Anais.IV.CIGECO.Economia regional Anais.IV.CIGECO.Empreendedorismo Anais.IV.CIGECO.Estrat\u00e9gia de organiza\u00e7\u00f5es Anais.IV.CIGECO.Finan\u00e7as e Custos Anais.IV.CIGECO.Gest\u00e3o da Produ\u00e7\u00e3o Anais.IV.CIGECO.Gest\u00e3o de pessoas e Rela\u00e7\u00f5es de trabalho Anais.IV.CIGECO.Gest\u00e3o do conhecimento Anais.IV.CIGECO.Gest\u00e3o p\u00fablica Anais.IV.CIGECO.Marketing Anais.IV.CIGECO.Responsabilidade socioambiental Anais.IV.CIGECO.Sociedade Civil Anais.IV.CIGECO.Turismo de desenvolvimento Anais.IV.CIGECO.Tecnologia e Inova\u00e7\u00e3o Anais 2017 Anais.III.CIGECO.Sum\u00e1rio.Expediente Anais.III.CIGECO.Administra\u00e7\u00e3o da informa\u00e7\u00e3o Anais.III.CIGECO.Arranjos interorganizacionais Anais.III.CIGECO.Controladoria e [&hellip;]<\/p>\n","protected":false},"author":1,"featured_media":0,"parent":0,"menu_order":0,"comment_status":"closed","ping_status":"closed","template":"","meta":[],"_links":{"self":[{"href":"https:\/\/san.uri.br\/sites\/anais\/cigeco\/index.php?rest_route=\/wp\/v2\/pages\/16"}],"collection":[{"href":"https:\/\/san.uri.br\/sites\/anais\/cigeco\/index.php?rest_route=\/wp\/v2\/pages"}],"about":[{"href":"https:\/\/san.uri.br\/sites\/anais\/cigeco\/index.php?rest_route=\/wp\/v2\/types\/page"}],"author":[{"embeddable":true,"href":"https:\/\/san.uri.br\/sites\/anais\/cigeco\/index.php?rest_route=\/wp\/v2\/users\/1"}],"replies":[{"embeddable":true,"href":"https:\/\/san.uri.br\/sites\/anais\/cigeco\/index.php?rest_route=%2Fwp%2Fv2%2Fcomments&post=16"}],"version-history":[{"count":10,"href":"https:\/\/san.uri.br\/sites\/anais\/cigeco\/index.php?rest_route=\/wp\/v2\/pages\/16\/revisions"}],"predecessor-version":[{"id":170,"href":"https:\/\/san.uri.br\/sites\/anais\/cigeco\/index.php?rest_route=\/wp\/v2\/pages\/16\/revisions\/170"}],"wp:attachment":[{"href":"https:\/\/san.uri.br\/sites\/anais\/cigeco\/index.php?rest_route=%2Fwp%2Fv2%2Fmedia&parent=16"}],"curies":[{"name":"wp","href":"https:\/\/api.w.org\/{rel}","templated":true}]}}