{"id":97,"date":"2020-12-03T19:32:10","date_gmt":"2020-12-03T21:32:10","guid":{"rendered":"http:\/\/srvapp2s.santoangelo.uri.br\/sites\/mestrado_gestao\/?page_id=97"},"modified":"2023-03-07T20:09:31","modified_gmt":"2023-03-07T23:09:31","slug":"publicacoes","status":"publish","type":"page","link":"https:\/\/san.uri.br\/mestrado_gestao\/index.php\/publicacoes\/","title":{"rendered":"Publica\u00e7\u00f5es"},"content":{"rendered":"\n<ul><li><a href=\"https:\/\/drive.google.com\/file\/d\/1OULIcn7_Bd_wnbqW3rh8UhIIyW3UNiHB\/view?usp=sharing\">Desenvolvimento Regional: capital social e competitividade setorial<\/a><\/li><li><a href=\"https:\/\/drive.google.com\/file\/d\/1MxSgj-J6Y6RKCyi-n5YYo0MuGInPcAZG\/view?usp=sharing\">Finan\u00e7as e Governan\u00e7a Coorporativa III<\/a><\/li><li><a href=\"https:\/\/drive.google.com\/file\/d\/1OULIcn7_Bd_wnbqW3rh8UhIIyW3UNiHB\/view?usp=sharing\">Inova\u00e7\u00e3o, Controladoria e Redes Interorganizacionais<\/a><\/li><li><span style=\"font-family: Calibri;\"><a href=\"http:\/\/srvapp2s.santoangelo.uri.br\/seer\/index.php\/gesto\" target=\"_blank\" rel=\"noopener\"><span style=\"font-size: large;\">Revista GESTO<\/span><\/a><span style=\"font-size: large;\">&nbsp;&nbsp;<\/span><\/span><\/li><li><span style=\"font-family: Calibri;\"><a href=\"https:\/\/sucupira.capes.gov.br\/sucupira\/\" target=\"_blank\" rel=\"noopener\"><span style=\"font-size: large;\">Plataforma Sucupira<\/span><\/a><\/span><\/li><li><a href=\"https:\/\/san.uri.br\/bibliotecacentral\/\" target=\"_blank\" rel=\"noopener\"><span style=\"font-size: large;\">Biblioteca<\/span><\/a><\/li><li><span style=\"font-size: large;\">LIVRO&nbsp;<a href=\"https:\/\/san.uri.br\/mestrado_gestao\/wp-content\/uploads\/2020\/12\/Dicionario.de.adm.ges.e.org.pdf\" target=\"_blank\" rel=\"noopener\">&#8220;Dicion\u00e1rio de Administra\u00e7\u00e3o, Gest\u00e3o e Organiza\u00e7\u00f5es&#8221;<\/a><\/span><\/li><li><span style=\"font-size: large;\">LIVRO&nbsp;<\/span><a href=\"https:\/\/san.uri.br\/mestrado_gestao\/wp-content\/uploads\/2020\/12\/Economia_e_Financas_Corporativas_Baggio_Kohler.pdf\" target=\"_blank\" rel=\"noopener\"><span style=\"font-size: large;\">&#8220;Economia e Finan\u00e7as Corporativas&#8221;<\/span><\/a><\/li><li><span style=\"font-size: large;\">LIVRO&nbsp;<a href=\"https:\/\/san.uri.br\/mestrado_gestao\/wp-content\/uploads\/2020\/12\/Financas_e_Governanca_Corporativa_II_Baggio_Tusi.pdf\" target=\"_blank\" rel=\"noopener\">&#8220;Finan\u00e7as e Governan\u00e7a Corporativa &#8211; II&#8221;<\/a>&nbsp;&nbsp;<\/span><\/li><li><span style=\"font-size: large;\">LIVRO&nbsp;<a href=\"https:\/\/san.uri.br\/mestrado_gestao\/wp-content\/uploads\/2020\/12\/Vivencias_e_experiencias_na_regiao...Douro-Portugal.pdf\" target=\"_blank\" rel=\"noopener\">&#8220;Viv\u00eancias e experi\u00eancias na regi\u00e3o de Tr\u00e1s-os-Montes e Alto Douro-Portugal&#8221;<\/a>&nbsp;&nbsp;<\/span><\/li><li><span style=\"font-size: large;\"><a href=\"http:\/\/www.san.uri.br\/sites\/anais\/cigeco\/\" target=\"_blank\" rel=\"noopener\">Anais do CIGECO<\/a><\/span><\/li><li><span style=\"font-size: large;\"><a href=\"https:\/\/san.uri.br\/sites\/anais\/figam_2016\/ANAIS_II_FIGAM_2016_final.pdf\" target=\"_blank\" rel=\"noopener\">Anais do II FIGAM<\/a><\/span><\/li><li><span style=\"font-size: large;\">LIVRO&nbsp;<a href=\"https:\/\/san.uri.br\/mestrado_gestao\/wp-content\/uploads\/2020\/12\/Turismo_gastronomia_e_desenvolvimento_missoes_BR.pdf\" target=\"_blank\" rel=\"noopener\">&#8220;Turismo, gastronomia e desenvolvimento na regi\u00e3o das Miss\u00f5es &#8211; Brasil&#8221; Volume I<\/a><\/span><\/li><li><span style=\"font-size: large;\">LIVRO&nbsp;<a href=\"https:\/\/san.uri.br\/mestrado_gestao\/wp-content\/uploads\/2020\/12\/PRODUTOS_AGROALIMENTARES_E_DESENVOLVIMENTO_REGIONAL.pdf\" target=\"_blank\" rel=\"noopener\">&#8220;Turismo, gastronomia e desenvolvimento na regi\u00e3o das Miss\u00f5es &#8211; Brasil: Produtos agroalimentares e desenvolvimento regional&#8221; Volume II<\/a><\/span><\/li><li><span style=\"font-size: large;\">Cap\u00edtulo &#8220;3. O desenvolvimento sustent\u00e1vel atrav\u00e9s de instrumentos de gest\u00e3o ambiental: o caso das empresas assistidas pelo NEPI Miss\u00f5es em 2014&#8221;. No LIVRO:&nbsp;<a href=\"https:\/\/san.uri.br\/mestrado_gestao\/wp-content\/uploads\/2020\/12\/3_O_desenvolvimento_sustentavel_atravas_IN_Links_2015.pdf\" target=\"_blank\" rel=\"noopener\">Links 2015: os elos entre&nbsp;os consumos de \u00e1gua, energia&nbsp;e alimentos, no contexto das estrat\u00e9gias de mitiga\u00e7\u00e3o das mudan\u00e7as clim\u00e1ticas<\/a>.<\/span><\/li><li><span style=\"font-size: large;\">LIVRO&nbsp;<a href=\"https:\/\/san.uri.br\/mestrado_gestao\/wp-content\/uploads\/2020\/12\/Empreendedorismo_e_intraempreendedorismo.pdf\" target=\"_blank\" rel=\"noopener\">&#8220;Empreendedorismo e intraempreendedorismo&#8221;<\/a><\/span><\/li><li><span style=\"font-size: large;\">LIVRO&nbsp;<a href=\"https:\/\/san.uri.br\/mestrado_gestao\/wp-content\/uploads\/2020\/12\/Financas_e_Governanca_Corporativa.pdf\" target=\"_blank\" rel=\"noopener\">&#8220;Finan\u00e7as e governan\u00e7a corporativa&#8221;<\/a><\/span><\/li><li><span style=\"font-size: large;\">LIVRO&nbsp;<a href=\"https:\/\/san.uri.br\/mestrado_gestao\/wp-content\/uploads\/2020\/12\/Financas_mercado_cadeias.pdf\" target=\"_blank\" rel=\"noopener\">&#8220;Finan\u00e7as, mercado de capitais e cadeias produtivas&#8221;<\/a><\/span><\/li><li><span style=\"font-size: large;\">LIVRO&nbsp;<a href=\"https:\/\/san.uri.br\/mestrado_gestao\/wp-content\/uploads\/2020\/12\/II_Mostra_de_estudos_do_desenvolvimento.pdf\" target=\"_blank\" rel=\"noopener\">&#8220;II Mostra de estudos do desenvolvimento&#8221;<\/a><\/span><\/li><li><span style=\"font-size: large;\">LIVRO&nbsp;<a href=\"https:\/\/san.uri.br\/mestrado_gestao\/wp-content\/uploads\/2020\/12\/O_papel_da_governanca_no_processo_estrategico.pdf\" target=\"_blank\" rel=\"noopener\">&#8220;O papel da governan\u00e7a no processo estrat\u00e9gico&#8221;<\/a><\/span><\/li><li><span style=\"font-size: large;\">LIVRO&nbsp;<a href=\"https:\/\/san.uri.br\/mestrado_gestao\/wp-content\/uploads\/2020\/12\/Gestao_da_producao_de_biogas_para_o_desenvolvimento_regional.pdf\" target=\"_blank\" rel=\"noopener\">&#8220;Gest\u00e3o da produ\u00e7\u00e3o de biog\u00e1s para o desenvolvimento regional&#8221;<\/a>&nbsp;&nbsp;&nbsp;&nbsp;<a href=\"http:\/\/www.urisan.tche.br\/admin\/upload\/Capa.Gestao_da_producao_de_biogas_para_o_desenvolvimento_regional.pdf\" target=\"_blank\" rel=\"noopener\">CAPA<\/a><\/span><\/li><li><span style=\"font-size: large;\">LIVRO&nbsp;<a href=\"https:\/\/san.uri.br\/mestrado_gestao\/wp-content\/uploads\/2020\/12\/Inovacao_desenvolvimento_e_empreendedorismo.pdf\" target=\"_blank\" rel=\"noopener\">&#8220;Inova\u00e7\u00e3o, desenvolvimento e empreendedorismo&#8221;<\/a>&nbsp;&nbsp;&nbsp;&nbsp;&nbsp;<a href=\"https:\/\/san.uri.br\/mestrado_gestao\/wp-content\/uploads\/2020\/12\/CAPA.Inovacao_desenvolvimento_e_empreendedorismo.pdf\" target=\"_blank\" rel=\"noopener\">CAPA<\/a><\/span><\/li><li><span style=\"font-size: large;\">LIVRO&nbsp;<a href=\"https:\/\/san.uri.br\/mestrado_gestao\/wp-content\/uploads\/2020\/12\/Alfabetizacao_numa_relacao_intercultural.pdf\" target=\"_blank\" rel=\"noopener\">&#8220;Alfabetiza\u00e7\u00e3o numa rela\u00e7\u00e3o intercultural&#8221;<\/a><\/span><\/li><li><span style=\"font-size: large;\">LIVRO&nbsp;<a href=\"\/\/san.uri.br\/mestrado_gestao\/wp-content\/uploads\/2020\/12\/Pervasive_computing_next_generation_platforms_for_intelligent_data_collection.pdf\" target=\"_blank\" rel=\"noopener\">&#8220;Pervasive computing: next generation platforms for inteligente data collection&#8221;<\/a><\/span><\/li><li><span style=\"font-size: large;\">ANAIS&nbsp;<a href=\"https:\/\/san.uri.br\/mestrado_gestao\/wp-content\/uploads\/2020\/12\/Livro_de_Atas_III_SEMINARIO_ALIMENTOS_II_SIMPOSIO_INTERNACIONAL.pdf\" target=\"_blank\" rel=\"noopener\">&#8220;Livro de Atas &#8211; III SEMIN\u00c1RIO ALIMENTOS E MANIFESTA\u00c7\u00d5ES CULTURAIS TRADICIONAIS, II SIMP\u00d3SIO INTERNACIONAL ALIMENTA\u00c7\u00c3O E CULTURA: TRADI\u00c7\u00c3O E INOVA\u00c7\u00c3O NA PRODU\u00c7\u00c3O E CONSUMO DE ALIMENTOS&#8221;<\/a><\/span><\/li><\/ul>\n","protected":false},"excerpt":{"rendered":"<p>Desenvolvimento Regional: capital social e competitividade setorial Finan\u00e7as e Governan\u00e7a Coorporativa III Inova\u00e7\u00e3o, Controladoria e Redes Interorganizacionais Revista GESTO&nbsp;&nbsp; Plataforma Sucupira Biblioteca LIVRO&nbsp;&#8220;Dicion\u00e1rio de Administra\u00e7\u00e3o, Gest\u00e3o e Organiza\u00e7\u00f5es&#8221; LIVRO&nbsp;&#8220;Economia e Finan\u00e7as Corporativas&#8221; LIVRO&nbsp;&#8220;Finan\u00e7as e Governan\u00e7a Corporativa &#8211; II&#8221;&nbsp;&nbsp; LIVRO&nbsp;&#8220;Viv\u00eancias e experi\u00eancias na regi\u00e3o de Tr\u00e1s-os-Montes e Alto Douro-Portugal&#8221;&nbsp;&nbsp; Anais do CIGECO Anais do II FIGAM [&hellip;]<\/p>\n","protected":false},"author":1,"featured_media":0,"parent":0,"menu_order":0,"comment_status":"closed","ping_status":"closed","template":"","meta":[],"_links":{"self":[{"href":"https:\/\/san.uri.br\/mestrado_gestao\/index.php\/wp-json\/wp\/v2\/pages\/97"}],"collection":[{"href":"https:\/\/san.uri.br\/mestrado_gestao\/index.php\/wp-json\/wp\/v2\/pages"}],"about":[{"href":"https:\/\/san.uri.br\/mestrado_gestao\/index.php\/wp-json\/wp\/v2\/types\/page"}],"author":[{"embeddable":true,"href":"https:\/\/san.uri.br\/mestrado_gestao\/index.php\/wp-json\/wp\/v2\/users\/1"}],"replies":[{"embeddable":true,"href":"https:\/\/san.uri.br\/mestrado_gestao\/index.php\/wp-json\/wp\/v2\/comments?post=97"}],"version-history":[{"count":1,"href":"https:\/\/san.uri.br\/mestrado_gestao\/index.php\/wp-json\/wp\/v2\/pages\/97\/revisions"}],"predecessor-version":[{"id":775,"href":"https:\/\/san.uri.br\/mestrado_gestao\/index.php\/wp-json\/wp\/v2\/pages\/97\/revisions\/775"}],"wp:attachment":[{"href":"https:\/\/san.uri.br\/mestrado_gestao\/index.php\/wp-json\/wp\/v2\/media?parent=97"}],"curies":[{"name":"wp","href":"https:\/\/api.w.org\/{rel}","templated":true}]}}

Publicações

<ul><li><a href="https://drive.google.com/file/d/1OULIcn7_Bd_wnbqW3rh8UhIIyW3UNiHB/view?usp=sharing">Desenvolvimento Regional: capital social e competitividade setorial</a></li><li><a href="https://drive.google.com/file/d/1MxSgj-J6Y6RKCyi-n5YYo0MuGInPcAZG/view?usp=sharing">Finanças e Governança Coorporativa III</a></li><li><a href="https://drive.google.com/file/d/1OULIcn7_Bd_wnbqW3rh8UhIIyW3UNiHB/view?usp=sharing">Inovação, Controladoria e Redes Interorganizacionais</a></li><li><span style="font-family: Calibri;"><a href="http://srvapp2s.santoangelo.uri.br/seer/index.php/gesto" target="_blank" rel="noopener"><span style="font-size: large;">Revista GESTO</span></a><span style="font-size: large;">&nbsp;&nbsp;</span></span></li><li><span style="font-family: Calibri;"><a href="https://sucupira.capes.gov.br/sucupira/" target="_blank" rel="noopener"><span style="font-size: large;">Plataforma Sucupira</span></a></span></li><li><a href="https://san.uri.br/bibliotecacentral/" target="_blank" rel="noopener"><span style="font-size: large;">Biblioteca</span></a></li><li><span style="font-size: large;">LIVRO&nbsp;<a href="https://san.uri.br/mestrado_gestao/wp-content/uploads/2020/12/Dicionario.de.adm.ges.e.org.pdf" target="_blank" rel="noopener">&#8220;Dicionário de Administração, Gestão e Organizações&#8221;</a></span></li><li><span style="font-size: large;">LIVRO&nbsp;</span><a href="https://san.uri.br/mestrado_gestao/wp-content/uploads/2020/12/Economia_e_Financas_Corporativas_Baggio_Kohler.pdf" target="_blank" rel="noopener"><span style="font-size: large;">&#8220;Economia e Finanças Corporativas&#8221;</span></a></li><li><span style="font-size: large;">LIVRO&nbsp;<a href="https://san.uri.br/mestrado_gestao/wp-content/uploads/2020/12/Financas_e_Governanca_Corporativa_II_Baggio_Tusi.pdf" target="_blank" rel="noopener">&#8220;Finanças e Governança Corporativa &#8211; II&#8221;</a>&nbsp;&nbsp;</span></li><li><span style="font-size: large;">LIVRO&nbsp;<a href="https://san.uri.br/mestrado_gestao/wp-content/uploads/2020/12/Vivencias_e_experiencias_na_regiao...Douro-Portugal.pdf" target="_blank" rel="noopener">&#8220;Vivências e experiências na região de Trás-os-Montes e Alto Douro-Portugal&#8221;</a>&nbsp;&nbsp;</span></li><li><span style="font-size: large;"><a href="http://www.san.uri.br/sites/anais/cigeco/" target="_blank" rel="noopener">Anais do CIGECO</a></span></li><li><span style="font-size: large;"><a href="https://san.uri.br/sites/anais/figam_2016/ANAIS_II_FIGAM_2016_final.pdf" target="_blank" rel="noopener">Anais do II FIGAM</a></span></li><li><span style="font-size: large;">LIVRO&nbsp;<a href="https://san.uri.br/mestrado_gestao/wp-content/uploads/2020/12/Turismo_gastronomia_e_desenvolvimento_missoes_BR.pdf" target="_blank" rel="noopener">&#8220;Turismo, gastronomia e desenvolvimento na região das Missões &#8211; Brasil&#8221; Volume I</a></span></li><li><span style="font-size: large;">LIVRO&nbsp;<a href="https://san.uri.br/mestrado_gestao/wp-content/uploads/2020/12/PRODUTOS_AGROALIMENTARES_E_DESENVOLVIMENTO_REGIONAL.pdf" target="_blank" rel="noopener">&#8220;Turismo, gastronomia e desenvolvimento na região das Missões &#8211; Brasil: Produtos agroalimentares e desenvolvimento regional&#8221; Volume II</a></span></li><li><span style="font-size: large;">Capítulo &#8220;3. O desenvolvimento sustentável através de instrumentos de gestão ambiental: o caso das empresas assistidas pelo NEPI Missões em 2014&#8221;. No LIVRO:&nbsp;<a href="https://san.uri.br/mestrado_gestao/wp-content/uploads/2020/12/3_O_desenvolvimento_sustentavel_atravas_IN_Links_2015.pdf" target="_blank" rel="noopener">Links 2015: os elos entre&nbsp;os consumos de água, energia&nbsp;e alimentos, no contexto das estratégias de mitigação das mudanças climáticas</a>.</span></li><li><span style="font-size: large;">LIVRO&nbsp;<a href="https://san.uri.br/mestrado_gestao/wp-content/uploads/2020/12/Empreendedorismo_e_intraempreendedorismo.pdf" target="_blank" rel="noopener">&#8220;Empreendedorismo e intraempreendedorismo&#8221;</a></span></li><li><span style="font-size: large;">LIVRO&nbsp;<a href="https://san.uri.br/mestrado_gestao/wp-content/uploads/2020/12/Financas_e_Governanca_Corporativa.pdf" target="_blank" rel="noopener">&#8220;Finanças e governança corporativa&#8221;</a></span></li><li><span style="font-size: large;">LIVRO&nbsp;<a href="https://san.uri.br/mestrado_gestao/wp-content/uploads/2020/12/Financas_mercado_cadeias.pdf" target="_blank" rel="noopener">&#8220;Finanças, mercado de capitais e cadeias produtivas&#8221;</a></span></li><li><span style="font-size: large;">LIVRO&nbsp;<a href="https://san.uri.br/mestrado_gestao/wp-content/uploads/2020/12/II_Mostra_de_estudos_do_desenvolvimento.pdf" target="_blank" rel="noopener">&#8220;II Mostra de estudos do desenvolvimento&#8221;</a></span></li><li><span style="font-size: large;">LIVRO&nbsp;<a href="https://san.uri.br/mestrado_gestao/wp-content/uploads/2020/12/O_papel_da_governanca_no_processo_estrategico.pdf" target="_blank" rel="noopener">&#8220;O papel da governança no processo estratégico&#8221;</a></span></li><li><span style="font-size: large;">LIVRO&nbsp;<a href="https://san.uri.br/mestrado_gestao/wp-content/uploads/2020/12/Gestao_da_producao_de_biogas_para_o_desenvolvimento_regional.pdf" target="_blank" rel="noopener">&#8220;Gestão da produção de biogás para o desenvolvimento regional&#8221;</a>&nbsp;&nbsp;&nbsp;&nbsp;<a href="http://www.urisan.tche.br/admin/upload/Capa.Gestao_da_producao_de_biogas_para_o_desenvolvimento_regional.pdf" target="_blank" rel="noopener">CAPA</a></span></li><li><span style="font-size: large;">LIVRO&nbsp;<a href="https://san.uri.br/mestrado_gestao/wp-content/uploads/2020/12/Inovacao_desenvolvimento_e_empreendedorismo.pdf" target="_blank" rel="noopener">&#8220;Inovação, desenvolvimento e empreendedorismo&#8221;</a>&nbsp;&nbsp;&nbsp;&nbsp;&nbsp;<a href="https://san.uri.br/mestrado_gestao/wp-content/uploads/2020/12/CAPA.Inovacao_desenvolvimento_e_empreendedorismo.pdf" target="_blank" rel="noopener">CAPA</a></span></li><li><span style="font-size: large;">LIVRO&nbsp;<a href="https://san.uri.br/mestrado_gestao/wp-content/uploads/2020/12/Alfabetizacao_numa_relacao_intercultural.pdf" target="_blank" rel="noopener">&#8220;Alfabetização numa relação intercultural&#8221;</a></span></li><li><span style="font-size: large;">LIVRO&nbsp;<a href="//san.uri.br/mestrado_gestao/wp-content/uploads/2020/12/Pervasive_computing_next_generation_platforms_for_intelligent_data_collection.pdf" target="_blank" rel="noopener">&#8220;Pervasive computing: next generation platforms for inteligente data collection&#8221;</a></span></li><li><span style="font-size: large;">ANAIS&nbsp;<a href="https://san.uri.br/mestrado_gestao/wp-content/uploads/2020/12/Livro_de_Atas_III_SEMINARIO_ALIMENTOS_II_SIMPOSIO_INTERNACIONAL.pdf" target="_blank" rel="noopener">&#8220;Livro de Atas &#8211; III SEMINÁRIO ALIMENTOS E MANIFESTAÇÕES CULTURAIS TRADICIONAIS, II SIMPÓSIO INTERNACIONAL ALIMENTAÇÃO E CULTURA: TRADIÇÃO E INOVAÇÃO NA PRODUÇÃO E CONSUMO DE ALIMENTOS&#8221;</a></span></li></ul>

<p>Desenvolvimento Regional: capital social e competitividade setorial Finanças e Governança Coorporativa III Inovação, Controladoria e Redes Interorganizacionais Revista GESTO&nbsp;&nbsp; Plataforma Sucupira Biblioteca LIVRO&nbsp;&#8220;Dicionário de Administração, Gestão e Organizações&#8221; LIVRO&nbsp;&#8220;Economia e Finanças Corporativas&#8221; LIVRO&nbsp;&#8220;Finanças e Governança Corporativa &#8211; II&#8221;&nbsp;&nbsp; LIVRO&nbsp;&#8220;Vivências e experiências na região de Trás-os-Montes e Alto Douro-Portugal&#8221;&nbsp;&nbsp; Anais do CIGECO Anais do II FIGAM [&hellip;]</p>
