{"id":55,"date":"2020-12-03T18:59:18","date_gmt":"2020-12-03T20:59:18","guid":{"rendered":"http:\/\/srvapp2s.santoangelo.uri.br\/sites\/mestrado_gestao\/?page_id=55"},"modified":"2020-12-03T18:59:18","modified_gmt":"2020-12-03T20:59:18","slug":"comite-de-etica","status":"publish","type":"page","link":"https:\/\/san.uri.br\/mestrado_gestao\/index.php\/comite-de-etica\/","title":{"rendered":"Comit\u00ea de \u00c9tica"},"content":{"rendered":"<p>Orienta\u00e7\u00f5es aos mestrandos que precisam passar seus Projetos de Disserta\u00e7\u00e3o pelo Comit\u00ea de \u00c9tica<\/p>\n<ul>\n<li><a href=\"https:\/\/drive.google.com\/file\/d\/1WnevpoheCgRp5DSZzK8qlKaP8tI5n52P\/view?usp=sharing\" target=\"_blank\" rel=\"noopener\">Estimado(a) Pesquisador(a)&#8230;<\/a><\/li>\n<li><a href=\"https:\/\/drive.google.com\/file\/d\/1BpHNv_0UanqbRx-WGUkTBUGyAkDYMDmI\/view?usp=sharing\" target=\"_blank\" rel=\"noopener\">Orienta\u00e7\u00f5es para o cadastro da pesquisa&#8230;<\/a><\/li>\n<li><a href=\"https:\/\/drive.google.com\/file\/d\/1e3u5Jk1GFONR8wwNdS3_FxNVNHIzEwI7\/view?usp=sharing\" target=\"_blank\" rel=\"noopener\">Orienta\u00e7\u00f5es para o cadastro da pesquisa&#8230;<\/a><\/li>\n<li><a href=\"https:\/\/drive.google.com\/file\/d\/11u1Gsxdgt5idbA-KCDuXF5Z92WWyHHVQ\/view?usp=sharing\" target=\"_blank\" rel=\"noopener\">Dicas Plataforma Brasil&#8230;<\/a><\/li>\n<li><a href=\"https:\/\/drive.google.com\/file\/d\/11u1Gsxdgt5idbA-KCDuXF5Z92WWyHHVQ\/view?usp=sharing\" target=\"_blank\" rel=\"noopener\">Termo de consentimento livre e esclarecido&#8230;<\/a><\/li>\n<li><a href=\"https:\/\/drive.google.com\/file\/d\/1wt2vwpzGGO6x57pbR146pDVm4en5PtkA\/view?usp=sharing\" target=\"_blank\" rel=\"noopener\">Declara\u00e7\u00e3o da Institui\u00e7\u00e3o Coparticipante&#8230;<\/a><\/li>\n<li><a href=\"https:\/\/drive.google.com\/file\/d\/1d5nw9Gb93sLCnGdsc6xrEGP0O-WQT_bT\/view?usp=sharing\" target=\"_blank\" rel=\"noopener\">Modelo de TCLE<\/a><\/li>\n<\/ul>\n<p>&nbsp;<\/p>\n<p>Obs.: Maiores informa\u00e7\u00f5es pelo site http:\/\/conselho.saude.gov.br\/web_comissoes\/conep\/index.html<\/p>\n<p>&nbsp;<\/p>\n","protected":false},"excerpt":{"rendered":"<p>Orienta\u00e7\u00f5es aos mestrandos que precisam passar seus Projetos de Disserta\u00e7\u00e3o pelo Comit\u00ea de \u00c9tica Estimado(a) Pesquisador(a)&#8230; Orienta\u00e7\u00f5es para o cadastro da pesquisa&#8230; Orienta\u00e7\u00f5es para o cadastro da pesquisa&#8230; Dicas Plataforma Brasil&#8230; Termo de consentimento livre e esclarecido&#8230; Declara\u00e7\u00e3o da Institui\u00e7\u00e3o Coparticipante&#8230; Modelo de TCLE &nbsp; Obs.: Maiores informa\u00e7\u00f5es pelo site http:\/\/conselho.saude.gov.br\/web_comissoes\/conep\/index.html &nbsp;<\/p>\n","protected":false},"author":1,"featured_media":0,"parent":0,"menu_order":0,"comment_status":"closed","ping_status":"closed","template":"","meta":[],"_links":{"self":[{"href":"https:\/\/san.uri.br\/mestrado_gestao\/index.php\/wp-json\/wp\/v2\/pages\/55"}],"collection":[{"href":"https:\/\/san.uri.br\/mestrado_gestao\/index.php\/wp-json\/wp\/v2\/pages"}],"about":[{"href":"https:\/\/san.uri.br\/mestrado_gestao\/index.php\/wp-json\/wp\/v2\/types\/page"}],"author":[{"embeddable":true,"href":"https:\/\/san.uri.br\/mestrado_gestao\/index.php\/wp-json\/wp\/v2\/users\/1"}],"replies":[{"embeddable":true,"href":"https:\/\/san.uri.br\/mestrado_gestao\/index.php\/wp-json\/wp\/v2\/comments?post=55"}],"version-history":[{"count":0,"href":"https:\/\/san.uri.br\/mestrado_gestao\/index.php\/wp-json\/wp\/v2\/pages\/55\/revisions"}],"wp:attachment":[{"href":"https:\/\/san.uri.br\/mestrado_gestao\/index.php\/wp-json\/wp\/v2\/media?parent=55"}],"curies":[{"name":"wp","href":"https:\/\/api.w.org\/{rel}","templated":true}]}}