{"id":41,"date":"2020-12-03T18:17:19","date_gmt":"2020-12-03T20:17:19","guid":{"rendered":"http:\/\/srvapp2s.santoangelo.uri.br\/sites\/mestrado_gestao\/?page_id=41"},"modified":"2020-12-03T18:17:19","modified_gmt":"2020-12-03T20:17:19","slug":"objetivos","status":"publish","type":"page","link":"https:\/\/san.uri.br\/mestrado_gestao\/index.php\/objetivos\/","title":{"rendered":"Objetivos"},"content":{"rendered":"<p class=\"justificar\">O Programa de P\u00f3s Gradua\u00e7\u00e3o em Gest\u00e3o Estrat\u00e9gica de Organiza\u00e7\u00f5es,\u00a0<em>Stricto Sensu,<\/em>\u00a0tem como objetivo de formar e capacitar profissionais para a pr\u00e1tica profissional com capacidade de analisar de forma organizada, l\u00f3gica e com qualidade metodol\u00f3gica alternativas de posicionamento estrat\u00e9gico e de cria\u00e7\u00e3o de vantagem competitiva, capacitando-os tamb\u00e9m para a tomada de decis\u00f5es estrat\u00e9gicas com vistas ao desenvolvimento e benef\u00edcio das organiza\u00e7\u00f5es.<\/p>\n<p><strong>\u00a0O Programa visa:<\/strong><\/p>\n<ul>\n<li>Contribuir na forma\u00e7\u00e3o de profissionais para aplica\u00e7\u00e3o, desenvolvimento, pesquisa aplicada e inova\u00e7\u00e3o tecnol\u00f3gica e difus\u00e3o de tecnologia;<\/li>\n<li>Desenvolver habilidades e compet\u00eancias para gest\u00e3o estrat\u00e9gica de processos de produ\u00e7\u00e3o de bens e servi\u00e7os;<\/li>\n<li>Desenvolver a capacidade empreendedora, notadamente em a\u00e7\u00f5es voltadas \u00e0 gest\u00e3o estrat\u00e9gica de organiza\u00e7\u00f5es;<\/li>\n<li>Realizar estudos para o entendimento e\/ou desenvolvimento de novas estrat\u00e9gias organizacionais<\/li>\n<\/ul>\n","protected":false},"excerpt":{"rendered":"<p>O Programa de P\u00f3s Gradua\u00e7\u00e3o em Gest\u00e3o Estrat\u00e9gica de Organiza\u00e7\u00f5es,\u00a0Stricto Sensu,\u00a0tem como objetivo de formar e capacitar profissionais para a pr\u00e1tica profissional com capacidade de analisar de forma organizada, l\u00f3gica e com qualidade metodol\u00f3gica alternativas de posicionamento estrat\u00e9gico e de cria\u00e7\u00e3o de vantagem competitiva, capacitando-os tamb\u00e9m para a tomada de decis\u00f5es estrat\u00e9gicas com vistas ao [&hellip;]<\/p>\n","protected":false},"author":1,"featured_media":0,"parent":0,"menu_order":0,"comment_status":"closed","ping_status":"closed","template":"","meta":[],"_links":{"self":[{"href":"https:\/\/san.uri.br\/mestrado_gestao\/index.php\/wp-json\/wp\/v2\/pages\/41"}],"collection":[{"href":"https:\/\/san.uri.br\/mestrado_gestao\/index.php\/wp-json\/wp\/v2\/pages"}],"about":[{"href":"https:\/\/san.uri.br\/mestrado_gestao\/index.php\/wp-json\/wp\/v2\/types\/page"}],"author":[{"embeddable":true,"href":"https:\/\/san.uri.br\/mestrado_gestao\/index.php\/wp-json\/wp\/v2\/users\/1"}],"replies":[{"embeddable":true,"href":"https:\/\/san.uri.br\/mestrado_gestao\/index.php\/wp-json\/wp\/v2\/comments?post=41"}],"version-history":[{"count":0,"href":"https:\/\/san.uri.br\/mestrado_gestao\/index.php\/wp-json\/wp\/v2\/pages\/41\/revisions"}],"wp:attachment":[{"href":"https:\/\/san.uri.br\/mestrado_gestao\/index.php\/wp-json\/wp\/v2\/media?parent=41"}],"curies":[{"name":"wp","href":"https:\/\/api.w.org\/{rel}","templated":true}]}}

<p class="justificar">O Programa de Pós Graduação em Gestão Estratégica de Organizações, <em>Stricto Sensu,</em> tem como objetivo de formar e capacitar profissionais para a prática profissional com capacidade de analisar de forma organizada, lógica e com qualidade metodológica alternativas de posicionamento estratégico e de criação de vantagem competitiva, capacitando-os também para a tomada de decisões estratégicas com vistas ao desenvolvimento e benefício das organizações.</p>
<p><strong> O Programa visa:</strong></p>
<ul>
<li>Contribuir na formação de profissionais para aplicação, desenvolvimento, pesquisa aplicada e inovação tecnológica e difusão de tecnologia;</li>
<li>Desenvolver habilidades e competências para gestão estratégica de processos de produção de bens e serviços;</li>
<li>Desenvolver a capacidade empreendedora, notadamente em ações voltadas à gestão estratégica de organizações;</li>
<li>Realizar estudos para o entendimento e/ou desenvolvimento de novas estratégias organizacionais</li>
</ul>

<p>O Programa de Pós Graduação em Gestão Estratégica de Organizações, Stricto Sensu, tem como objetivo de formar e capacitar profissionais para a prática profissional com capacidade de analisar de forma organizada, lógica e com qualidade metodológica alternativas de posicionamento estratégico e de criação de vantagem competitiva, capacitando-os também para a tomada de decisões estratégicas com vistas ao [&hellip;]</p>
