{"id":35,"date":"2020-12-03T18:13:55","date_gmt":"2020-12-03T20:13:55","guid":{"rendered":"http:\/\/srvapp2s.santoangelo.uri.br\/sites\/mestrado_gestao\/?page_id=35"},"modified":"2020-12-03T18:13:55","modified_gmt":"2020-12-03T20:13:55","slug":"coordenacao","status":"publish","type":"page","link":"https:\/\/san.uri.br\/mestrado_gestao\/index.php\/coordenacao\/","title":{"rendered":"Coordena\u00e7\u00e3o"},"content":{"rendered":"<p align=\"center\"><u>Coordenadora<\/u><strong><br \/>\n<\/strong><\/p>\n<p style=\"text-align: center;\"><strong>Profa. Dra. Neusa Maria da Costa Gon\u00e7alves Salla<\/strong><br \/>\nneusalla@san.uri.br<\/p>\n<p align=\"center\"><em>Sala da Coordena\u00e7\u00e3o 55-3313-9527<\/em><\/p>\n","protected":false},"excerpt":{"rendered":"<p>Coordenadora Profa. Dra. Neusa Maria da Costa Gon\u00e7alves Salla neusalla@san.uri.br Sala da Coordena\u00e7\u00e3o 55-3313-9527<\/p>\n","protected":false},"author":1,"featured_media":0,"parent":0,"menu_order":0,"comment_status":"closed","ping_status":"closed","template":"","meta":[],"_links":{"self":[{"href":"https:\/\/san.uri.br\/mestrado_gestao\/index.php\/wp-json\/wp\/v2\/pages\/35"}],"collection":[{"href":"https:\/\/san.uri.br\/mestrado_gestao\/index.php\/wp-json\/wp\/v2\/pages"}],"about":[{"href":"https:\/\/san.uri.br\/mestrado_gestao\/index.php\/wp-json\/wp\/v2\/types\/page"}],"author":[{"embeddable":true,"href":"https:\/\/san.uri.br\/mestrado_gestao\/index.php\/wp-json\/wp\/v2\/users\/1"}],"replies":[{"embeddable":true,"href":"https:\/\/san.uri.br\/mestrado_gestao\/index.php\/wp-json\/wp\/v2\/comments?post=35"}],"version-history":[{"count":0,"href":"https:\/\/san.uri.br\/mestrado_gestao\/index.php\/wp-json\/wp\/v2\/pages\/35\/revisions"}],"wp:attachment":[{"href":"https:\/\/san.uri.br\/mestrado_gestao\/index.php\/wp-json\/wp\/v2\/media?parent=35"}],"curies":[{"name":"wp","href":"https:\/\/api.w.org\/{rel}","templated":true}]}}