{"id":148,"date":"2020-12-04T17:30:28","date_gmt":"2020-12-04T19:30:28","guid":{"rendered":"http:\/\/srvapp2s.santoangelo.uri.br\/sites\/mestrado_gestao\/?page_id=148"},"modified":"2020-12-04T17:30:28","modified_gmt":"2020-12-04T19:30:28","slug":"producao-tecnica-e-tecnologica","status":"publish","type":"page","link":"https:\/\/san.uri.br\/mestrado_gestao\/index.php\/producao-tecnica-e-tecnologica\/","title":{"rendered":"Produ\u00e7\u00e3o T\u00e9cnica e Tecnol\u00f3gica"},"content":{"rendered":"<p><strong>10\u00ba Turma: (ingresso: 03\/2020)<\/strong><\/p>\n<p>Adriana Ullrich Schulz<\/p>\n<p>Daniel Andrei Rodrigues da Silva<\/p>\n<p>Douglas da Silva Schmitz<\/p>\n<p>Douglas Schmidt<\/p>\n<p>Gabriele Marques Maurer Rodrigues<\/p>\n<p>Lauri Paulus<\/p>\n<p>Lucieli Della Flora<\/p>\n<p>Marcelo Sandrini<\/p>\n<p>Roger Luiz Botini Borges<\/p>\n<p>Vinicius Amaral Piegas<\/p>\n<p>&nbsp;<\/p>\n<p><strong>9\u00ba Turma: (ingresso: 02\/2019)<\/strong><\/p>\n<p>Camila Gabriele C\u00e2mara<\/p>\n<p>Daniel Baumgart<\/p>\n<p>Diogo Motta Tibulo<\/p>\n<p><a href=\"https:\/\/drive.google.com\/file\/d\/1yxyP0fuDY9HkjWu46_Q-aSxeiIgO50aO\/view?usp=sharing\">Jane Mello<\/a><\/p>\n<p>Leila Edineia Arnhold Johner<\/p>\n<p>Martinho Berwanger<\/p>\n<p>Priscila Mitri Dalla Corte<\/p>\n<p>Su\u00e9len Lazzaroto Duarte<\/p>\n<p>&nbsp;<\/p>\n<p><strong>8\u00ba Turma: (ingresso: 03\/2018)<\/strong><\/p>\n<p>Angela Toebe<\/p>\n<p>Bruna Talita Ehrlich de Resende<\/p>\n<p>Carla Camargo Dias<\/p>\n<p>Carla Maria Eisele Duarte<\/p>\n<p>Cleberson Alex Botton Modelli<\/p>\n<p>Daiani Mello dos Santos<\/p>\n<p>Fabiana Regina Falkembach<\/p>\n<p><a href=\"https:\/\/drive.google.com\/file\/d\/1S9Y-kaTh5_p8t3n8vFvXFYO756MUu3PT\/view?usp=sharing\">Fernando Zimmermann Prestes<\/a><\/p>\n<p><a href=\"https:\/\/drive.google.com\/file\/d\/17za7M92WZWhITrSKMFrvLuEfLDLhFcjO\/view?usp=sharing\">Gabriela Lippert Vettorello<\/a><\/p>\n<p>Gidi\u00e3o Araujo Monteiro<\/p>\n<p>Liane Maria Panerai Gavioli<\/p>\n<p>Marcos Aur\u00e9lio Schneider<\/p>\n<p>Nath\u00e3 Wutzki<\/p>\n<p><a href=\"https:\/\/drive.google.com\/file\/d\/1BP-LWiaw-3LsAY7XLmTkxIgt055GT8NL\/view?usp=sharing\">Tiago Benetti<\/a><\/p>\n<p>&nbsp;<\/p>\n<p><strong>7\u00ba Turma: (ingresso: 03\/2017)<\/strong><\/p>\n<p>Aline Ant\u00f4nia Perkoski<\/p>\n<p>Ana Claudia Gierg Lourega<\/p>\n<p>Anderson da Silva Heineck<\/p>\n<p>Andr\u00e9 Ricardo Segala dos Santos<\/p>\n<p>Ang\u00e9lica Backes<\/p>\n<p>\u00c2ntoni Nerone de Aguiar Sartori<\/p>\n<p>Cassiano Fernando Bordim<\/p>\n<p>Deise Christiani de Oliveira Gomes<\/p>\n<p>Edson Bolzan<\/p>\n<p><a href=\"https:\/\/drive.google.com\/file\/d\/1sZTJMF7YIgAycBvRwoIqxnr67Gtm2eJR\/view?usp=sharing\">Fabr\u00edcio Desbessel<\/a><\/p>\n<p>Fernanda Klein Both<\/p>\n<p>Ivete Linn Ruppenthal<\/p>\n<p>Jonas Bordim<\/p>\n<p>Karine Albring de Oliveira<\/p>\n<p>Luis Fernando de Souza<\/p>\n<p>Marcelo da Silva Andreazza<\/p>\n<p>Rafael da Silva Lopes<\/p>\n<p>Rodrigo Daniel Bloch<\/p>\n","protected":false},"excerpt":{"rendered":"<p>10\u00ba Turma: (ingresso: 03\/2020) Adriana Ullrich Schulz Daniel Andrei Rodrigues da Silva Douglas da Silva Schmitz Douglas Schmidt Gabriele Marques Maurer Rodrigues Lauri Paulus Lucieli Della Flora Marcelo Sandrini Roger Luiz Botini Borges Vinicius Amaral Piegas &nbsp; 9\u00ba Turma: (ingresso: 02\/2019) Camila Gabriele C\u00e2mara Daniel Baumgart Diogo Motta Tibulo Jane Mello Leila Edineia Arnhold Johner [&hellip;]<\/p>\n","protected":false},"author":1,"featured_media":0,"parent":0,"menu_order":0,"comment_status":"closed","ping_status":"closed","template":"","meta":[],"_links":{"self":[{"href":"https:\/\/san.uri.br\/mestrado_gestao\/index.php\/wp-json\/wp\/v2\/pages\/148"}],"collection":[{"href":"https:\/\/san.uri.br\/mestrado_gestao\/index.php\/wp-json\/wp\/v2\/pages"}],"about":[{"href":"https:\/\/san.uri.br\/mestrado_gestao\/index.php\/wp-json\/wp\/v2\/types\/page"}],"author":[{"embeddable":true,"href":"https:\/\/san.uri.br\/mestrado_gestao\/index.php\/wp-json\/wp\/v2\/users\/1"}],"replies":[{"embeddable":true,"href":"https:\/\/san.uri.br\/mestrado_gestao\/index.php\/wp-json\/wp\/v2\/comments?post=148"}],"version-history":[{"count":0,"href":"https:\/\/san.uri.br\/mestrado_gestao\/index.php\/wp-json\/wp\/v2\/pages\/148\/revisions"}],"wp:attachment":[{"href":"https:\/\/san.uri.br\/mestrado_gestao\/index.php\/wp-json\/wp\/v2\/media?parent=148"}],"curies":[{"name":"wp","href":"https:\/\/api.w.org\/{rel}","templated":true}]}}