{"id":136,"date":"2020-12-03T22:18:53","date_gmt":"2020-12-04T00:18:53","guid":{"rendered":"http:\/\/srvapp2s.santoangelo.uri.br\/sites\/mestrado_gestao\/?page_id=136"},"modified":"2020-12-03T22:18:53","modified_gmt":"2020-12-04T00:18:53","slug":"processo-seletivo","status":"publish","type":"page","link":"https:\/\/san.uri.br\/mestrado_gestao\/index.php\/processo-seletivo\/","title":{"rendered":"Processo Seletivo"},"content":{"rendered":"<p class=\"justificar\">Para Alunos Regulares o processo seletivo \u00e9 anual, o edital, geralmente, \u00e9 lan\u00e7ado na segunda quinzena de Agosto. O Edital \u00e9 divulgado no item \u201cEditais de Sele\u00e7\u00e3o\u201d.<\/p>\n<p class=\"justificar\">Para Alunos Especiais o processo seletivo \u00e9 semestral, os editais, geralmente, s\u00e3o lan\u00e7ados em Fevereiro (para o 1\u00ba semestre) e em Agosto (para o 2\u00ba semestre). Os Editais s\u00e3o divulgados no item \u201cEditais de Sele\u00e7\u00e3o\u201d.<\/p>\n<p class=\"justificar\">Os alunos especiais cursam at\u00e9 duas disciplinas nesta modalidade com a turma regular em andamento,\u00a0e quando\u00a0aprovados no processo seletivo de\u00a0alunos\u00a0regulares,\u00a0reaproveitam as disciplinas.<\/p>\n","protected":false},"excerpt":{"rendered":"<p>Para Alunos Regulares o processo seletivo \u00e9 anual, o edital, geralmente, \u00e9 lan\u00e7ado na segunda quinzena de Agosto. O Edital \u00e9 divulgado no item \u201cEditais de Sele\u00e7\u00e3o\u201d. Para Alunos Especiais o processo seletivo \u00e9 semestral, os editais, geralmente, s\u00e3o lan\u00e7ados em Fevereiro (para o 1\u00ba semestre) e em Agosto (para o 2\u00ba semestre). Os Editais [&hellip;]<\/p>\n","protected":false},"author":1,"featured_media":0,"parent":0,"menu_order":0,"comment_status":"closed","ping_status":"closed","template":"","meta":[],"_links":{"self":[{"href":"https:\/\/san.uri.br\/mestrado_gestao\/index.php\/wp-json\/wp\/v2\/pages\/136"}],"collection":[{"href":"https:\/\/san.uri.br\/mestrado_gestao\/index.php\/wp-json\/wp\/v2\/pages"}],"about":[{"href":"https:\/\/san.uri.br\/mestrado_gestao\/index.php\/wp-json\/wp\/v2\/types\/page"}],"author":[{"embeddable":true,"href":"https:\/\/san.uri.br\/mestrado_gestao\/index.php\/wp-json\/wp\/v2\/users\/1"}],"replies":[{"embeddable":true,"href":"https:\/\/san.uri.br\/mestrado_gestao\/index.php\/wp-json\/wp\/v2\/comments?post=136"}],"version-history":[{"count":0,"href":"https:\/\/san.uri.br\/mestrado_gestao\/index.php\/wp-json\/wp\/v2\/pages\/136\/revisions"}],"wp:attachment":[{"href":"https:\/\/san.uri.br\/mestrado_gestao\/index.php\/wp-json\/wp\/v2\/media?parent=136"}],"curies":[{"name":"wp","href":"https:\/\/api.w.org\/{rel}","templated":true}]}}