{"id":72,"date":"2013-06-04T17:34:28","date_gmt":"2013-06-04T20:34:28","guid":{"rendered":"http:\/\/santoangelo.uri.br\/mestrado_direito2\/?page_id=72"},"modified":"2013-06-04T17:34:28","modified_gmt":"2013-06-04T20:34:28","slug":"2008-2","status":"publish","type":"page","link":"https:\/\/san.uri.br\/mestrado_direito\/index.php\/mestrado\/dissertacoes\/2008-2\/","title":{"rendered":"2008"},"content":{"rendered":"<p><strong>1\u00aa Turma (ingresso: 07\/2006)<\/strong><\/p>\n<p><em><a href=\"http:\/\/buscatextual.cnpq.br\/buscatextual\/visualizacv.jsp?id=K4262229E6\">ADILIO OLIVEIRA RIBEIRO<\/a><\/em><br \/>\nT\u00edtulo: O acesso \u00e0 justi\u00e7a e os juizados especiais: a busca pela concretiza\u00e7\u00e3o de um direito fundamental<br \/>\n<a href=\"https:\/\/san.uri.br\/mestrado_direito\/pdf\/2008\/ADILIO_OLIVEIRA_RIBEIRO.pdf\" target=\"_blank\" rel=\"noopener\">Acesso ao Trabalho Completo (PDF) <\/a><br \/>\nDefesa: 16 Dezembro 2008<br \/>\nBanca Examinadora:Prof. Dr. Paulo Vanderlei Vargas Groff; Prof. Dr. Noli Bernardo Hahn; Prof. Dr. Jorge Renato dos Reis<\/p>\n<p><strong>1\u00aa Turma (ingresso: 07\/2006)<\/strong><\/p>\n<p><em><a href=\"http:\/\/buscatextual.cnpq.br\/buscatextual\/visualizacv.jsp?id=K4262980A1\">CHRISTIANE SCHORR MONTEIRO<\/a><\/em><br \/>\nT\u00edtulo: As conquistas e os paradoxos na trajet\u00f3ria das mulheres na luta por reconhecimento<br \/>\n<a href=\"https:\/\/san.uri.br\/mestrado_direito\/pdf\/2008\/CHRISTIANE_SCHORR_MONTEIRO.pdf\" target=\"_blank\" rel=\"noopener\">Acesso ao Trabalho Completo (PDF) <\/a><br \/>\nDefesa: 28 Julho 2008<br \/>\nBanca Examinadora:Prof. Dr. L\u00edvio Osvaldo Arenhart; Prof. Dr. Jo\u00e3o Martins Bertaso; Prof. Dr. Jos\u00e9 Luis Bolzan de Morais<\/p>\n<p><strong>1\u00aa Turma (ingresso: 07\/2006)<\/strong><\/p>\n<p><em><a href=\"http:\/\/buscatextual.cnpq.br\/buscatextual\/visualizacv.jsp?id=K4770380A3\">CRISTINA UHRY<\/a><\/em><br \/>\nT\u00edtulo:  Fundamentos pol\u00edticos do paradigma \u00e9tico-ambiental<br \/>\n<a href=\"https:\/\/san.uri.br\/mestrado_direito\/pdf\/2008\/CRISTINA_UHRY.pdf\" target=\"_blank\" rel=\"noopener\">Acesso ao Trabalho Completo (PDF) <\/a><br \/>\nDefesa: 16 Dezembro 2008<br \/>\nBanca Examinadora:Prof. Dr. Andr\u00e9 Leonardo Copetti Santos; Prof. Dr. Leonel Severo Rocha; Prof. Dr. Luis Alberto Warat<\/p>\n<p><strong>1\u00aa Turma (ingresso: 07\/2006)<\/strong><\/p>\n<p><em><a href=\"http:\/\/buscatextual.cnpq.br\/buscatextual\/visualizacv.jsp?id=K4718175E7\">DAEANE ZULIAN DORST<\/a><\/em><br \/>\nT\u00edtulo: Desafios para o ensino do direito em sociedades multiculturais<br \/>\n<a href=\"https:\/\/san.uri.br\/mestrado_direito\/pdf\/2008\/DAEANE_ZULIAN_DORST.pdf\" target=\"_blank\" rel=\"noopener\">Acesso ao Trabalho Completo (PDF) <\/a><br \/>\nDefesa: 05 Novembro 2008<br \/>\nBanca Examinadora:Prof. Dr. Jo\u00e3o Martins Bertaso; Prof. Dr. Noli  Bernardo Hahn; Prof. Dr. Andr\u00e9 Leonardo Copetti Santos; Prof. Dr. Mauro  Jos\u00e9 Gaglietti<\/p>\n<p><strong>1\u00aa Turma (ingresso: 07\/2006)<\/strong><\/p>\n<p><em><a href=\"http:\/\/buscatextual.cnpq.br\/buscatextual\/visualizacv.jsp?id=K4269031U3\">FABIANO PRADO DE BRUM<\/a><\/em><br \/>\nT\u00edtulo: O \u00edndio no espa\u00e7o p\u00fablico brasileiro e a pol\u00edtica indigenista  de inser\u00e7\u00e3o   social: di\u00e1logo intercultural \u00e0 luz do confronto entre os  direitos positivados   e os direitos consuetudin\u00e1rios<br \/>\n<a href=\"https:\/\/san.uri.br\/mestrado_direito\/pdf\/2008\/FABIANO_PRADO_DE_BRUM.pdf\" target=\"_blank\" rel=\"noopener\">Acesso ao Trabalho Completo (PDF) <\/a><br \/>\nDefesa: 28 Agosto 2008<br \/>\nBanca Examinadora:Prof. Dr. Jo\u00e3o Martins Bertaso; Prof. Dr. Florisbal de Souza Del&#8217;Olmo; Prof. Dr. Mauro Jos\u00e9 Gaglietti<\/p>\n<p><strong>1\u00aa Turma (ingresso: 07\/2006)<\/strong><\/p>\n<p><em><a href=\"http:\/\/buscatextual.cnpq.br\/buscatextual\/visualizacv.jsp?id=K4759122Z0\">FRANCISCO CARLOS MARQU\u00caS BRASIL<\/a><\/em><br \/>\nT\u00edtulo: A fun\u00e7\u00e3o social da empresa na constitui\u00e7\u00e3o federal de 1988 &#8211;  aspectos de   cidadania, inclus\u00e3o social e formas pacificadoras de  conflitos sociais<br \/>\n<a href=\"https:\/\/san.uri.br\/mestrado_direito\/pdf\/2008\/FRANCISCO_CARLOS_MARQUES_BRASIL.pdf\" target=\"_blank\" rel=\"noopener\">Acesso ao Trabalho Completo (PDF) <\/a><br \/>\nDefesa: 16 Dezembro 2008<br \/>\nBanca Examinadora:Prof. Dr. Jos\u00e9 Alceb\u00edades de Oliveira Junior; Prof. Dr. Leonel Severo Rocha; Prof. Dr. Luis Alberto Warat<\/p>\n<p><strong>1\u00aa Turma (ingresso: 07\/2006)<\/strong><\/p>\n<p><em><a href=\"http:\/\/buscatextual.cnpq.br\/buscatextual\/visualizacv.jsp?id=K4737323D9\"> JO\u00c3O ALBINO DE MEDEIROS FARIAS<\/a><\/em><br \/>\nT\u00edtulo: Tribunal Penal Internacional: o desafio da efic\u00e1cia<br \/>\n<a href=\"https:\/\/san.uri.br\/mestrado_direito\/pdf\/2008\/_JOAO_ALBINO_DE_MEDEIROS_FARIAS.pdf\" target=\"_blank\" rel=\"noopener\">Acesso ao Trabalho Completo (PDF) <\/a><br \/>\nDefesa: 18 Dezembro 2008<br \/>\nBanca Examinadora:Prof. Dr. Florisbal de Souza Del&#8217;Olmo; Prof. Dr. William Smith Kaku, Prof. Dr. Ney Fayet de Souza Junior<\/p>\n<p><strong>1\u00aa Turma (ingresso: 07\/2006)<\/strong><\/p>\n<p><em><a href=\"http:\/\/buscatextual.cnpq.br\/buscatextual\/visualizacv.jsp?id=K4126905A6\">JOEL SAUERESSIG<\/a><\/em><br \/>\nT\u00edtulo: O direito fundamental de resist\u00eancia e a Constitui\u00e7\u00e3o Federal de 1988<br \/>\n<a href=\"https:\/\/san.uri.br\/mestrado_direito\/pdf\/2008\/JOEL_SAUERESSIG.pdf\" target=\"_blank\" rel=\"noopener\">Acesso ao Trabalho Completo (PDF) <\/a><br \/>\nDefesa: 17 Dezembro 2008<br \/>\nBanca Examinadora:Prof. Dr. Paulo Vanderlei Vargas Groff; Prof. Dr.  Florisbal de Souza Del&#8217;Olmo; Prof. Dr. Alfredo Santiago Culleton<\/p>\n<p><strong>1\u00aa Turma (ingresso: 07\/2006)<\/strong><\/p>\n<p><em><a href=\"http:\/\/buscatextual.cnpq.br\/buscatextual\/visualizacv.jsp?id=K4261785A5\">JULIANE RIGO SCHNEIDER<\/a><\/em><br \/>\nT\u00edtulo: A ado\u00e7\u00e3o internacional no ECA: limites ao tr\u00e1fico internacional de menores<br \/>\n<a href=\"https:\/\/san.uri.br\/mestrado_direito\/pdf\/2008\/JULIANE_RIGO_SCHNEIDER.pdf\" target=\"_blank\" rel=\"noopener\">Acesso ao Trabalho Completo (PDF) <\/a><br \/>\nDefesa: 17 Dezembro 2008<br \/>\nBanca Examinadora:Prof. Dr. Florisbal de Souza Del&#8217;Olmo; Profa. Dra. Liliana Locatelli; Prof. Dr. Alfredo Santiago Culleton<\/p>\n<p><strong>1\u00aa Turma (ingresso: 07\/2006)<\/strong><\/p>\n<p><em><a href=\"http:\/\/buscatextual.cnpq.br\/buscatextual\/visualizacv.jsp?id=K4772203E6\">LEOCIR ROQUE DACROCE<\/a><\/em><br \/>\nT\u00edtulo: Gest\u00e3o de ecossistemas: da repress\u00e3o ao di\u00e1logo nos conflitos ambientais<br \/>\n<a href=\"https:\/\/san.uri.br\/mestrado_direito\/pdf\/2008\/LEOCIR_ROQUE_DACROCE.pdf\" target=\"_blank\" rel=\"noopener\">Acesso ao Trabalho Completo (PDF) <\/a><br \/>\nDefesa: 15 Dezembro 2008<br \/>\nBanca Examinadora:Prof. Dr. Jos\u00e9 Alceb\u00edades de Oliveira Junior; Prof.  Dr. Leonel Severo Rocha; Prof. Dr. Luiz Ernani Bonesso de Ara\u00fajo<\/p>\n<p><strong>1\u00aa Turma (ingresso: 07\/2006)<\/strong><\/p>\n<p><em><a href=\"http:\/\/buscatextual.cnpq.br\/buscatextual\/visualizacv.jsp?id=K4110710H5\"> LIRIS TEREZINHA LUNKES MOREIRA RODRIGUES<\/a><\/em><br \/>\nT\u00edtulo: Os princ\u00edpios constitucionais da dignidade da pessoa humana e da igualdade nas   rela\u00e7\u00f5es homossexuais<br \/>\n<a href=\"https:\/\/san.uri.br\/mestrado_direito\/pdf\/2008\/_LIRIS_TEREZINHA_LUNKES_MOREIRA_RODRIGUES.pdf\" target=\"_blank\" rel=\"noopener\">Acesso ao Trabalho Completo (PDF) <\/a><br \/>\nDefesa: 03 Dezembro 2008<br \/>\nBanca Examinadora:Prof. Dr. Livio Osvaldo Arenhart; Prof. Dr. Noli  Bernardo Hahn; Prof. Dr. Andr\u00e9 Leonardo Copetti Santos; Prof. Dr. Gilmar  Antonio Bedin<\/p>\n<p><strong>1\u00aa Turma (ingresso: 07\/2006)<\/strong><\/p>\n<p><em><a href=\"http:\/\/buscatextual.cnpq.br\/buscatextual\/visualizacv.jsp?id=K4464840E2\">RENZO THOMAS<\/a><\/em><br \/>\nT\u00edtulo: O sistema de reserva de quotas para negros e \u00edndios no ensino superior: uma   abordagem constitucional<br \/>\n<a href=\"https:\/\/san.uri.br\/mestrado_direito\/pdf\/2008\/RENZO_THOMAS.pdf\" target=\"_blank\" rel=\"noopener\">Acesso ao Trabalho Completo (PDF) <\/a><br \/>\nDefesa: 30 Julho 2008<br \/>\nBanca Examinadora:Prof. Dr. Leonel Severo Rocha; Prof. Dr. Jos\u00e9  Alceb\u00edades de Oliveira Junior; Prof. Dr. Agostinho Oli Koppe Pereira<\/p>\n<p><strong>1\u00aa Turma (ingresso: 07\/2006)<\/strong><\/p>\n<p><em><a href=\"http:\/\/buscatextual.cnpq.br\/buscatextual\/visualizacv.jsp?id=K4262265D7\">RITA MARIA DE FARIA CORR\u00caA ANDREATTA<\/a><\/em><br \/>\nT\u00edtulo: A dignidade humana do estrangeiro: o imigrante e o refugiado na perspectiva do   di\u00e1logo intercultural<br \/>\n<a href=\"https:\/\/san.uri.br\/mestrado_direito\/pdf\/2008\/RITA_MARIA_DE_FARIA_CORREA_ANDREATTA.pdf\" target=\"_blank\" rel=\"noopener\">Acesso ao Trabalho Completo (PDF) <\/a><br \/>\nDefesa: 19 Dezembro 2008<br \/>\nBanca Examinadora:Prof. Dr. Jo\u00e3o Martins Bertaso; Prof. Dr. Livio  Osvaldo Arenhart; Prof. Dr. Jos\u00e9 Alceb\u00edades de Oliveira Junior; Prof.  Dr. Luiz Ernani Bonesso de Ara\u00fajo<\/p>\n<p><strong>1\u00aa Turma (ingresso: 07\/2006)<\/strong><\/p>\n<p><em><a href=\"http:\/\/buscatextual.cnpq.br\/buscatextual\/visualizacv.jsp?id=K4262986U6\"> SILVANA DUTRA TORRES<\/a><\/em><br \/>\nT\u00edtulo: Principiologia pol\u00edtica da responsabilidade m\u00e9dica e o balizamento \u00e9tico-  jur\u00eddico dos avan\u00e7os na arte m\u00e9dica<br \/>\n<a href=\"https:\/\/san.uri.br\/mestrado_direito\/pdf\/2008\/_SILVANA_DUTRA_TORRES.pdf\" target=\"_blank\" rel=\"noopener\">Acesso ao Trabalho Completo (PDF) <\/a><br \/>\nDefesa: 18 Dezembro 2008<br \/>\nBanca Examinadora:Prof. Dr. Andr\u00e9 Leonardo Copetti Santos; Prof. Dr. William Smith Kaku; Prof. Dr. Paulo Ricardo Viecili<\/p>\n<p><strong>1\u00aa Turma (ingresso: 07\/2006)<\/strong><\/p>\n<p><em><a href=\"http:\/\/buscatextual.cnpq.br\/buscatextual\/visualizacv.jsp?id=K4730968T5\">VERA MARIA CALEGARI DETONI<\/a><\/em><br \/>\nT\u00edtulo: A fun\u00e7\u00e3o socioambiental da propriedade rural na Regi\u00e3o do Alto Uruguai: (in)   efic\u00e1cia do discurso jur\u00eddico<br \/>\n<a href=\"https:\/\/san.uri.br\/mestrado_direito\/pdf\/2008\/VERA_MARIA_CALEGARI_DETONI.pdf\" target=\"_blank\" rel=\"noopener\">Acesso ao Trabalho Completo (PDF) <\/a><br \/>\nDefesa: 15 Dezembro 2008<br \/>\nBanca Examinadora:Prof. Dr. Jos\u00e9 Alceb\u00edades de Oliveira Junior; Prof.  Dr. Everson Paulo Fogolai; Prof. Dr. Luiz Ernani Bonesso de Ara\u00fajo<\/p>\n<p><strong>1\u00aa Turma (ingresso: 07\/2006)<\/strong><\/p>\n<p><em><a href=\"http:\/\/buscatextual.cnpq.br\/buscatextual\/visualizacv.jsp?id=K4265075E6\"> VIVIANI GIANINE NIKITENKO<\/a><\/em><br \/>\nT\u00edtulo: Do necess\u00e1rio car\u00e1ter p\u00fablico da tutela penal dos novos direitos<br \/>\n<a href=\"https:\/\/san.uri.br\/mestrado_direito\/pdf\/2008\/_VIVIANI_GIANINE_NIKITENKO.pdf\" target=\"_blank\" rel=\"noopener\">Acesso ao Trabalho Completo (PDF) <\/a><br \/>\nDefesa: 19 Dezembro 2008<br \/>\nBanca Examinadora:Prof. Dr. Andr\u00e9 Leonardo Copetti Santos; Prof. Dr.  Paulo Vanderlei Vargas Groff; Prof. Dr. Ney Fayet de Souza Junior<\/p>\n","protected":false},"excerpt":{"rendered":"<p>1\u00aa Turma (ingresso: 07\/2006) ADILIO OLIVEIRA RIBEIRO T\u00edtulo: O acesso \u00e0 justi\u00e7a e os juizados especiais: a busca pela concretiza\u00e7\u00e3o de um direito fundamental Acesso ao Trabalho Completo (PDF) Defesa: 16 Dezembro 2008 Banca Examinadora:Prof. Dr. Paulo Vanderlei Vargas Groff; Prof. Dr. Noli Bernardo Hahn; Prof. Dr. Jorge Renato dos Reis 1\u00aa Turma (ingresso: 07\/2006) [&hellip;]<\/p>\n","protected":false},"author":1,"featured_media":0,"parent":70,"menu_order":0,"comment_status":"closed","ping_status":"closed","template":"","meta":[],"_links":{"self":[{"href":"https:\/\/san.uri.br\/mestrado_direito\/index.php\/wp-json\/wp\/v2\/pages\/72"}],"collection":[{"href":"https:\/\/san.uri.br\/mestrado_direito\/index.php\/wp-json\/wp\/v2\/pages"}],"about":[{"href":"https:\/\/san.uri.br\/mestrado_direito\/index.php\/wp-json\/wp\/v2\/types\/page"}],"author":[{"embeddable":true,"href":"https:\/\/san.uri.br\/mestrado_direito\/index.php\/wp-json\/wp\/v2\/users\/1"}],"replies":[{"embeddable":true,"href":"https:\/\/san.uri.br\/mestrado_direito\/index.php\/wp-json\/wp\/v2\/comments?post=72"}],"version-history":[{"count":0,"href":"https:\/\/san.uri.br\/mestrado_direito\/index.php\/wp-json\/wp\/v2\/pages\/72\/revisions"}],"up":[{"embeddable":true,"href":"https:\/\/san.uri.br\/mestrado_direito\/index.php\/wp-json\/wp\/v2\/pages\/70"}],"wp:attachment":[{"href":"https:\/\/san.uri.br\/mestrado_direito\/index.php\/wp-json\/wp\/v2\/media?parent=72"}],"curies":[{"name":"wp","href":"https:\/\/api.w.org\/{rel}","templated":true}]}}