{"id":45,"date":"2013-06-04T14:45:00","date_gmt":"2013-06-04T17:45:00","guid":{"rendered":"http:\/\/santoangelo.uri.br\/mestrado_direito2\/?page_id=41"},"modified":"2023-03-13T20:31:06","modified_gmt":"2023-03-13T23:31:06","slug":"processo-seletivo","status":"publish","type":"page","link":"https:\/\/san.uri.br\/mestrado_direito\/index.php\/mestrado\/processo-seletivo\/","title":{"rendered":"Processo Seletivo Mestrado"},"content":{"rendered":"<ul>\n<li><a href=\"https:\/\/san.uri.br\/mestrado_direito\/?page_id=49\">Editais&nbsp; <\/a><\/li>\n<li><a href=\"https:\/\/san.uri.br\/mestrado_dir\/inscricoes\/mestrado\/\">Inscri\u00e7\u00f5es&nbsp;<\/a><\/li>\n<li><a href=\"https:\/\/san.uri.br\/mestrado_direito\/?page_id=1445\">Crit\u00e9rios de Sele\u00e7\u00e3o<\/a><\/li>\n<\/ul>\n","protected":false},"excerpt":{"rendered":"<p>Editais&nbsp; Inscri\u00e7\u00f5es&nbsp; Crit\u00e9rios de Sele\u00e7\u00e3o<\/p>\n","protected":false},"author":1,"featured_media":0,"parent":1218,"menu_order":0,"comment_status":"closed","ping_status":"closed","template":"","meta":[],"_links":{"self":[{"href":"https:\/\/san.uri.br\/mestrado_direito\/index.php\/wp-json\/wp\/v2\/pages\/45"}],"collection":[{"href":"https:\/\/san.uri.br\/mestrado_direito\/index.php\/wp-json\/wp\/v2\/pages"}],"about":[{"href":"https:\/\/san.uri.br\/mestrado_direito\/index.php\/wp-json\/wp\/v2\/types\/page"}],"author":[{"embeddable":true,"href":"https:\/\/san.uri.br\/mestrado_direito\/index.php\/wp-json\/wp\/v2\/users\/1"}],"replies":[{"embeddable":true,"href":"https:\/\/san.uri.br\/mestrado_direito\/index.php\/wp-json\/wp\/v2\/comments?post=45"}],"version-history":[{"count":5,"href":"https:\/\/san.uri.br\/mestrado_direito\/index.php\/wp-json\/wp\/v2\/pages\/45\/revisions"}],"predecessor-version":[{"id":4013,"href":"https:\/\/san.uri.br\/mestrado_direito\/index.php\/wp-json\/wp\/v2\/pages\/45\/revisions\/4013"}],"up":[{"embeddable":true,"href":"https:\/\/san.uri.br\/mestrado_direito\/index.php\/wp-json\/wp\/v2\/pages\/1218"}],"wp:attachment":[{"href":"https:\/\/san.uri.br\/mestrado_direito\/index.php\/wp-json\/wp\/v2\/media?parent=45"}],"curies":[{"name":"wp","href":"https:\/\/api.w.org\/{rel}","templated":true}]}}