{"id":3475,"date":"2021-11-03T14:00:41","date_gmt":"2021-11-03T17:00:41","guid":{"rendered":"http:\/\/srvapp2s.santoangelo.uri.br\/sites\/mestrado_direito\/?page_id=3475"},"modified":"2026-02-05T16:12:54","modified_gmt":"2026-02-05T19:12:54","slug":"2024-2","status":"publish","type":"page","link":"https:\/\/san.uri.br\/mestrado_direito\/index.php\/doutorado\/tese\/2024-2\/","title":{"rendered":"2024"},"content":{"rendered":"\n<p><strong>4\u00aa Turma (ingresso em 2020)<\/strong><\/p>\n\n\n\n<p><strong>Joici Ant\u00f4nia Ziegler <\/strong><\/p>\n\n\n\n<p>T\u00edtulo: A condi\u00e7\u00e3o Humana no Transumanismo: Implica\u00e7\u00f5es \u00e9ticas e civis no horizonte dos direitos fundamentais<\/p>\n\n\n\n<p>Trabalho: <a href=\"https:\/\/san.uri.br\/mestrado_direito\/wp-content\/uploads\/2024\/06\/Joici2901.tese_.pdf\">Clique Aqui!!<\/a><\/p>\n\n\n\n<p>Data: 19 de mar\u00e7o de 2024<\/p>\n\n\n\n<p>Banca: Profa. Dra. Thami Covatti Piaia, Prof. Dr. Noli Bernardo Hahn, Profa. Dra. Elda Bussinger, Profa. Dra. Josiane Petry Faria Machado, Prof. Dr. Osmar Veronese, Profa. Dra. Taciana Marconatto Damo Cervi<\/p>\n\n\n\n<p><strong>Oliv\u00e9rio de Vargas Rosado<\/strong><\/p>\n\n\n\n<p>T\u00edtulo: O populismo penal e a cultura do encarceramento em massa<\/p>\n\n\n\n<p>Trabalho: <a href=\"https:\/\/san.uri.br\/mestrado_direito\/wp-content\/uploads\/2024\/06\/Tese-Oliverio-de-Vargas-Rosado-corrigida-pdf.pdf\">Clique Aqui!!<\/a><\/p>\n\n\n\n<p>Data: 19 de fevereiro de 2024<\/p>\n\n\n\n<p>Banca: Prof. Dr. Leonel Severo Rocha, Prof. Dr. Paulo J\u00fanior Trindade dos Santos, Profa. Dra. Renata Almeida da Costa, Prof. Dr. Gilmar Ant\u00f4nio Bedin, Profa. Dra. Janete Rosa Martins<\/p>\n\n\n\n<p><strong>Tha\u00eds Maciel de Oliveira <\/strong><\/p>\n\n\n\n<p>T\u00edtulo: INTER-RELA\u00c7\u00d5ES ENTRE A EPISTEMOLOGIA JUR\u00cdDICA, A \u00c9TICA DA ALTERIDADE E A ABORDAGEM ECOSSIST\u00caMICA: a responsabilidade mediante a complexidade dos impactos socioambientais da minera\u00e7\u00e3o sobre os povos ind\u00edgenas e comunidades ribeirinhas na Amaz\u00f4nia<\/p>\n\n\n\n<p>Trabalho: <a href=\"https:\/\/san.uri.br\/mestrado_direito\/wp-content\/uploads\/2024\/06\/Thais-Maciel-de-Oliveira-TESE.pdf\">Clique Aqui!!<\/a><\/p>\n\n\n\n<p>Data: 20 de fevereiro de 2024<\/p>\n\n\n\n<p>Banca: Prof. Dr. Noli Bernardo Hahn, Prof. Dr. Jacson Roberto Cervi, Prof. Dr. Eid Badr, Profa. Dra. Silvia Maria da Silveira Loureiro, Prof. Dr. Leonel Severo Rocha<\/p>\n\n\n\n<p><strong>Suraia de C\u00e1ssia Nasralla Souza<\/strong><\/p>\n\n\n\n<p>T\u00edtulo: Manipula\u00e7\u00e3o gen\u00e9tica: O uso de embri\u00f5es humanos em experimentos cient\u00edficos e a dignidade humana.<\/p>\n\n\n\n<p>Trabalho: <a href=\"https:\/\/mail-attachment.googleusercontent.com\/attachment\/u\/0\/?ui=2&amp;ik=1185c2ee75&amp;attid=0.2&amp;permmsgid=msg-f:1830402171784071030&amp;th=1966e513cd4b0776&amp;view=att&amp;zw&amp;disp=inline&amp;saddbat=ANGjdJ_82_9AGDn_ndD6JXdQWkHeS-3FtrTZM714H3xhSeL2VPH8XfdyM-N5uUhCHGP2A_RfLg2zvHtS9_b-nEIQbZjNonRckXf6Ha1Yik2jZkPwoN7-f26edL1AdqHrb97eN0K-fN8hI_mDj6RVW7wg0Szb3Normyva_yms2w3ylvUHeib6W5VWg3nEjw_0oXsb0CJ0GV8lzCCYZGz5_RimngrOZitWb25UhojcS5hJKT2VtcMA_vqS_k4a9ngwe57g7zI5z83zl_gq0Dkv8F-ZItV2v7GOuvNxZomP4SsUd4XR4L3vXlADm54qc4zyCvHktYyhbf_55MBChczjTtyUxhrKp5baJq6sTU5MuaQSw3dJy7wbJ9eHe-KuG5bpuiSTp8gluT80x0FexK9CCXmYJL1R9zne8pWIwCunMsVi27Ey1PcYHkPeSGLY7h79Qfa-yhW7q49kR-AKlQXtjFvUyTtzc_EyLgGNEDvrun1VY4U_RDY6goGZiNcKVzfEIaNO5ox4TSg440TZsgxSTC15Q98A43gSYdVrx0Y7ZsCwzv-T7bt0uiztXvvP18dkQ4uehfPImLCJ9jhnNAFrhtIYeE9luvl5WwsrDNUYelAQyY_cEgyo3naWUs0M0WHM5ub-75OVPlBIUn3lp1dyggaiFni0vN6BxMbv7cdAMzqBbVNGBVWgk65w74tryLwz9AouZu2kh9TJgxOucVdQvk8bd-e2ulYDwe9DkvldP7vTiAire-hAwcgFo0AGji4cCmjhwUYNwFEZK0Xc8mvMtY8P1D9fUvI6WpTYHWpjHxDErUhi75mUm0fwUiOndrJ6mFqjfMp1t5WFju4OJ4LNJHorZd6pFKz5bjb6SjI9d9xpdev5XF-gTbZJ3fwItynm3xmCWuRTLFDPN1PNwiAc5hpjScx2miTr5kF4SBozvmafUNkdINkWIS2bWBHGxNlFHBF3Pe_hlzhgDJffjVjIrE4o3SQw2NyTM0rCUjXJ_uc0NyosXf_30CO8QGVWGkUhyz11sZ3unTuf-nFYgyLSOT2CFQUYfZbZ8h-sVpxwmBxUGQSFbZR6onzCxMaToHE\">Clique Aqui!!<\/a><\/p>\n\n\n\n<p>Data: 26 de fevereiro de 2025<\/p>\n\n\n\n<p>Banca: Prof. Dr. Jos\u00e9 Francisco Dias da Costa Lyra, Prof. Dr. Gilmar Ant\u00f4nio Bedin, Profa. Dra. Taciana Marconatto Damo Cervi, Profa. Dra. Leilane Serratine Grubba, Prof. Dr. Marcio Ricardo Staffen.<\/p>\n\n\n\n<p><strong>Bruna Escobar Teixeira<\/strong><\/p>\n\n\n\n<p>T\u00edtulo: Transforma\u00e7\u00e3o da sociedade internacional, viol\u00eancia transcultural e terrorismo global: uma leitura a partir da teoria da a\u00e7\u00e3o comunicativa de J\u00fcrgen Habermas<\/p>\n\n\n\n<p>Trabalho: <a href=\"https:\/\/mail-attachment.googleusercontent.com\/attachment\/u\/0\/?ui=2&amp;ik=1185c2ee75&amp;attid=0.1&amp;permmsgid=msg-f:1830678021825156431&amp;th=1967dff62500d54f&amp;view=att&amp;zw&amp;disp=inline&amp;saddbat=ANGjdJ9hh2H5soMDps_5mol0QZKSTQ6jjPugbLJYmjZY6F6qNtQf4tzfuv5BtZU_Q4KvXsbn-p7L_W3DoHaPC4kCXt-QAtTHnYporS_Z7JiUsq28ocO5cQHFGzHsfudQxy2SRZPkLU1etlPk5a8eNBAeJ-SaJsRH-7M5BIt6vRSWm4HAv3_ASLGY4e1u1S78Er2mg_aVLSqguSOicexbSNVuutQJW6-tB_NTXegTV-stmssu82VPKfyQxVZkR2Wgp4ZCJ4JtNTD3wKrQvRCLlYJTCVfrFQgw28BAwI8D4b2Eb2an8ksefWomzMjlRq2Rf4wgGtNlWgMJM1jNaJ1X6mzFkDRKiyKiiAoH0KH2gdvLbqSAIUY2ax6Q0ZibnrvZ4KcqKBG28FUOp5xzm1TU98pO15WuHIvqtGUig99mG6_p2PMdf_OzTdRUE3Ot2wwTljyq8aR9aTpSodBEISdSlcGYCZYxxCcWJZ84a8WYoI2g-bjtYqlgOribsmrnhTN02z29w9kcbZ1T7pWv3wSkZXrl8F5sDNfYMKfkYbrFwLvgIBRqsDuyS1wkAgqnnAElHcLPWHl_4rjY-ppD1otZnsYO4v5Q0VgWcg9dWx3dV22YI7f8vL8Nt51K8FKfCK4eyfIxHuO6MTmxcJ9m0Rg3D4YB1y1B5trO4Uap6FwrSqKpD7A2zMoEmlQXlyiFlve_jvSVYL5rA67amzf8Bpfw01P2bVGmXkDweox7BUY9UhVKrf-lyw5rJ0De2L0qVb_U3zlpXMFSFE39K6w2cNdGf1GElNbqDaD7P4rV-OLIeirodJNTQ1ygb9U_dgPfsJJJsx8aZ-uFqYN8wgLNoPSaMIFuOC3dj8Q0KyVAXfEIxJlPDoG2y9fIQaZf6NYMdAfzpfeyWyBGnhjRuQ2ZkTyyL-E5WUjkYyJ7O5kVgnOjxIP74UHxcJ7KLmz_5iuWFlSqRhFgk_6_HPVOcxTh_pfFOOxYO1fKsZ3x8PjTCo_ydnnIrYFB9RZNd3wBqjRDb-Q5ZCURRqyTwQCUvmWrrFwZMhgkdjHkSoGaHeUgCrJPR7nN7E-RQsXh6n7vBcsGDdU\">Clique Aqui!!!<\/a><\/p>\n\n\n\n<p>Data: 28 de fevereiro de 2025<\/p>\n\n\n\n<p>Banca: Prof. Dr. Gilmar Ant\u00f4nio Bedin, Prof. Dr. Jos\u00e9 Francisco Dias da Costa Lyra, Prof. Dr. Leonel Severo Rocha, Prof. Dr. Marcio Renan Hamel, Prof. Dr. Giovanni Olsson.<\/p>\n\n\n\n<p><strong>Elesandra Maria da Rosa Costella<\/strong><\/p>\n\n\n\n<p>T\u00edtulo: A possibilidade da media\u00e7\u00e3o de Lu\u00eds Alberto Warat nos espa\u00e7os p\u00fablicos para a participa\u00e7\u00e3o pol\u00edtica ativa das mulheres.<\/p>\n\n\n\n<p>Trabalho: <a href=\"https:\/\/mail-attachment.googleusercontent.com\/attachment\/u\/0\/?ui=2&amp;ik=1185c2ee75&amp;attid=0.1&amp;permmsgid=msg-f:1830318751680076024&amp;th=196699350ba098f8&amp;view=att&amp;disp=inline&amp;realattid=777BF961-E445-4A2D-968A-8BED6085B14E&amp;zw&amp;saddbat=ANGjdJ9I0PIe20ojXDLf45wt4TE8RdNS2xhhx5owAYyk0Qq9ksZqYn8MKBlIixQUhFc6c_S8QOtureRY8K0qX29yLOkV6S95sB6XSjJMyx_Rzb267s_-z8yDrng2gMXFnmThAApOifc_MG218OG1sS4qkTCy2E1ZnW_iEPvFMGH4BOyaSPLMpWom30YUA0yjKtDuZEvXTTCMqhmT3Thq1vT8oWqgwqpk6aNNVoZWw6KZfimbUZ7y2m4OaNWdf97ESUadiGunk6R1rU-cHa121Z8NcTfUWpzkWkfk6wEWLWEpwYRo47m3dLjUKj9RjL88FQLyxrrwHxH9SENjR_UZyfEqI7MY9LfRlw246QCLJaAmm-qPyjK5NbRWjCTt0FBcSH43e-9WKB9Ixi7DzjVx0ay-utU_9j_0T_AATkty6jqs9_pV70Kp3V5PErxAq4QOh6HBKNuOJ7pfoE4VClGlgcMtcBfXDNmNszYiT-86LOw24kZs2_glwP41dzUNDp0MOfS7t39c3x8rPEFxbNV0fwO_55n5bHz2TKiYd_sYgfTIhuD-Amc_qKsONlrkYdlPYtprBj2oXoeqDNAUhHVNZ_qZ7B5WPFQw1KcmehiJbDWVlkCUNHW9fHiUIf_3rCiyYM2mSUgKPA0T2iRB05URUfXuIsIMou0HdrXayT86hXkiymS424eYb7q6TaPt0cfTkV6_58KctUJH3qbe6bXaNtKfr37pdf9bQSUK0AEvf6b6XbMs4eu5440sN_BrvmY9PnnfMqGnHEMiQc_DMpRqS5HN9fv7-kltF6imrjQIjnuALZRbdNAJIISiUz71A8febTa7XpKtN_nI4RwR7ap5f6smrSD33WinDgzESlDH_oenvmlVrVjFSs2GWNskrRTnGKlWpBGzrQYWdvHHkhmXANaUaYEoicgdCQsVgItSKvNnf6nDOcDIJRAYHlU-W0KwHnOV6RuCEwGEH6VYT7aTVo5skjq0ehH_xf28sUsC8HtThc22aIILYrR3eOran3ixiuNmusmEkPwezioes0Fuil3oT4r8ECnIEmaHdbPg3UvrMf2hwzBfbv0FLmXBmkM\">Clique Aqui!!!<\/a><\/p>\n\n\n\n<p>Data: 28 de fevereiro de 2025<\/p>\n\n\n\n<p>Banca: Prof. Dr. Jo\u00e3o Martins Bertaso, Prof. Dr. Liton Lanes Pilau Sobrinho, Profa. Dra. Ros\u00e2ngela Angelin, Profa. Dra. Marli Marlene Moraes da Costa, Profa. Dra. Janaina Rigo Santin.<\/p>\n\n\n\n<p><strong>Dionara Denize Cavinatto<\/strong><\/p>\n\n\n\n<p>T\u00edtulo: Inter-rela\u00e7\u00f5es entre patriarcado, identidades e subjetividades femininas e a consci\u00eancia da v\u00edtima do crime de viol\u00eancia psicol\u00f3gica \u2013 estrat\u00e9gias e luzes.<\/p>\n\n\n\n<p>Trabalho: <a href=\"https:\/\/mail-attachment.googleusercontent.com\/attachment\/u\/0\/?ui=2&amp;ik=1185c2ee75&amp;attid=0.1&amp;permmsgid=msg-f:1830220152181872225&amp;th=19663f880f8fd661&amp;view=att&amp;disp=inline&amp;realattid=f_m9ua8iip1&amp;zw&amp;saddbat=ANGjdJ_g5A2DLhFduveVnUjq4P3xKUr2CW9AoLupPpPDkRwKFOr_xSG8-__j1yw5qzqZY2x3K5px5ogiVmhZ460e_HEmaBMs3_MT8r-jG2mJ6hERw49EXTZb2rAerIkSkLk-vT4BH8WFrZ1DDI9LxpYvl9innyVNi4sEtk9v7dQpNyP33gIkIZy18UcaQpNVYNqvU2ep1vvB5k1t09Qbx_yRNcdDPUBdk5aXKz5mnnZIgal6-uqeYHSkqqkkmneT5qJMFPnJaShqNh8vBB7tJFR-oxqWSZiZNZaofV3NGdqVhk0NQlcsrU22B4w068ljfGjnWjzLQPUjx2PzfwkAnlqmF-2I2kxxfgmW2zFwsf_7ssBYxKRoKK8GqxTyJbT3mCx3xKzyBEshfq4iExS0CRHuSddMOVZ7sTb7TFtWSxlXRAsZItul0d_LxebjvsasX8Nbq4GB3Z7iz1wz5cYGeaQ3Tm50YjStn_MxGQMHZfHva0WVlo5wFqPFHjTqq5fqZWOxneAEkMCMMv3jxGksEwpzYIgr3sDktsSnVN5SqhIiTmOEW38Nwf0DTLRQ0oUS37iFgri9Vt05Re2lmgjehyGq6l0Yw-Gh_9ar8eeN6UVXUlguW9KwnZ0dJpy1ITDWAPvOmmakncwD9eK6TRI4OET_isl3m-Z-YaYxSVI7iUc3z_Wdk08E85ge7LiGbEenaZf3xsMWsmctjgpXVUdgk1LYEcISQad0OAAhI0YDlOb-jy3wBseIQaIYsXsGBXSiuZEeqw2uZKew48pmb9McNQVZidHx3GADhN-DpxFU2BlD5CpUvtt40cztXU_2GmvmWYsulte5ldYDX_ESIQF0OFbLvO81GmNYBiP2V_UB5xwRZ_Sg3klPPNbZXdXPo1_JNkzS4wdxve7YN0urCmZV6QAlqpRJFKgkDdftsLQCIYgySf_YREjvCvwKqQb-udDe-D9nOVHJ8n-iDjChDheF3QfRjw_uKIcE4dwvah3VnBFSvjSk5VSXQGFGceDHMJk9yM9ijsOWOmoe43_eArEk8ScvoMnK_1zaIB4YxQrVvBycsC2fiuHhLzXWJawhvvo\">Clique Aqui!!<\/a><\/p>\n\n\n\n<p>Data: 27 de mar\u00e7o de 2025<\/p>\n\n\n\n<p>Banca: Prof. Dr. Noli Bernardo Hahn, Prof. Dr. Leonel Severo Rocha, Prof. Dr. Jo\u00e3o Martins Bertaso, Profa. Dra. Sandra Vidal Nogueira, Profa. Dra. Marcia Blasi.<\/p>\n\n\n\n<p><\/p>\n","protected":false},"excerpt":{"rendered":"<p>4\u00aa Turma (ingresso em 2020) Joici Ant\u00f4nia Ziegler T\u00edtulo: A condi\u00e7\u00e3o Humana no Transumanismo: Implica\u00e7\u00f5es \u00e9ticas e civis no horizonte dos direitos fundamentais Trabalho: Clique Aqui!! Data: 19 de mar\u00e7o de 2024 Banca: Profa. Dra. Thami Covatti Piaia, Prof. Dr. Noli Bernardo Hahn, Profa. Dra. Elda Bussinger, Profa. Dra. Josiane Petry Faria Machado, Prof. Dr. [&hellip;]<\/p>\n","protected":false},"author":1,"featured_media":0,"parent":1243,"menu_order":0,"comment_status":"closed","ping_status":"closed","template":"","meta":[],"_links":{"self":[{"href":"https:\/\/san.uri.br\/mestrado_direito\/index.php\/wp-json\/wp\/v2\/pages\/3475"}],"collection":[{"href":"https:\/\/san.uri.br\/mestrado_direito\/index.php\/wp-json\/wp\/v2\/pages"}],"about":[{"href":"https:\/\/san.uri.br\/mestrado_direito\/index.php\/wp-json\/wp\/v2\/types\/page"}],"author":[{"embeddable":true,"href":"https:\/\/san.uri.br\/mestrado_direito\/index.php\/wp-json\/wp\/v2\/users\/1"}],"replies":[{"embeddable":true,"href":"https:\/\/san.uri.br\/mestrado_direito\/index.php\/wp-json\/wp\/v2\/comments?post=3475"}],"version-history":[{"count":2,"href":"https:\/\/san.uri.br\/mestrado_direito\/index.php\/wp-json\/wp\/v2\/pages\/3475\/revisions"}],"predecessor-version":[{"id":4941,"href":"https:\/\/san.uri.br\/mestrado_direito\/index.php\/wp-json\/wp\/v2\/pages\/3475\/revisions\/4941"}],"up":[{"embeddable":true,"href":"https:\/\/san.uri.br\/mestrado_direito\/index.php\/wp-json\/wp\/v2\/pages\/1243"}],"wp:attachment":[{"href":"https:\/\/san.uri.br\/mestrado_direito\/index.php\/wp-json\/wp\/v2\/media?parent=3475"}],"curies":[{"name":"wp","href":"https:\/\/api.w.org\/{rel}","templated":true}]}}