{"id":3473,"date":"2021-11-03T14:00:28","date_gmt":"2021-11-03T17:00:28","guid":{"rendered":"http:\/\/srvapp2s.santoangelo.uri.br\/sites\/mestrado_direito\/?page_id=3473"},"modified":"2024-06-19T11:14:19","modified_gmt":"2024-06-19T14:14:19","slug":"2023-2","status":"publish","type":"page","link":"https:\/\/san.uri.br\/mestrado_direito\/index.php\/doutorado\/tese\/2023-2\/","title":{"rendered":"2023"},"content":{"rendered":"\n<p><strong>3\u00aa Turma (ingresso em 2019)<\/strong><\/p>\n\n\n\n<p><strong>Larissa Nunes Cavalheiro<\/strong><\/p>\n\n\n\n<p>T\u00edtulo: A (re)significa\u00e7\u00e3o da cidadania a partir do reconhecimento e prote\u00e7\u00e3o da sociobiodiversidade brasileira sob a perspectiva da politica da liberta\u00e7\u00e3o de Enrique Dussel. <\/p>\n\n\n\n<p>Trabalho: <a href=\"https:\/\/san.uri.br\/mestrado_direito\/wp-content\/uploads\/2023\/08\/TESE-LarissaNC7-impressao.pdf\">Clique Aqui!!<\/a><\/p>\n\n\n\n<p>Data: 31 de mar\u00e7o de 2023<\/p>\n\n\n\n<p>Banca: Prof. Dr. Jose Alceb\u00edades de Oliveira Junior, Prof. Dr. Jacson Roberto Cervi, Prof. Dr. Osmar Veronese, Prof. Dr. Luiz Ernani Bonesso de Ara\u00fajo, Prof. Dr. Leonardo da Rocha Souza.<\/p>\n\n\n\n<p><strong>Diego Guilherme Rotta<\/strong><\/p>\n\n\n\n<p>T\u00edtulo: Pensando a gest\u00e3o do processo migrat\u00f3rio internacional a partir da Lei de Migra\u00e7\u00e3o (Lei n. 13.445\/2017): A legitima\u00e7\u00e3o das pol\u00edticas migrat\u00f3rias e a cidadania concertada enquanto caminhos para uma governan\u00e7a migrat\u00f3ria rizom\u00e1tica.<\/p>\n\n\n\n<p>Trabalho: <a href=\"https:\/\/san.uri.br\/mestrado_direito\/wp-content\/uploads\/2023\/08\/TESE-Diego-G.-Rotta-CORRIGIDA.pdf\">Clique Aqui!!<\/a><\/p>\n\n\n\n<p>Data: 28 de fevereiro de 2023<\/p>\n\n\n\n<p>Banca: Prof. Dr. Jos\u00e9 Francisco Dias da Costa Lyra, Prof. Dr. Gilmar Ant\u00f4nio Bedin, Profa. Dra. Thami Covatti Piaia, Prof. Dr. Roberto Bustillo Bolado, Porf. Dr. Luis Renato Vedovato<\/p>\n\n\n\n<p><strong>Jaqueline Shimanoski Machado Roberto<\/strong><\/p>\n\n\n\n<p>T\u00edtulo: Introdu\u00e7\u00e3o aos Direitos Humanos: a necess\u00e1ria inser\u00e7\u00e3o do plano nacional em Direitos Humanos em sala de aula.<\/p>\n\n\n\n<p>Trabalho: <a href=\"https:\/\/san.uri.br\/mestrado_direito\/wp-content\/uploads\/2023\/08\/FINAL-03-abril-Tese-Jaqueline-Roberto-URI-1.pdf\">Clique Aqui!!<\/a><\/p>\n\n\n\n<p>Data: 28 de abril de 2023<\/p>\n\n\n\n<p>Banca: Prof. Dr. Jo\u00e3o Martins Bertaso, Prof. Dr. Osmar Veronese, Prof. Dr. Gilmar Ant\u00f4nio Bedin, Prof. Dr. Liton Lanes Pilau Sobrinho, Prof. Dr. Rog\u00e9rio da Silva.<\/p>\n\n\n\n<p><strong>Neusa Schnorrenberger<\/strong><\/p>\n\n\n\n<p>T\u00edtulo: Olhares ecofeministas no campo: interfaces emancipat\u00f3rias, de pol\u00edticas p\u00fablicas e legisla\u00e7\u00f5es entre o movimento de mulheres camponesas de Tr\u00eas Cachoeiras \u2013 Rio Grande do Sul (Brasil) e a organiza\u00e7\u00e3o de mulheres Santa Marta de San Isidro \u2013 Manab\u00ed (Equador).<\/p>\n\n\n\n<p>Trabalho: <a href=\"https:\/\/san.uri.br\/mestrado_direito\/wp-content\/uploads\/2023\/08\/4.-TESE-para-protocolo-final-depois-da-banca-NEUSA-SCHNORRENBERGER-16.05.2023.pdf\">Clique Aqui!!<\/a><\/p>\n\n\n\n<p>Data: 24 de abril de 2023<\/p>\n\n\n\n<p>Banca: Profa. Dra. Ros\u00e2ngela Angelin, Prof. Dr. Osmar Veronese, Prof. Dr. Noli Bernardo Hahn, Prof. Dr. Ant\u00f4nio Carlos Wolkmer, Profa. Dra. Liria \u00c2ngela Andrioli.<\/p>\n\n\n\n<p><strong>Gabriel Ma\u00e7alai<\/strong><\/p>\n\n\n\n<p>T\u00edtulo: Os avan\u00e7os institucionais da constitui\u00e7\u00e3o de 1988 e o reconhecimento das a\u00e7\u00f5es das mil\u00edcias como pr\u00e1ticas terroristas: uma an\u00e1lise a partir da n\u00e3o concretiza\u00e7\u00e3o da cidadania para todos os brasileiros.<\/p>\n\n\n\n<p>Trabalho: <a href=\"https:\/\/san.uri.br\/mestrado_direito\/wp-content\/uploads\/2023\/08\/Tese-Gabriel-Macalai-Versao-Pos-Banca.pdf\">Clique Aqui!!<\/a><\/p>\n\n\n\n<p>Data: 12 de julho de 2023<\/p>\n\n\n\n<p>Banca: Prof. Dr. Gilmar Ant\u00f4nio Bedin, Prof. Dr. Noli Bernardo Hahn, Prof. Dr. Jos\u00e9 Francisco Dias da Costa Lyra, Prof. Dr. Newton Cesar Pilau, Prof. Dr. Celso Gabatz.<\/p>\n\n\n\n<p><strong>Afonso Stangherlin<\/strong><\/p>\n\n\n\n<p>T\u00edtulo: (Re)constru\u00e7\u00e3o de uma estrutura desjudicializada de solu\u00e7\u00e3o de conflitos penais frente \u00e0 democracia brasileira contempor\u00e2nea: an\u00e1lise do programa mediar da policia civil do estado do Rio Grande do Sul  <\/p>\n\n\n\n<p>Trabalho: <a href=\"https:\/\/san.uri.br\/mestrado_direito\/wp-content\/uploads\/2024\/06\/Tese-Afonso-26-de-janeiro-2024.doc.pdf\">Clique Aqui!!<\/a><\/p>\n\n\n\n<p>Data: 19 se abril de 2024<\/p>\n\n\n\n<p>Banca: Prof. Dr. Jos\u00e9 Francisco Dias da Costa Lyra, Prof. Dr. Rog\u00e9rio Silva, Prof. Dr. Andr\u00e9, Leonardo Copetti Santos, Prof. Dr. Gilmar Ant\u00f4nio Bedin, Profa. Dra. Janete Rosa Martins<\/p>\n\n\n\n<p><strong>Kaoanne Wolf Krawczak<\/strong><\/p>\n\n\n\n<p>T\u00edtulo: AS DUAS \u201cMORTES\u201d DE UM MESMO CORPO: Da biopol\u00edtica do \u201cdeixar morrer\u201d \u00e0 necropol\u00edtica trans do \u201cfazer morrer\u201d e suas incid\u00eancias sobre o direito de exist\u00eancia dos transexuais<\/p>\n\n\n\n<p>Trabalho: <a href=\"https:\/\/san.uri.br\/mestrado_direito\/wp-content\/uploads\/2024\/06\/Tese-Afonso-26-de-janeiro-2024.doc-1.pdf\">Clique Aqui!!<\/a><\/p>\n\n\n\n<p>Data: 09 de dezembro de 2023<\/p>\n\n\n\n<p>Banca: Prof. Dr. Noli Bernardo Hahn, Prof. Dr. Osmar Veronese, Prof. Dr. Liton Lanes Pilau Sobrinho, Profa. Dra. Denise Tatiane Girardon dos Santos, Profa. Dra. Taciana Marconatto Damo Cervi, Prof. Dr. Jo\u00e3o Martins Bertaso<\/p>\n","protected":false},"excerpt":{"rendered":"<p>3\u00aa Turma (ingresso em 2019) Larissa Nunes Cavalheiro T\u00edtulo: A (re)significa\u00e7\u00e3o da cidadania a partir do reconhecimento e prote\u00e7\u00e3o da sociobiodiversidade brasileira sob a perspectiva da politica da liberta\u00e7\u00e3o de Enrique Dussel. Trabalho: Clique Aqui!! Data: 31 de mar\u00e7o de 2023 Banca: Prof. Dr. Jose Alceb\u00edades de Oliveira Junior, Prof. Dr. Jacson Roberto Cervi, Prof. [&hellip;]<\/p>\n","protected":false},"author":1,"featured_media":0,"parent":1243,"menu_order":0,"comment_status":"closed","ping_status":"closed","template":"","meta":[],"_links":{"self":[{"href":"https:\/\/san.uri.br\/mestrado_direito\/index.php\/wp-json\/wp\/v2\/pages\/3473"}],"collection":[{"href":"https:\/\/san.uri.br\/mestrado_direito\/index.php\/wp-json\/wp\/v2\/pages"}],"about":[{"href":"https:\/\/san.uri.br\/mestrado_direito\/index.php\/wp-json\/wp\/v2\/types\/page"}],"author":[{"embeddable":true,"href":"https:\/\/san.uri.br\/mestrado_direito\/index.php\/wp-json\/wp\/v2\/users\/1"}],"replies":[{"embeddable":true,"href":"https:\/\/san.uri.br\/mestrado_direito\/index.php\/wp-json\/wp\/v2\/comments?post=3473"}],"version-history":[{"count":2,"href":"https:\/\/san.uri.br\/mestrado_direito\/index.php\/wp-json\/wp\/v2\/pages\/3473\/revisions"}],"predecessor-version":[{"id":4496,"href":"https:\/\/san.uri.br\/mestrado_direito\/index.php\/wp-json\/wp\/v2\/pages\/3473\/revisions\/4496"}],"up":[{"embeddable":true,"href":"https:\/\/san.uri.br\/mestrado_direito\/index.php\/wp-json\/wp\/v2\/pages\/1243"}],"wp:attachment":[{"href":"https:\/\/san.uri.br\/mestrado_direito\/index.php\/wp-json\/wp\/v2\/media?parent=3473"}],"curies":[{"name":"wp","href":"https:\/\/api.w.org\/{rel}","templated":true}]}}