{"id":3469,"date":"2021-11-03T13:59:17","date_gmt":"2021-11-03T16:59:17","guid":{"rendered":"http:\/\/srvapp2s.santoangelo.uri.br\/sites\/mestrado_direito\/?page_id=3469"},"modified":"2026-02-05T17:07:09","modified_gmt":"2026-02-05T20:07:09","slug":"2021-2","status":"publish","type":"page","link":"https:\/\/san.uri.br\/mestrado_direito\/index.php\/doutorado\/tese\/2021-2\/","title":{"rendered":"2021"},"content":{"rendered":"<p><strong>1\u00aa Turma (ingresso em 2017)<\/strong><\/p>\n<p><strong>Alini Bueno dos Santos Taborda<\/strong><\/p>\n<p>T\u00edtulo: Media\u00e7\u00e3o Inter\u00e9tnica sob a perspectiva Waratiana<\/p>\n<p>Trabalho:&nbsp;<a href=\"http:\/\/srvapp2s.santoangelo.uri.br\/sites\/mestrado_direito\/wp-content\/uploads\/2021\/11\/Clique-Aqui-14.pdf\">Clique Aqui!!<\/a><\/p>\n<p>Data:&nbsp; 26 de fevereiro de 2021.<\/p>\n<p>Banca: Prof. Dr. Leonel Severo Rocha,&nbsp;Prof. Dr. Rog\u00e9rio da Silva,&nbsp;Prof. Dr. Marcelino Meleu,&nbsp;Profa. Dra. Janete Rosa Martins.<\/p>\n<p><strong>M\u00e1rio Miguel da Rosa Muraro (<em>in memoriam)<\/em><\/strong><\/p>\n<p>T\u00edtulo: GLOBALIZA\u00c7\u00c3O, COOPERA\u00c7\u00c3O ENTRE OS ESTADOS E CRIMINALIDADE TRANSNACIONAL: uma an\u00e1lise dos encontros e desencontros entre o Estatuto do Tribunal Penal Internacional e a legisla\u00e7\u00e3o brasileira<\/p>\n<p>Trabalho:&nbsp;<a href=\"http:\/\/srvapp2s.santoangelo.uri.br\/sites\/mestrado_direito\/wp-content\/uploads\/2021\/11\/Clique-Aqui-15.pdf\">Clique Aqui!!<\/a><\/p>\n<p>Data:&nbsp; 28 de maio de 2021.<\/p>\n<p>Banca: Dr. Gilmar Antonio Bedin, Dr. Jos\u00e9 Francisco Dias da Costa Lyra e Dr. Osmar Veronese, estes da URI, Dra. Odete Maria de Oliveira, da UFSC, e Dr. Florisbal de Souza Del&#8217;Olmo, da UFSC.<\/p>\n<p><strong>Luthianne Perin Ferreira Lunardi<\/strong><\/p>\n<p>T\u00edtulo: As (im)possibilidades de uma cidadania pluralista a partir da teoria do Estado Constitucional de Peter H\u00e4berle.<\/p>\n<p>Trabalho:&nbsp;<a href=\"http:\/\/srvapp2s.santoangelo.uri.br\/sites\/mestrado_direito\/wp-content\/uploads\/2021\/11\/Clique-Aqui-16.pdf\">Clique Aqui!!<\/a><\/p>\n<p>Data: 20 de agosto de 2021.<\/p>\n<p>Banca: Dr. Jo\u00e3o Martins Bertaso, Dr. Gilmar Antonio Bedin e Dr. Osmar Veronese, estes da URI,&nbsp; Dr. Rog\u00e9rio da Silva, da UPF, e Dr. Newton C\u00e9sar Pilau, da UNIVALI.<\/p>\n<p><strong>Alexsandra Gato Rodrigues<\/strong><\/p>\n<p>T\u00edtulo: Direitos Fundamentais e Justi\u00e7a Constitucional: a tens\u00e3o entre a judicializa\u00e7\u00e3o da pol\u00edtica e a teoria da legisla\u00e7\u00e3o.<\/p>\n<p>Trabalho:&nbsp;<a href=\"http:\/\/srvapp2s.santoangelo.uri.br\/sites\/mestrado_direito\/wp-content\/uploads\/2021\/11\/Clique-Aqui-17.pdf\">Clique Aqui!!<\/a><\/p>\n<p>Data: 30 de julho de 2021.<\/p>\n<p>Banca: Dr. Jos\u00e9 Francisco Dias da Costa Lyra, Dr. Adalberto Narciso Hommerding e Dr. Jacson Roberto Cervi, estes da URI, Dr. Andr\u00e9 Leonardo Copetti Santos, da UNIJUJI, e Dr. Cl\u00e1udio Rog\u00e9rio Souza Lira, da FEMA.<\/p>\n<p><strong>Liana Maria Feix Suski<\/strong><\/p>\n<p>T\u00edtulo: Contribui\u00e7\u00f5es da hermen\u00eautica para o modo de ser do mediador, numa perspectiva de alteridade, na gest\u00e3o do conflito.<\/p>\n<p>Trabalho:&nbsp;<em>aguardando vers\u00e3o final<\/em><\/p>\n<p>Data: 24 de setembro de 2021.<\/p>\n<p>Banca: Dr. Adalberto Narciso Hommerding, Dra. Charlise Paula Colet Gimenez, Dr. Jos\u00e9 Francisco Dias da Costa Lyra, e Dr. Noli Bernardo Hahn, estes da URI, Dr. Humberto Dalla Bernardina de Pinho, da UERJ, e Dr. Marcelo Cacinotti Costa, da UNICRUZ.<\/p>\n\n\n<p><strong>Aline Adams <\/strong><\/p>\n\n\n\n<p>T\u00edtulo: Pautas feministas punitivistas sobe viol\u00eancia contra mulheres e criminologia critica: interconex\u00f5es (im)poss\u00edveis a partir de uma pesquisa emp\u00edrica.<\/p>\n\n\n\n<p>Trabalho: <a href=\"https:\/\/san.uri.br\/mestrado_direito\/wp-content\/uploads\/2023\/08\/Clique-Aqui.pdf\">Clique Aqui!!<\/a><\/p>\n\n\n\n<p>Data: 28 de abril de 2022<\/p>\n\n\n\n<p>Banca Profa. Dra. Ros\u00e2ngela Angelin, Profa. Dra. Luanna Tomaz de Souza, Profa. Dra. Charlise Paula Colet Gimenez, Prof. Dr. Osmar Veronese, Prof. Dr. Andr\u00e9 Leonardo Copetti Santos.<\/p>\n\n\n\n<p><strong>Jacson Bacin Vicente <\/strong><\/p>\n\n\n\n<p>T\u00edtulo: O fen\u00f4meno da globaliza\u00e7\u00e3o e a manuten\u00e7\u00e3o da din\u00e2mica da depend\u00eancia na am\u00e9rica latina dos pa\u00edses centrais do capitalismo atual: uma analise a partir da teoria do sistema-mundo de Immanuel Wallerstein.<\/p>\n\n\n\n<p>Trabalho: <a href=\"https:\/\/san.uri.br\/mestrado_direito\/wp-content\/uploads\/2023\/08\/Clique-Aqui-1.pdf\">Clique Aqui!!<\/a><\/p>\n\n\n\n<p>Data: 18 de dezembro de 2020<\/p>\n\n\n\n<p>Banca: Prof. Dr. Gilmar Ant\u00f4nio Bedin, Prof. Dr. Giovanni Olsson, Profa. Dra. Elenise Felzke Schonardie, Prof. Dr. Jo\u00e3o Martins Bertaso, Prof. Dr. Leonel Severo Rocha, Prof. Dr. Jos\u00e9 Francisco Dias da Costa Lyra.<\/p>\n\n\n\n<p><strong>Jean Mauro Menuzzi<\/strong><\/p>\n\n\n\n<p>T\u00edtulo: A epistemologia da sensibilidade e da diferen\u00e7a e Warat e a constru\u00e7\u00e3o do sentido ecol\u00f3gico de democracia.<\/p>\n\n\n\n<p>Trabalho: <a href=\"https:\/\/san.uri.br\/mestrado_direito\/wp-content\/uploads\/2023\/08\/Clique-Aqui-3.pdf\">Clique Aqui!!<\/a><\/p>\n\n\n\n<p>Data: 30 de novembro de 2022<\/p>\n\n\n\n<p>Banca: Prof. Dr. Leonel Severo Rocha, Prof. Dr. Luiz Felipe Nunes, Prof. Dr. Jo\u00e3o Martins Bertaso, Prof. Dr. Andr\u00e9 Leonardo Copetti Santos, Prof. Dr. Gilmar Ant\u00f4nio Bedin.<\/p>\n\n\n\n<p>I<strong>sabel Cristina Brettas Duarte <\/strong><\/p>\n\n\n\n<p>T\u00edtulo: Personagens femininas de O Tempo e o Vento: olhares mim\u00e9ticos a partir de quest\u00f5es de g\u00eanero e patriarcado <\/p>\n\n\n\n<p>Trabalho: <a href=\"https:\/\/san.uri.br\/mestrado_direito\/wp-content\/uploads\/2024\/06\/TESE-DOUTORADO-ISABEL-24-JULHO.pdf\">Clique Aqui!!<\/a><\/p>\n\n\n\n<p>Data: 25 de agosto de 2023<\/p>\n\n\n\n<p>Banca:  Prof. Dr. Noli Bernardo Hahn, Profa. Dra. Fernanda Busanello Ferreira, Profa. Dra. Geni Vanderleia Moura da Costa, Profa. Dra. Taciana Marconatto Damo Cervi, Profa. Dra. Denise Tatiane Girardon dos Santos<\/p>\n\n\n\n<p><strong>Paulo Adroir Magalh\u00e3es Martins<\/strong><\/p>\n\n\n\n<p>T\u00edtulo: Saindo do casulo\u201d \u2013 um olhar a partir da sociedade de aus\u00eancias e da linha\/zona abissal: efeitos do reconhecimento de mulheres trans frente ao sistema sociojur\u00eddico de direitos humanos no Estado do Rio Grande do Sul (Brasil)<\/p>\n\n\n\n<p>Trabalho: aguardando vers\u00e3o final<\/p>\n\n\n\n<p>Data: 17 de dezembro de 2025<\/p>\n\n\n\n<p>Banca: Profa. Dra. Ros\u00e2ngela Angelin, Prof. Dr. Osmar Veronese, Prof. Dr. Noli Bernardo Hahn, Profa. Dra. Joice Graciele Nielsson, Profa. Dra. Sara Alexandre Domingues Ara\u00fajo.<\/p>\n","protected":false},"excerpt":{"rendered":"<p>1\u00aa Turma (ingresso em 2017) Alini Bueno dos Santos Taborda T\u00edtulo: Media\u00e7\u00e3o Inter\u00e9tnica sob a perspectiva Waratiana Trabalho:&nbsp;Clique Aqui!! Data:&nbsp; 26 de fevereiro de 2021. Banca: Prof. Dr. Leonel Severo Rocha,&nbsp;Prof. Dr. Rog\u00e9rio da Silva,&nbsp;Prof. Dr. Marcelino Meleu,&nbsp;Profa. Dra. Janete Rosa Martins. M\u00e1rio Miguel da Rosa Muraro (in memoriam) T\u00edtulo: GLOBALIZA\u00c7\u00c3O, COOPERA\u00c7\u00c3O ENTRE OS ESTADOS [&hellip;]<\/p>\n","protected":false},"author":1,"featured_media":0,"parent":1243,"menu_order":0,"comment_status":"closed","ping_status":"closed","template":"","meta":[],"_links":{"self":[{"href":"https:\/\/san.uri.br\/mestrado_direito\/index.php\/wp-json\/wp\/v2\/pages\/3469"}],"collection":[{"href":"https:\/\/san.uri.br\/mestrado_direito\/index.php\/wp-json\/wp\/v2\/pages"}],"about":[{"href":"https:\/\/san.uri.br\/mestrado_direito\/index.php\/wp-json\/wp\/v2\/types\/page"}],"author":[{"embeddable":true,"href":"https:\/\/san.uri.br\/mestrado_direito\/index.php\/wp-json\/wp\/v2\/users\/1"}],"replies":[{"embeddable":true,"href":"https:\/\/san.uri.br\/mestrado_direito\/index.php\/wp-json\/wp\/v2\/comments?post=3469"}],"version-history":[{"count":8,"href":"https:\/\/san.uri.br\/mestrado_direito\/index.php\/wp-json\/wp\/v2\/pages\/3469\/revisions"}],"predecessor-version":[{"id":4946,"href":"https:\/\/san.uri.br\/mestrado_direito\/index.php\/wp-json\/wp\/v2\/pages\/3469\/revisions\/4946"}],"up":[{"embeddable":true,"href":"https:\/\/san.uri.br\/mestrado_direito\/index.php\/wp-json\/wp\/v2\/pages\/1243"}],"wp:attachment":[{"href":"https:\/\/san.uri.br\/mestrado_direito\/index.php\/wp-json\/wp\/v2\/media?parent=3469"}],"curies":[{"name":"wp","href":"https:\/\/api.w.org\/{rel}","templated":true}]}}

<p><strong>1ª Turma (ingresso em 2017)</strong></p>
<p><strong>Alini Bueno dos Santos Taborda</strong></p>
<p>Título: Mediação Interétnica sob a perspectiva Waratiana</p>
<p>Trabalho:&nbsp;<a href="http://srvapp2s.santoangelo.uri.br/sites/mestrado_direito/wp-content/uploads/2021/11/Clique-Aqui-14.pdf">Clique Aqui!!</a></p>
<p>Data:&nbsp; 26 de fevereiro de 2021.</p>
<p>Banca: Prof. Dr. Leonel Severo Rocha,&nbsp;Prof. Dr. Rogério da Silva,&nbsp;Prof. Dr. Marcelino Meleu,&nbsp;Profa. Dra. Janete Rosa Martins.</p>
<p><strong>Mário Miguel da Rosa Muraro (<em>in memoriam)</em></strong></p>
<p>Título: GLOBALIZAÇÃO, COOPERAÇÃO ENTRE OS ESTADOS E CRIMINALIDADE TRANSNACIONAL: uma análise dos encontros e desencontros entre o Estatuto do Tribunal Penal Internacional e a legislação brasileira</p>
<p>Trabalho:&nbsp;<a href="http://srvapp2s.santoangelo.uri.br/sites/mestrado_direito/wp-content/uploads/2021/11/Clique-Aqui-15.pdf">Clique Aqui!!</a></p>
<p>Data:&nbsp; 28 de maio de 2021.</p>
<p>Banca: Dr. Gilmar Antonio Bedin, Dr. José Francisco Dias da Costa Lyra e Dr. Osmar Veronese, estes da URI, Dra. Odete Maria de Oliveira, da UFSC, e Dr. Florisbal de Souza Del&#8217;Olmo, da UFSC.</p>
<p><strong>Luthianne Perin Ferreira Lunardi</strong></p>
<p>Título: As (im)possibilidades de uma cidadania pluralista a partir da teoria do Estado Constitucional de Peter Häberle.</p>
<p>Trabalho:&nbsp;<a href="http://srvapp2s.santoangelo.uri.br/sites/mestrado_direito/wp-content/uploads/2021/11/Clique-Aqui-16.pdf">Clique Aqui!!</a></p>
<p>Data: 20 de agosto de 2021.</p>
<p>Banca: Dr. João Martins Bertaso, Dr. Gilmar Antonio Bedin e Dr. Osmar Veronese, estes da URI,&nbsp; Dr. Rogério da Silva, da UPF, e Dr. Newton César Pilau, da UNIVALI.</p>
<p><strong>Alexsandra Gato Rodrigues</strong></p>
<p>Título: Direitos Fundamentais e Justiça Constitucional: a tensão entre a judicialização da política e a teoria da legislação.</p>
<p>Trabalho:&nbsp;<a href="http://srvapp2s.santoangelo.uri.br/sites/mestrado_direito/wp-content/uploads/2021/11/Clique-Aqui-17.pdf">Clique Aqui!!</a></p>
<p>Data: 30 de julho de 2021.</p>
<p>Banca: Dr. José Francisco Dias da Costa Lyra, Dr. Adalberto Narciso Hommerding e Dr. Jacson Roberto Cervi, estes da URI, Dr. André Leonardo Copetti Santos, da UNIJUJI, e Dr. Cláudio Rogério Souza Lira, da FEMA.</p>
<p><strong>Liana Maria Feix Suski</strong></p>
<p>Título: Contribuições da hermenêutica para o modo de ser do mediador, numa perspectiva de alteridade, na gestão do conflito.</p>
<p>Trabalho:&nbsp;<em>aguardando versão final</em></p>
<p>Data: 24 de setembro de 2021.</p>
<p>Banca: Dr. Adalberto Narciso Hommerding, Dra. Charlise Paula Colet Gimenez, Dr. José Francisco Dias da Costa Lyra, e Dr. Noli Bernardo Hahn, estes da URI, Dr. Humberto Dalla Bernardina de Pinho, da UERJ, e Dr. Marcelo Cacinotti Costa, da UNICRUZ.</p>


<p><strong>Aline Adams </strong></p>



<p>Título: Pautas feministas punitivistas sobe violência contra mulheres e criminologia critica: interconexões (im)possíveis a partir de uma pesquisa empírica.</p>



<p>Trabalho: <a href="https://san.uri.br/mestrado_direito/wp-content/uploads/2023/08/Clique-Aqui.pdf">Clique Aqui!!</a></p>



<p>Data: 28 de abril de 2022</p>



<p>Banca Profa. Dra. Rosângela Angelin, Profa. Dra. Luanna Tomaz de Souza, Profa. Dra. Charlise Paula Colet Gimenez, Prof. Dr. Osmar Veronese, Prof. Dr. André Leonardo Copetti Santos.</p>



<p><strong>Jacson Bacin Vicente </strong></p>



<p>Título: O fenômeno da globalização e a manutenção da dinâmica da dependência na américa latina dos países centrais do capitalismo atual: uma analise a partir da teoria do sistema-mundo de Immanuel Wallerstein.</p>



<p>Trabalho: <a href="https://san.uri.br/mestrado_direito/wp-content/uploads/2023/08/Clique-Aqui-1.pdf">Clique Aqui!!</a></p>



<p>Data: 18 de dezembro de 2020</p>



<p>Banca: Prof. Dr. Gilmar Antônio Bedin, Prof. Dr. Giovanni Olsson, Profa. Dra. Elenise Felzke Schonardie, Prof. Dr. João Martins Bertaso, Prof. Dr. Leonel Severo Rocha, Prof. Dr. José Francisco Dias da Costa Lyra.</p>



<p><strong>Jean Mauro Menuzzi</strong></p>



<p>Título: A epistemologia da sensibilidade e da diferença e Warat e a construção do sentido ecológico de democracia.</p>



<p>Trabalho: <a href="https://san.uri.br/mestrado_direito/wp-content/uploads/2023/08/Clique-Aqui-3.pdf">Clique Aqui!!</a></p>



<p>Data: 30 de novembro de 2022</p>



<p>Banca: Prof. Dr. Leonel Severo Rocha, Prof. Dr. Luiz Felipe Nunes, Prof. Dr. João Martins Bertaso, Prof. Dr. André Leonardo Copetti Santos, Prof. Dr. Gilmar Antônio Bedin.</p>



<p>I<strong>sabel Cristina Brettas Duarte </strong></p>



<p>Título: Personagens femininas de O Tempo e o Vento: olhares miméticos a partir de questões de gênero e patriarcado </p>



<p>Trabalho: <a href="https://san.uri.br/mestrado_direito/wp-content/uploads/2024/06/TESE-DOUTORADO-ISABEL-24-JULHO.pdf">Clique Aqui!!</a></p>



<p>Data: 25 de agosto de 2023</p>



<p>Banca:  Prof. Dr. Noli Bernardo Hahn, Profa. Dra. Fernanda Busanello Ferreira, Profa. Dra. Geni Vanderleia Moura da Costa, Profa. Dra. Taciana Marconatto Damo Cervi, Profa. Dra. Denise Tatiane Girardon dos Santos</p>



<p><strong>Paulo Adroir Magalhães Martins</strong></p>



<p>Título: Saindo do casulo” – um olhar a partir da sociedade de ausências e da linha/zona abissal: efeitos do reconhecimento de mulheres trans frente ao sistema sociojurídico de direitos humanos no Estado do Rio Grande do Sul (Brasil)</p>



<p>Trabalho: aguardando versão final</p>



<p>Data: 17 de dezembro de 2025</p>



<p>Banca: Profa. Dra. Rosângela Angelin, Prof. Dr. Osmar Veronese, Prof. Dr. Noli Bernardo Hahn, Profa. Dra. Joice Graciele Nielsson, Profa. Dra. Sara Alexandre Domingues Araújo.</p>

<p>1ª Turma (ingresso em 2017) Alini Bueno dos Santos Taborda Título: Mediação Interétnica sob a perspectiva Waratiana Trabalho:&nbsp;Clique Aqui!! Data:&nbsp; 26 de fevereiro de 2021. Banca: Prof. Dr. Leonel Severo Rocha,&nbsp;Prof. Dr. Rogério da Silva,&nbsp;Prof. Dr. Marcelino Meleu,&nbsp;Profa. Dra. Janete Rosa Martins. Mário Miguel da Rosa Muraro (in memoriam) Título: GLOBALIZAÇÃO, COOPERAÇÃO ENTRE OS ESTADOS [&hellip;]</p>
