{"id":3454,"date":"2021-11-03T13:44:44","date_gmt":"2021-11-03T16:44:44","guid":{"rendered":"http:\/\/srvapp2s.santoangelo.uri.br\/sites\/mestrado_direito\/?page_id=3454"},"modified":"2025-01-20T16:30:42","modified_gmt":"2025-01-20T19:30:42","slug":"2022-2","status":"publish","type":"page","link":"https:\/\/san.uri.br\/mestrado_direito\/index.php\/mestrado\/dissertacoes\/2022-2\/","title":{"rendered":"2022"},"content":{"rendered":"\n<p><strong>15\u00aa Turma (Ingresso em 2020)<\/strong><\/p>\n\n\n\n<p><strong>ALANA TA\u00cdSE CASTRO SARTORI<\/strong><\/p>\n\n\n\n<p>T\u00edtulo:&nbsp;Contribui\u00e7\u00f5es te\u00f3ricas do cristianismo n\u00e3o-religioso para a concep\u00e7\u00e3o de direito contra-hegem\u00f4nico na perspectiva vattimiana<\/p>\n\n\n\n<p>Trabalho: <a href=\"https:\/\/san.uri.br\/mestrado_direito\/wp-content\/uploads\/2023\/08\/ALANA-dissertacao-completa-VERSAO-FINAL-2.pdf\">Clique Aqui!!<\/a><\/p>\n\n\n\n<p>Data de defesa:&nbsp;15 de fevereiro de 2022<\/p>\n\n\n\n<p>Banca:&nbsp;Dr.&nbsp;Noli Bernardo Hahn e Dr. Leonel Severo Rocha, estes da URI, Dr.&nbsp;L\u00edvio Osvaldo Arenhart, da UFFS, e Dr. Celso Gabatz, da EST.<\/p>\n\n\n\n<p><strong>ALINE PODKOWA<\/strong><\/p>\n\n\n\n<p>T\u00edtulo: Movimentos feministas e de mulheres na ditadura civil-militar 1964\/1985 e suas contribui\u00e7\u00f5es para a positiva\u00e7\u00e3o de direitos humanos das mulheres na constitui\u00e7\u00e3o federal de 1988.<\/p>\n\n\n\n<p>Trabalho: aguardando vers\u00e3o final<\/p>\n\n\n\n<p>Data: 16 de dezembro de 2024<\/p>\n\n\n\n<p>Banca: Profa. Dra. Ros\u00e2ngela Angelin, Prof. Dr. Noli Bernardo Hahn, Profa. Dra. Val\u00e9ria Ribas do Nascimento.<\/p>\n\n\n\n<p><strong>ANELISE BOURSCHEIDT DE ANDRADE<\/strong><\/p>\n\n\n\n<p>T\u00edtulo: A sociedade de risco e a quest\u00e3o criminal: contributos sociol\u00f3gicos para uma nova criminologia?<\/p>\n\n\n\n<p>Trabalho: <a href=\"https:\/\/san.uri.br\/mestrado_direito\/wp-content\/uploads\/2023\/08\/DISSERTACAO-FINALIZADA-2-1.pdf\">Clique Aqui!!<\/a><\/p>\n\n\n\n<p>Data: 31 de maio de 2022<\/p>\n\n\n\n<p>Banca: Prof. Dr. Jos\u00e9 Francisco Dias da Costa Lyra, Prof. Dr. Leonel Severo Rocha, Prof. Dr. Francis Beck.<\/p>\n\n\n\n<p><strong>CAMILA SEFFRIN DA SILVA<\/strong><\/p>\n\n\n\n<p>T\u00edtulo: O Direito Ao Desenvolvimento E O Papel Da Categoria Jur\u00eddica Da Fraternidade: Uma An\u00e1lise A Partir Da Realidade Brasileira Atual<\/p>\n\n\n\n<p>Trabalho: <a href=\"https:\/\/san.uri.br\/mestrado_direito\/wp-content\/uploads\/2023\/08\/versao-final-Dissertacao-de-Mestrado-2.pdf\">Clique Aqui!!<\/a><\/p>\n\n\n\n<p>Data de defesa: 16 de fevereiro de 2022<\/p>\n\n\n\n<p>Banca: Dr. Gilmar Antonio Bedin e Dra. Charlise Paula Colet Gimenez, estes da URI, e Dra. Janete Rosa Martins, da UNIJUI.<\/p>\n\n\n\n<p><strong>GABRIELA LIANDRA CORTEZIA<\/strong><\/p>\n\n\n\n<p>T\u00edtulo: A Realiza\u00e7\u00e3o da cidadania em rela\u00e7\u00e3o \u00e0s Politicas Publicas tributarias e \u00e0 desigualdade social no Brasil.<\/p>\n\n\n\n<p>Trabalho: <a href=\"https:\/\/san.uri.br\/mestrado_direito\/wp-content\/uploads\/2023\/08\/VERSAO-FINAL-GABRIELA-L.-CORTEZIA-1.pdf\">Clique Aqui!!<\/a><\/p>\n\n\n\n<p>Data: 30 de novembro de 2022<\/p>\n\n\n\n<p>Banca: Prof. Dr. Jo\u00e3o Martins Bertaso, Profa. Janete Rosa Martins, Prof. Dr. Marciano Buffon<\/p>\n\n\n\n<p><strong>JAQUELINE REGINALDO DE ALMEIDA<\/strong><\/p>\n\n\n\n<p>T\u00edtulo: Povos Ind\u00edgenas, Vida Nua E Pol\u00edtica De Morte: A Proposta De Uma Cidadania Descolonial E Intercultural Na Efetiva\u00e7\u00e3o Dos Direitos Ind\u00edgenas<\/p>\n\n\n\n<p>Trabalho: <em>Aguardando vers\u00e3o final<\/em><\/p>\n\n\n\n<p>Data de defesa: 21 de fevereiro de 2022<\/p>\n\n\n\n<p>Banca: Prof. Dr. Osmar Veronese, Prof. Dr. Jacson Roberto Cervi, Profa. Dra. Silvia Maria da Silveira Loureiro.<\/p>\n\n\n\n<p><strong>LARISSA REGINATTO SALDANHA<\/strong><\/p>\n\n\n\n<p>T\u00edtulo: O direito fundamental \u00e0 conviv\u00eancia familiar: a ado\u00e7\u00e3o no Estado Democr\u00e1tico de Direito<\/p>\n\n\n\n<p>Trabalho: <a href=\"https:\/\/san.uri.br\/mestrado_direito\/wp-content\/uploads\/2023\/08\/Larissa-Reginatto-Saldanha-1.pdf\">Clique Aqui!!<\/a><\/p>\n\n\n\n<p>Data de defesa: 14 de dezembro de 2021<\/p>\n\n\n\n<p>Banca: Dr. Noli Bernardo Hahn e Dr. Jos\u00e9 Alceb\u00edades de Oliveira J\u00fanior, estes da URI, e Dra. Sandra Vidal Nogueira, da UFFS.<\/p>\n\n\n\n<p><strong>MARIA EDUARDA RODRIGUES LONDERO<\/strong><\/p>\n\n\n\n<p>T\u00edtulo:  A politica de regulariza\u00e7\u00e3o fundi\u00e1ria como condi\u00e7\u00e3o de possibilidade da garantia ao direito \u00e0 moradia. <\/p>\n\n\n\n<p>Trabalho: <em>Aguardando vers\u00e3o final<\/em><\/p>\n\n\n\n<p>Data: 25 de agosto de 2023<\/p>\n\n\n\n<p>Banca: Prof. Dr. Adalberto Narcis<\/p>\n\n\n\n<p>Fo Hommerding, Prof. Dr. Jacson Roberto Cervi, Prof. Dr. Domingos Benedetti Rodrigues.<\/p>\n\n\n\n<p><strong>MARIA HELENA LACERDA<\/strong><\/p>\n\n\n\n<p>T\u00edtulo: Contribui\u00e7\u00f5es da Media\u00e7\u00e3o como Pol\u00edtica P\u00fablica de Autocomposi\u00e7\u00e3o de Conflitos, na Resolu\u00e7\u00e3o de Conflitos Trabalhistas: Um Estudo a Partir da Resolu\u00e7\u00e3o 174 do Conselho Superior de Justi\u00e7a do Trabalho.<\/p>\n\n\n\n<p>Trabalho: <em>Aguardando vers\u00e3o final<\/em><\/p>\n\n\n\n<p>Data: 27 de maio de 2022<\/p>\n\n\n\n<p>Banca: Profa. Dra. Charlise Paula Colet Gimenez, Profa. Dra. Janete Rosa Martins, Profa. Dra. Suzete da Silva Reis.<\/p>\n\n\n\n<p><strong>SILVIA LISIANE GRESSLER MOREIRA<\/strong><\/p>\n\n\n\n<p>T\u00edtulo: O Estado Democr\u00e1tico De Direito E O Populismo: Uma An\u00e1lise Da Crise Pol\u00edtica Brasileira Atual<\/p>\n\n\n\n<p>Trabalho: <a href=\"https:\/\/san.uri.br\/mestrado_direito\/wp-content\/uploads\/2023\/08\/DISSERTACAO-VERSAO-FINAL-SILVIA-13042022.pdf\">Clique Aqui!!<\/a><\/p>\n\n\n\n<p>Data de defesa: 24 de fevereiro de 2022<\/p>\n\n\n\n<p>Banca: Dr. Jos\u00e9 Francisco Dias da Costa Lyra e Dr. Gilmar Ant\u00f4nio Bedin, estes da URI, e Dr. Francisco Jos\u00e9 Borges Motta, do FMP.<\/p>\n\n\n\n<p><strong>ST\u00c9FANI REIMANN PATZ<\/strong><\/p>\n\n\n\n<p>T\u00edtulo: O Uso De Tecnologias De Perfilamento No Controle Migrat\u00f3rio: Um Estudo Sobre O Tratamento Dos Dados Pessoais Dos Migrantes Na Sociedade Da Informa\u00e7\u00e3o E Da Vigil\u00e2ncia<\/p>\n\n\n\n<p>Trabalho: <a href=\"https:\/\/san.uri.br\/mestrado_direito\/wp-content\/uploads\/2023\/08\/Dissertac\u0327a\u0303o-Ste\u0301fani-Reimann-Patz-Versao-final.pdf\">Clique Aqui!!<\/a><\/p>\n\n\n\n<p>Data de defesa: 14 de fevereiro de 2022<\/p>\n\n\n\n<p>Banca: Dra. Thami Covatti Piaia e Dr. Gilmar Antonio Bedin, estes da URI, Dr. Eduardo Tomasevicius Filho da USP, e Dr. C\u00edcero Krupp da Luz &nbsp;da FDSM.<\/p>\n","protected":false},"excerpt":{"rendered":"<p>15\u00aa Turma (Ingresso em 2020) ALANA TA\u00cdSE CASTRO SARTORI T\u00edtulo:&nbsp;Contribui\u00e7\u00f5es te\u00f3ricas do cristianismo n\u00e3o-religioso para a concep\u00e7\u00e3o de direito contra-hegem\u00f4nico na perspectiva vattimiana Trabalho: Clique Aqui!! Data de defesa:&nbsp;15 de fevereiro de 2022 Banca:&nbsp;Dr.&nbsp;Noli Bernardo Hahn e Dr. Leonel Severo Rocha, estes da URI, Dr.&nbsp;L\u00edvio Osvaldo Arenhart, da UFFS, e Dr. Celso Gabatz, da EST. [&hellip;]<\/p>\n","protected":false},"author":1,"featured_media":0,"parent":70,"menu_order":0,"comment_status":"closed","ping_status":"closed","template":"","meta":[],"_links":{"self":[{"href":"https:\/\/san.uri.br\/mestrado_direito\/index.php\/wp-json\/wp\/v2\/pages\/3454"}],"collection":[{"href":"https:\/\/san.uri.br\/mestrado_direito\/index.php\/wp-json\/wp\/v2\/pages"}],"about":[{"href":"https:\/\/san.uri.br\/mestrado_direito\/index.php\/wp-json\/wp\/v2\/types\/page"}],"author":[{"embeddable":true,"href":"https:\/\/san.uri.br\/mestrado_direito\/index.php\/wp-json\/wp\/v2\/users\/1"}],"replies":[{"embeddable":true,"href":"https:\/\/san.uri.br\/mestrado_direito\/index.php\/wp-json\/wp\/v2\/comments?post=3454"}],"version-history":[{"count":5,"href":"https:\/\/san.uri.br\/mestrado_direito\/index.php\/wp-json\/wp\/v2\/pages\/3454\/revisions"}],"predecessor-version":[{"id":4672,"href":"https:\/\/san.uri.br\/mestrado_direito\/index.php\/wp-json\/wp\/v2\/pages\/3454\/revisions\/4672"}],"up":[{"embeddable":true,"href":"https:\/\/san.uri.br\/mestrado_direito\/index.php\/wp-json\/wp\/v2\/pages\/70"}],"wp:attachment":[{"href":"https:\/\/san.uri.br\/mestrado_direito\/index.php\/wp-json\/wp\/v2\/media?parent=3454"}],"curies":[{"name":"wp","href":"https:\/\/api.w.org\/{rel}","templated":true}]}}

<p><strong>15ª Turma (Ingresso em 2020)</strong></p>



<p><strong>ALANA TAÍSE CASTRO SARTORI</strong></p>



<p>Título:&nbsp;Contribuições teóricas do cristianismo não-religioso para a concepção de direito contra-hegemônico na perspectiva vattimiana</p>



<p>Trabalho: <a href="https://san.uri.br/mestrado_direito/wp-content/uploads/2023/08/ALANA-dissertacao-completa-VERSAO-FINAL-2.pdf">Clique Aqui!!</a></p>



<p>Data de defesa:&nbsp;15 de fevereiro de 2022</p>



<p>Banca:&nbsp;Dr.&nbsp;Noli Bernardo Hahn e Dr. Leonel Severo Rocha, estes da URI, Dr.&nbsp;Lívio Osvaldo Arenhart, da UFFS, e Dr. Celso Gabatz, da EST.</p>



<p><strong>ALINE PODKOWA</strong></p>



<p>Título: Movimentos feministas e de mulheres na ditadura civil-militar 1964/1985 e suas contribuições para a positivação de direitos humanos das mulheres na constituição federal de 1988.</p>



<p>Trabalho: aguardando versão final</p>



<p>Data: 16 de dezembro de 2024</p>



<p>Banca: Profa. Dra. Rosângela Angelin, Prof. Dr. Noli Bernardo Hahn, Profa. Dra. Valéria Ribas do Nascimento.</p>



<p><strong>ANELISE BOURSCHEIDT DE ANDRADE</strong></p>



<p>Título: A sociedade de risco e a questão criminal: contributos sociológicos para uma nova criminologia?</p>



<p>Trabalho: <a href="https://san.uri.br/mestrado_direito/wp-content/uploads/2023/08/DISSERTACAO-FINALIZADA-2-1.pdf">Clique Aqui!!</a></p>



<p>Data: 31 de maio de 2022</p>



<p>Banca: Prof. Dr. José Francisco Dias da Costa Lyra, Prof. Dr. Leonel Severo Rocha, Prof. Dr. Francis Beck.</p>



<p><strong>CAMILA SEFFRIN DA SILVA</strong></p>



<p>Título: O Direito Ao Desenvolvimento E O Papel Da Categoria Jurídica Da Fraternidade: Uma Análise A Partir Da Realidade Brasileira Atual</p>



<p>Trabalho: <a href="https://san.uri.br/mestrado_direito/wp-content/uploads/2023/08/versao-final-Dissertacao-de-Mestrado-2.pdf">Clique Aqui!!</a></p>



<p>Data de defesa: 16 de fevereiro de 2022</p>



<p>Banca: Dr. Gilmar Antonio Bedin e Dra. Charlise Paula Colet Gimenez, estes da URI, e Dra. Janete Rosa Martins, da UNIJUI.</p>



<p><strong>GABRIELA LIANDRA CORTEZIA</strong></p>



<p>Título: A Realização da cidadania em relação às Politicas Publicas tributarias e à desigualdade social no Brasil.</p>



<p>Trabalho: <a href="https://san.uri.br/mestrado_direito/wp-content/uploads/2023/08/VERSAO-FINAL-GABRIELA-L.-CORTEZIA-1.pdf">Clique Aqui!!</a></p>



<p>Data: 30 de novembro de 2022</p>



<p>Banca: Prof. Dr. João Martins Bertaso, Profa. Janete Rosa Martins, Prof. Dr. Marciano Buffon</p>



<p><strong>JAQUELINE REGINALDO DE ALMEIDA</strong></p>



<p>Título: Povos Indígenas, Vida Nua E Política De Morte: A Proposta De Uma Cidadania Descolonial E Intercultural Na Efetivação Dos Direitos Indígenas</p>



<p>Trabalho: <em>Aguardando versão final</em></p>



<p>Data de defesa: 21 de fevereiro de 2022</p>



<p>Banca: Prof. Dr. Osmar Veronese, Prof. Dr. Jacson Roberto Cervi, Profa. Dra. Silvia Maria da Silveira Loureiro.</p>



<p><strong>LARISSA REGINATTO SALDANHA</strong></p>



<p>Título: O direito fundamental à convivência familiar: a adoção no Estado Democrático de Direito</p>



<p>Trabalho: <a href="https://san.uri.br/mestrado_direito/wp-content/uploads/2023/08/Larissa-Reginatto-Saldanha-1.pdf">Clique Aqui!!</a></p>



<p>Data de defesa: 14 de dezembro de 2021</p>



<p>Banca: Dr. Noli Bernardo Hahn e Dr. José Alcebíades de Oliveira Júnior, estes da URI, e Dra. Sandra Vidal Nogueira, da UFFS.</p>



<p><strong>MARIA EDUARDA RODRIGUES LONDERO</strong></p>



<p>Título:  A politica de regularização fundiária como condição de possibilidade da garantia ao direito à moradia. </p>



<p>Trabalho: <em>Aguardando versão final</em></p>



<p>Data: 25 de agosto de 2023</p>



<p>Banca: Prof. Dr. Adalberto Narcis</p>



<p>Fo Hommerding, Prof. Dr. Jacson Roberto Cervi, Prof. Dr. Domingos Benedetti Rodrigues.</p>



<p><strong>MARIA HELENA LACERDA</strong></p>



<p>Título: Contribuições da Mediação como Política Pública de Autocomposição de Conflitos, na Resolução de Conflitos Trabalhistas: Um Estudo a Partir da Resolução 174 do Conselho Superior de Justiça do Trabalho.</p>



<p>Trabalho: <em>Aguardando versão final</em></p>



<p>Data: 27 de maio de 2022</p>



<p>Banca: Profa. Dra. Charlise Paula Colet Gimenez, Profa. Dra. Janete Rosa Martins, Profa. Dra. Suzete da Silva Reis.</p>



<p><strong>SILVIA LISIANE GRESSLER MOREIRA</strong></p>



<p>Título: O Estado Democrático De Direito E O Populismo: Uma Análise Da Crise Política Brasileira Atual</p>



<p>Trabalho: <a href="https://san.uri.br/mestrado_direito/wp-content/uploads/2023/08/DISSERTACAO-VERSAO-FINAL-SILVIA-13042022.pdf">Clique Aqui!!</a></p>



<p>Data de defesa: 24 de fevereiro de 2022</p>



<p>Banca: Dr. José Francisco Dias da Costa Lyra e Dr. Gilmar Antônio Bedin, estes da URI, e Dr. Francisco José Borges Motta, do FMP.</p>



<p><strong>STÉFANI REIMANN PATZ</strong></p>



<p>Título: O Uso De Tecnologias De Perfilamento No Controle Migratório: Um Estudo Sobre O Tratamento Dos Dados Pessoais Dos Migrantes Na Sociedade Da Informação E Da Vigilância</p>



<p>Trabalho: <a href="https://san.uri.br/mestrado_direito/wp-content/uploads/2023/08/Dissertação-Stéfani-Reimann-Patz-Versao-final.pdf">Clique Aqui!!</a></p>



<p>Data de defesa: 14 de fevereiro de 2022</p>



<p>Banca: Dra. Thami Covatti Piaia e Dr. Gilmar Antonio Bedin, estes da URI, Dr. Eduardo Tomasevicius Filho da USP, e Dr. Cícero Krupp da Luz &nbsp;da FDSM.</p>

<p>15ª Turma (Ingresso em 2020) ALANA TAÍSE CASTRO SARTORI Título:&nbsp;Contribuições teóricas do cristianismo não-religioso para a concepção de direito contra-hegemônico na perspectiva vattimiana Trabalho: Clique Aqui!! Data de defesa:&nbsp;15 de fevereiro de 2022 Banca:&nbsp;Dr.&nbsp;Noli Bernardo Hahn e Dr. Leonel Severo Rocha, estes da URI, Dr.&nbsp;Lívio Osvaldo Arenhart, da UFFS, e Dr. Celso Gabatz, da EST. [&hellip;]</p>
