{"id":1741,"date":"2017-03-21T10:25:19","date_gmt":"2017-03-21T13:25:19","guid":{"rendered":"http:\/\/srvapp2s.santoangelo.uri.br\/sites\/mestrado_direito\/?page_id=1741"},"modified":"2017-03-21T10:25:19","modified_gmt":"2017-03-21T13:25:19","slug":"2013-2","status":"publish","type":"page","link":"https:\/\/san.uri.br\/mestrado_direito\/index.php\/mestrado\/dissertacoes\/2013-2\/","title":{"rendered":"2013"},"content":{"rendered":"<p>6\u00aa Turma (ingresso: 03\/2011)<\/p>\n<p>Aline Andriguetto<\/p>\n<p>T\u00edtulo: <em>Direitos Humanos e diversidade: a prote\u00e7\u00e3o das minorias \u00e9tnico-culturais no Brasil<\/em><\/p>\n<p>Data de defesa: 27 de fevereiro de 2013<\/p>\n<p>Banca de defesa: Prof. Dr. Jo\u00e3o Martins Bertaso e Prof. Dr. Noli Bernardo Hahn, estes da URI, e Profa. Dra. Fernanda Frizzo Bragato da UNISINOS.<\/p>\n<p>&nbsp;<\/p>\n<p>6\u00aa Turma (ingresso: 03\/2011)<\/p>\n<p><a href=\"http:\/\/buscatextual.cnpq.br\/buscatextual\/visualizacv.do?id=K4407190D7\">Carlos Eduardo Rodrigues Lima<\/a><\/p>\n<p>T\u00edtulo: <em>A media\u00e7\u00e3o como possibilidade (des)vinculat\u00f3ria da proposta pol\u00edtico-jur\u00eddica do Estado Democr\u00e1tico de Direito: A liberdade como resposta a concretiza\u00e7\u00e3o do Estado Democr\u00e1tico e Social de Direito<\/em><\/p>\n<p>Data de defesa: 23 de agosto de 2013<\/p>\n<p>Banca de defesa: Prof. Dr. Mauro Jos\u00e9 Gaglietti e Prof. Dr. Jo\u00e3o Martins Bertaso, estes da URI, e Profa. Dra. Marli Marlene Moraes da Costa da UNISC.<\/p>\n<p>&nbsp;<\/p>\n<p>6\u00aa Turma (ingresso: 03\/2011)<\/p>\n<p><a href=\"http:\/\/buscatextual.cnpq.br\/buscatextual\/visualizacv.do?id=K4210699D4\">Cl\u00e1udio Rog\u00e9rio Sousa Lira<\/a><\/p>\n<p>T\u00edtulo:<em> SISTEMA DO DIREITO: A (IR) RACIONALIDADE LEGISLATIVA LEGITIMADORA DA EXPANS\u00c3O E TRANSFORMA\u00c7\u00c3O DO DIREITO PENAL<\/em><\/p>\n<p>Data de defesa: 6 de dezembro de 2012<\/p>\n<p>Banca de defesa: Prof. Dr. Adalberto Narciso Hommerding e Prof. Dr. Jos\u00e9 Francisco Dias da Costa Lyra, estes da URI, e Prof. Dr. Livio Osvaldo Arenhart da UFFS.<\/p>\n<p>&nbsp;<\/p>\n<p>6\u00aa Turma (ingresso: 03\/2011)<\/p>\n<p><a href=\"http:\/\/buscatextual.cnpq.br\/buscatextual\/visualizacv.do?id=K4474876H0\">Daniel Scremin de Oliveira<\/a><\/p>\n<p>T\u00edtulo:<em> A efic\u00e1cia do juizado Especial Criminal como nova forma de solu\u00e7\u00e3o de conflitos.<\/em><\/p>\n<p>Data de defesa: 30 de agosto de 2013<\/p>\n<p>Banca de defesa: Prof. Dr. Andr\u00e9 Leonardo Copetti Santos, este da URI, e Profa. Dra. Val\u00e9ria Ribas do Nascimento da UFSM.<\/p>\n<p>&nbsp;<\/p>\n<p>6\u00aa Turma (ingresso: 03\/2011)<\/p>\n<p><a href=\"http:\/\/buscatextual.cnpq.br\/buscatextual\/visualizacv.do?id=K4404648E0\">Estela Maria Trem\u00e9a<\/a><\/p>\n<p>T\u00edtulo: Racismo ambiental: A luta por justi\u00e7a ambiental e pela preserva\u00e7\u00e3o dos direitos humanos e ambientais em uma sociedade plural.<\/p>\n<p>Data de defesa: 28 de fevereiro de 2013<\/p>\n<p>Banca de defesa: Profa. Dra. Angelita Maria Maders e Prof. Dr. Andr\u00e9 Leonardo\u00a0 Copetti\u00a0 Santos, estes da URI, e Prof. Dr. Luiz Ernani Bonesso de Ara\u00fajo da UFSM.<\/p>\n<p>&nbsp;<\/p>\n<p>6\u00aa Turma (ingresso: 03\/2011)<\/p>\n<p><a href=\"http:\/\/buscatextual.cnpq.br\/buscatextual\/visualizacv.do?id=K4436443P3\">Fernanda Ajnhorn<\/a><\/p>\n<p>T\u00edtulo:<em> A colis\u00e3o entre os princ\u00edpios constitucionais do direito de propriedade e da prote\u00e7\u00e3o ao patrim\u00f4nio hist\u00f3rico e cultural \u2013 uma an\u00e1lise a partir da Teoria Alexyana.<\/em><\/p>\n<p>Data de defesa: 30 de agosto de 2013.<\/p>\n<p>Banca de defesa: Prof. Dr. Jos\u00e9 Francisco Dias da Costa Lyra e Prof. Dr. Andr\u00e9 Leonardo Copetti Santos, estes da URI, e Prof. Dr. Jer\u00f4nimo Siqueira Tybusch da UFSM.<\/p>\n<p>&nbsp;<\/p>\n<p>6\u00aa Turma (ingresso: 03\/2011)<\/p>\n<p>Fernanda Rodrighero de Oliveira Justino<\/p>\n<p>T\u00edtulo:<em> Feminismo e Luta pelo Reconhecimento dos Direitos \u00e0 Diferen\u00e7a das Mulheres Brasileiras: Uma Abordagem Sob o Olhar dos Princ\u00edpios Constitucionais da Isonomia e da Dignidade da Pessoa Humana.<\/em><\/p>\n<p>Data de defesa: 13 de junho de 2013<\/p>\n<p>Banca de defesa: Prof. Dr. Andr\u00e9 Leonardo Copetti Santos, este da URI, e Profa. Dra. Elenise Felzke Schonardie, da UNIJUI.<\/p>\n<p>&nbsp;<\/p>\n<p>6\u00aa Turma (ingresso: 03\/2011)<\/p>\n<p><a href=\"http:\/\/buscatextual.cnpq.br\/buscatextual\/visualizacv.do?id=K4511728D2\">Fernando Tonet<\/a><\/p>\n<p>T\u00edtulo:<em> Reconfigura\u00e7\u00f5es do Constitucionalismo: Evolu\u00e7\u00e3o e modelos constitucionais sist\u00eamicos e multiculturais na p\u00f3s &#8211; modernidade.<\/em><\/p>\n<p>Data de defesa: 23 de agosto de 2012<\/p>\n<p>Banca de defesa: Prof. Dr. Leonel Severo Rocha e Prof. Dr. Jo\u00e3o Martins Bertaso,\u00a0 estes da URI, e Prof. Dr. Felipe Chiarello da MACKENZIE.<\/p>\n<p>&nbsp;<\/p>\n<p>6\u00aa Turma (ingresso: 03\/2011)<\/p>\n<p><a href=\"http:\/\/buscatextual.cnpq.br\/buscatextual\/visualizacv.do?id=K4486214T8\">Humberto Acacio Trez Seadi<\/a><\/p>\n<p>T\u00edtulo:<em> Discurso e Legitimidade: aportes habermasianos ao modelo brasileiro de acesso \u00e0 Previd\u00eancia Social.<\/em><\/p>\n<p>Data de defesa: 23 de agosto de 2013<\/p>\n<p>Banca de defesa: Prof. Dr. Jos\u00e9 Francisco Dias da Costa Lyra e\u00a0 Profa. Dra. Ros\u00e2ngela Angelin, estes da URI, e Profa. Dra. Maria Eug\u00eania Bunchaft da UNISINOS<\/p>\n<p>&nbsp;<\/p>\n<p>6\u00aa Turma (ingresso: 03\/2011)<\/p>\n<p><a href=\"http:\/\/buscatextual.cnpq.br\/buscatextual\/visualizacv.do?id=K4202604Y6\">Jana\u00edna Faverzani da Luz<\/a><\/p>\n<p>T\u00edtulo:<em> A media\u00e7\u00e3o como mecanismo na resolu\u00e7\u00e3o de conflitos na esfera familiar<\/em>.<\/p>\n<p>Data de defesa: 25 de fevereiro de 2013<\/p>\n<p>Banca de defesa: Prof. Dr. Mauro Jos\u00e9 Gaglietti e Prof. Dr. Andr\u00e9 Leonardo Santos Copetti, estes da URI, e Profa. Dra. Daniela Vanila Nakalski Benetti da UNIPAMPA.<\/p>\n<p>&nbsp;<\/p>\n<p>6\u00aa Turma (ingresso: 03\/2011)<\/p>\n<p><a href=\"http:\/\/buscatextual.cnpq.br\/buscatextual\/visualizacv.do?id=K4365809H6\">Josiane Mallet Balb\u00e9<\/a><\/p>\n<p>T\u00edtulo:<em> O Poder Judici\u00e1rio e a Inefetividade dos Direitos Fundamentais.<\/em><\/p>\n<p>Data de defesa: 04 de dezembro de 2013<\/p>\n<p>Banca de defesa: Profa. Dra. Ros\u00e2ngela Angelin e Prof. Dr. Osmar Veronese, estes da URI, e Prof. Dr. Jer\u00f4nimo Siqueira Tybusch da UFSM.<\/p>\n<p>&nbsp;<\/p>\n<p>6\u00aa Turma (ingresso: 03\/2011)<\/p>\n<p><a href=\"http:\/\/buscatextual.cnpq.br\/buscatextual\/visualizacv.do?id=K4221636A3\">Lu\u00eds Eduardo Nascimento Moraes<\/a><\/p>\n<p>T\u00edtulo:<em> A\u00e7\u00f5es Afirmativas, Igualdade Racial e o Direito como Integridade.<\/em><\/p>\n<p>Data de defesa: 30 de agosto de 2013<\/p>\n<p>Banca de defesa: Prof. Dr. Andr\u00e9 Leonardo Copetti Santos, este da URI, e Prof. Dr. Doglas Cesar Lucas da UNIJU\u00cd.<\/p>\n<p>&nbsp;<\/p>\n<p>6\u00aa Turma (ingresso: 03\/2011)<\/p>\n<p><a href=\"http:\/\/buscatextual.cnpq.br\/buscatextual\/visualizacv.do?id=K4713563D7\">M\u00e1rcio Roberto Bitelbron<\/a><\/p>\n<p>T\u00edtulo:<em> A sociedade de consumo e os signs distintivos: as marcas sob as perspectivas de seus titulares e dos consumidores.<\/em><\/p>\n<p>Data de defesa: 26 de agosto de 2013<\/p>\n<p>Banca de defesa: Prof. Dr. Florisbal de Souza Del\u2019Olmo, este da URI, e Prof. Dr. Luiz Ernani Bonesso de Ara\u00fajo da UFSM.<\/p>\n<p>&nbsp;<\/p>\n<p>6\u00aa Turma (ingresso: 03\/2011)<\/p>\n<p><a href=\"http:\/\/buscatextual.cnpq.br\/buscatextual\/visualizacv.do?id=K4386421E6\">Martha Luciana Scholze<\/a><\/p>\n<p>T\u00edtulo:<em> Contribui\u00e7\u00f5es dos movimentos feministas para a constru\u00e7\u00e3o da identidade das mulheres brasileiras e sua efetiva participa\u00e7\u00e3o no cen\u00e1rio pol\u00edtico nacional a partir de 1988.<\/em><\/p>\n<p>Data de defesa: 28 de fevereiro de 2013<\/p>\n<p>Banca de defesa: Profa. Dra. Ros\u00e2ngela Angelin e Prof. Dr. Noli Bernardo Hahn , estes da URI, e Prof. Dr. Luiz Ernani Bonesso de Ara\u00fajo da UFSM.<\/p>\n<p>&nbsp;<\/p>\n<p>6\u00aa Turma (ingresso: 03\/2011)<\/p>\n<p><a href=\"http:\/\/buscatextual.cnpq.br\/buscatextual\/visualizacv.do?id=K4731845J6\">Roberta Brenner Ochulacki<\/a><\/p>\n<p>T\u00edtulo:<em> A Juridiciza\u00e7\u00e3o da Prote\u00e7\u00e3o da Inf\u00e2ncia e da Juventude no Brasil: Uma an\u00e1lise da (in)efic\u00e1cia da aplica\u00e7\u00e3o das medidas socioeducativas no Estado do Rio Grande do Sul.<\/em><\/p>\n<p>Data de defesa: 30 de agosto de 2013<\/p>\n<p>Banca de defesa: Prof. Dr. Noli Bernardo Hahn e Prof. Dr. Andr\u00e9 Leonardo Copetti Santos, estes da URI, e Profa. Dra. Val\u00e9ria Ribas do Nascimento da UFSM.<\/p>\n<p>&nbsp;<\/p>\n<p>6\u00aa Turma (ingresso: 03\/2011)<\/p>\n<p><a href=\"http:\/\/buscatextual.cnpq.br\/buscatextual\/visualizacv.do?id=K4380780E2\">Rozane Ramgrab de Magalh\u00e3es Bonamigo<\/a><\/p>\n<p>T\u00edtulo:<em> A IMPORT\u00c2NCIA DO PROGRAMA DE ORIENTA\u00c7\u00c3O E PROTE\u00c7\u00c3O AO CONSUMIDOR (PROCON) NA SOLU\u00c7\u00c3O DE CONFLITOS DE CONSUMO NA SOCIEDADE CONTEMPOR\u00c2NEA<\/em><\/p>\n<p>Data de defesa: 14 de dezembro de 2012<\/p>\n<p>Banca de defesa: Prof. Dr. Florisbal de Souza Del\u2019 Olmo e Profa. Dra. Liliana Locatelli, estes da URI, e Prof. Dr. Augusto Jaeger Junior da UFRGS.<\/p>\n<p>&nbsp;<\/p>\n<p>6\u00aa Turma (ingresso: 03\/2011)<\/p>\n<p><a href=\"http:\/\/buscatextual.cnpq.br\/buscatextual\/visualizacv.do?id=K4381960P2\">Thiago Marchionatti Uggeri<\/a><\/p>\n<p>T\u00edtulo:<em> A tutela jur\u00eddica das matas ciliares e a cultura de degrada\u00e7\u00e3o do meio ambiente em raz\u00e3o de obras sem licen\u00e7a ambiental.<\/em><\/p>\n<p>Data de defesa: 20 de mar\u00e7o de 2013<\/p>\n<p>Banca de defesa: Prof. Dr. Ros\u00e2ngela Angelin e Prof. Dr. Osmar Veronese, estes da URI, e Prof. Dr. Luiz Ernani Bonesso de Araujo da UFSM.<\/p>\n","protected":false},"excerpt":{"rendered":"<p>6\u00aa Turma (ingresso: 03\/2011) Aline Andriguetto T\u00edtulo: Direitos Humanos e diversidade: a prote\u00e7\u00e3o das minorias \u00e9tnico-culturais no Brasil Data de defesa: 27 de fevereiro de 2013 Banca de defesa: Prof. Dr. Jo\u00e3o Martins Bertaso e Prof. Dr. Noli Bernardo Hahn, estes da URI, e Profa. Dra. Fernanda Frizzo Bragato da UNISINOS. &nbsp; 6\u00aa Turma (ingresso: [&hellip;]<\/p>\n","protected":false},"author":1,"featured_media":0,"parent":70,"menu_order":0,"comment_status":"closed","ping_status":"closed","template":"","meta":[],"_links":{"self":[{"href":"https:\/\/san.uri.br\/mestrado_direito\/index.php\/wp-json\/wp\/v2\/pages\/1741"}],"collection":[{"href":"https:\/\/san.uri.br\/mestrado_direito\/index.php\/wp-json\/wp\/v2\/pages"}],"about":[{"href":"https:\/\/san.uri.br\/mestrado_direito\/index.php\/wp-json\/wp\/v2\/types\/page"}],"author":[{"embeddable":true,"href":"https:\/\/san.uri.br\/mestrado_direito\/index.php\/wp-json\/wp\/v2\/users\/1"}],"replies":[{"embeddable":true,"href":"https:\/\/san.uri.br\/mestrado_direito\/index.php\/wp-json\/wp\/v2\/comments?post=1741"}],"version-history":[{"count":0,"href":"https:\/\/san.uri.br\/mestrado_direito\/index.php\/wp-json\/wp\/v2\/pages\/1741\/revisions"}],"up":[{"embeddable":true,"href":"https:\/\/san.uri.br\/mestrado_direito\/index.php\/wp-json\/wp\/v2\/pages\/70"}],"wp:attachment":[{"href":"https:\/\/san.uri.br\/mestrado_direito\/index.php\/wp-json\/wp\/v2\/media?parent=1741"}],"curies":[{"name":"wp","href":"https:\/\/api.w.org\/{rel}","templated":true}]}}