{"id":1238,"date":"2016-08-08T21:15:39","date_gmt":"2016-08-09T00:15:39","guid":{"rendered":"http:\/\/srvapp2s.santoangelo.uri.br\/sites\/mestrado_direito\/?page_id=1238"},"modified":"2026-02-04T16:50:55","modified_gmt":"2026-02-04T19:50:55","slug":"corpo-dicente","status":"publish","type":"page","link":"https:\/\/san.uri.br\/mestrado_direito\/index.php\/corpo-dicente\/","title":{"rendered":"Corpo Discente Doutorado"},"content":{"rendered":"<h1 class=\"art-postheader\">9 \u00aa TURMA (ingresso 2025)<\/h1>\n<div class=\"art-postcontent\">\n<p>ALANA TA\u00cdSE CASTRO SARTORI<\/p>\n<p>ELIEL ROCHA DORNELES<\/p>\n<p>FERNANDA BARBOZA BONFADA<\/p>\n<p>LET\u00cdCIA ABATI ZANOTTO<\/p>\n<p>LET\u00cdCIA REZNER<\/p>\n<p>LUCIMARA ROCHA DE SOUZA<\/p>\n<p>THIAGO MARCHIONATTI UGGERI<\/p>\n<\/div>\n<p><strong>8\u00aa Turma (ingresso 2024)<\/strong><\/p>\n<p>ARIANE LANGNER ANTONIOLLI<\/p>\n<p>MAGDA HELENA FERNANDES MEDINA PEREIRA<\/p>\n<p>NIKOLAI BEZERRA FRIO<\/p>\n<p>RAFAEL DANTAS NERY<\/p>\n<p>RAFAELA WENDLER BLASCKE<\/p>\n<p><strong>7\u00aa Turma (ingresso 2023)<\/strong><\/p>\n<p>ALINE TRINDADE DO NASCIMENTO<\/p>\n<p>CRIZIANY MACHADO FELIX FEIJ\u00d3<\/p>\n<p>EDEMIR BRAGA DIAS<\/p>\n<p>LAURA MALLMANN MARCHT<\/p>\n<p>LUCIANA ANTUNES NEVES MAIA<\/p>\n<p>MARIA EDUARDA GRANEL COPETTI<\/p>\n<p>MARIGLEY LEITE DA SILVA DE ARAUJO<\/p>\n<p>PATRICIA DA LUZ CHIARELLO<\/p>\n<p>TAMIRES EIDELWEIN<\/p>\n<p>THAYLA FERREIRA MELO CAMARGO<\/p>\n<p>VICT\u00d3RIA KAROLINE DA LUZ SILVEIRA<\/p>\n<p>VIN\u00cdCIUS WILDNER ZAMBIASI<\/p>\n<p><strong>6\u00aa Turma (ingresso 2022)<\/strong><\/p>\n<p>ADALBERTO WOLNEY DA COSTA BELOTTO<\/p>\n<p>DAIANE SPECHT LEMOS DA SILVA<\/p>\n<p>GABRIELA FELDEN SCHEUERMANN<\/p>\n<p>JAIME ROBERTO AMARAL DOS SANTOS<\/p>\n<p>LUZIANA COLOMBO LUNARDI<\/p>\n<p>TAMIRIS ALESSANDRA GERVASONI<\/p>\n<p><strong>5\u00aa Turma (ingresso 2021)<\/strong><\/p>\n<p><a>C\u00c1SSIA GILMARA FRAGA CHIARELLO<\/a><\/p>\n<p><a>ELLARA VALENTINI WITTCKIND<\/a><\/p>\n<p><a>FRANCIELI IUNG IZOLANI<\/a><\/p>\n<p><a>FRANCISCO RIBEIRO LOPES<\/a><\/p>\n<p><a>GABRIEL OCTACILIO BOHN EDLER<\/a><\/p>\n<p><a>PAOLA LAZZARETTI VICTOR<\/a><\/p>\n<p><strong>4\u00aa Turma (ingresso 2020)<\/strong><\/p>\n<p><a>BRUNA ESCOBAR TEIXEIRA<\/a><\/p>\n<p><a>DIONARA DENIZE CAVINATTO<\/a><\/p>\n<p><a>ELESANDRA MARIA DA ROSA COSTELLA<\/a><\/p>\n<p><a>JOICI ANT\u00d4NIA ZIEGLER<\/a><\/p>\n<p><a>JUCELMA DE C\u00c1SSIA CAMARA TOLOTTI<\/a><\/p>\n<p><a>KIMBERLY FARIAS MONTEIRO<\/a><\/p>\n<p><a>OLIVERIO DE VARGAS ROSADO<\/a><\/p>\n<p><a>SURAIA DE C\u00c1SSIA DUARTE NASRALLA SOUZA<\/a><\/p>\n<p><a>THA\u00cdS MACIEL DE OLIVEIRA<\/a><\/p>\n<p><strong>3\u00aa Turma (ingresso 2019)<\/strong><\/p>\n<p>Afonso Stangherlin<\/p>\n<p>Caroline W\u00fcst<\/p>\n<p>Daniela Zilio<\/p>\n<p>Diego Guilherme Rotta<\/p>\n<p>Gabriel Ma\u00e7alai<\/p>\n<p>Jaqueline Schimanoski Machado Roberto<\/p>\n<p>Kaoanne Wolf Krawczak<\/p>\n<p>Larissa Nunes Cavalheiro<\/p>\n<p>Neusa Schnorrenberger<\/p>\n<p><strong>2\u00aa Turma (ingresso 2018)<\/strong><\/p>\n<p>Agnelo Fabiano Prado Da Silva<\/p>\n<p>Ana Paula Cacenote<\/p>\n<p>Bianca Str\u00fccker<\/p>\n<p>Candice Nunes Bertaso<\/p>\n<p>Francieli Freitas Meotti<\/p>\n<p>Liane Marli Sch\u00e4fer Lucca<\/p>\n<p>Marcos Costa Salom\u00e3o<\/p>\n<p>Nelmo de Souza Costa<\/p>\n<p>Rafael Vieira De Mello Lopes<\/p>\n<p>Rafaela Baldissera<\/p>\n<p><strong>1\u00aa Turma Doutorado (ingresso 2017)<\/strong><\/p>\n<p>Alexandra Gato Rodrigues<\/p>\n<p>Aline Adams<\/p>\n<p>Alini Bueno dos Santos Taborda<\/p>\n<p>Isabel Cristina Brettas Duarte<\/p>\n<p>Jacson Bacin Vicente<\/p>\n<p>Jean Mauro Minuzzi<\/p>\n<p>Liana Maria Feix Suski<\/p>\n<p>Luthianne Perin Ferreira Lunardi<\/p>\n<p>M\u00e1rio Miguel da Rosa Muraro<\/p>\n<p>Paulo Adroir Magalh\u00e3es Martins<\/p>\n","protected":false},"excerpt":{"rendered":"<p>9 \u00aa TURMA (ingresso 2025) ALANA TA\u00cdSE CASTRO SARTORI ELIEL ROCHA DORNELES FERNANDA BARBOZA BONFADA LET\u00cdCIA ABATI ZANOTTO LET\u00cdCIA REZNER LUCIMARA ROCHA DE SOUZA THIAGO MARCHIONATTI UGGERI 8\u00aa Turma (ingresso 2024) ARIANE LANGNER ANTONIOLLI MAGDA HELENA FERNANDES MEDINA PEREIRA NIKOLAI BEZERRA FRIO RAFAEL DANTAS NERY RAFAELA WENDLER BLASCKE 7\u00aa Turma (ingresso 2023) ALINE TRINDADE DO [&hellip;]<\/p>\n","protected":false},"author":1,"featured_media":0,"parent":0,"menu_order":0,"comment_status":"closed","ping_status":"closed","template":"page_discente_doutorado.php","meta":[],"_links":{"self":[{"href":"https:\/\/san.uri.br\/mestrado_direito\/index.php\/wp-json\/wp\/v2\/pages\/1238"}],"collection":[{"href":"https:\/\/san.uri.br\/mestrado_direito\/index.php\/wp-json\/wp\/v2\/pages"}],"about":[{"href":"https:\/\/san.uri.br\/mestrado_direito\/index.php\/wp-json\/wp\/v2\/types\/page"}],"author":[{"embeddable":true,"href":"https:\/\/san.uri.br\/mestrado_direito\/index.php\/wp-json\/wp\/v2\/users\/1"}],"replies":[{"embeddable":true,"href":"https:\/\/san.uri.br\/mestrado_direito\/index.php\/wp-json\/wp\/v2\/comments?post=1238"}],"version-history":[{"count":6,"href":"https:\/\/san.uri.br\/mestrado_direito\/index.php\/wp-json\/wp\/v2\/pages\/1238\/revisions"}],"predecessor-version":[{"id":4924,"href":"https:\/\/san.uri.br\/mestrado_direito\/index.php\/wp-json\/wp\/v2\/pages\/1238\/revisions\/4924"}],"wp:attachment":[{"href":"https:\/\/san.uri.br\/mestrado_direito\/index.php\/wp-json\/wp\/v2\/media?parent=1238"}],"curies":[{"name":"wp","href":"https:\/\/api.w.org\/{rel}","templated":true}]}}