{"id":1227,"date":"2016-08-08T21:11:28","date_gmt":"2016-08-09T00:11:28","guid":{"rendered":"http:\/\/srvapp2s.santoangelo.uri.br\/sites\/mestrado_direito\/?page_id=1227"},"modified":"2023-03-10T16:13:13","modified_gmt":"2023-03-10T19:13:13","slug":"estrutura-curricular-2","status":"publish","type":"page","link":"https:\/\/san.uri.br\/mestrado_direito\/index.php\/estrutura-curricular-2\/","title":{"rendered":"Estrutura Curricular Doutorado"},"content":{"rendered":"<p style=\"text-align: justify;\"><a href=\"https:\/\/san.uri.br\/mestrado_direito\/wp-content\/uploads\/2016\/08\/Proposta-Curricular-Doutorado.pdf\">Proposta Curricular Doutorado<\/a><\/p>\n<p style=\"text-align: justify;\"><strong>GRADE CURRICULAR DO CURSO DE DOUTORADO EM DIREITO<\/strong><\/p>\n<p style=\"text-align: justify;\"><strong>&nbsp;<\/strong>O doutorado \u00e9 composto por sessenta (60) cr\u00e9ditos organizados em disciplinas obrigat\u00f3rias e optativas, bem como por atividades acad\u00eamicas complementares.<\/p>\n<p style=\"text-align: justify;\">Dos sessenta (60) cr\u00e9ditos, at\u00e9 trinta (30) cr\u00e9ditos poder\u00e3o ser aproveitados decorrentes do t\u00edtulo de mestre, dependendo da adequa\u00e7\u00e3o curricular da ader\u00eancia ao Programa. As disciplinas eletivas de ambas as linhas de pesquisa do Mestrado, em casos excepcionais, podem compor as demandas optativas do Doutorado.<\/p>\n<p style=\"text-align: justify;\">S\u00edntese da Proposta:<\/p>\n<p style=\"text-align: justify;\">&#8211; Um n\u00facleo de disciplinas obrigat\u00f3rias que se comp\u00f5e de tr\u00eas semin\u00e1rios consubstanciados em ingredientes filos\u00f3ficos, te\u00f3ricos, pol\u00edticos e sociais, da democracia, do multiculturalismo, dos direitos humanos e da cidadania, sustentados por uma base metodol\u00f3gica avan\u00e7ada, para atender a forma\u00e7\u00e3o do perfil do doutorando.<\/p>\n<p style=\"text-align: justify;\">&#8211; Um conjunto de semin\u00e1rios, oferecidos por linha de pesquisa, para atender as demandas espec\u00edficas da tese, onde o doutorando esteja vinculado.<\/p>\n<p style=\"text-align: justify;\">&#8211; As atividades acad\u00eamicas complementares compostas por tr\u00eas semin\u00e1rios tem\u00e1ticos, ofertados de acordo com o plano de estudo submetido e aprovado pela coordena\u00e7\u00e3o do Programa.<\/p>\n<p style=\"text-align: justify;\"><strong>&nbsp;<\/strong><\/p>\n<p style=\"text-align: justify;\"><strong>Quadro de Disciplinas e de Atividades do Curso e Etapas de Integraliza\u00e7\u00e3o<\/strong><\/p>\n<p style=\"text-align: justify;\"><strong>(<\/strong>Distribu\u00eddos e cumpridos conforme segue)<\/p>\n<p style=\"text-align: justify;\"><strong>&nbsp;<\/strong><\/p>\n<p style=\"text-align: justify;\"><strong>I- DEZ (10) CR\u00c9DITOS EM DISCIPLINAS OBRIGAT\u00d3RIAS:<\/strong><\/p>\n<p style=\"text-align: justify;\">Fundamentos te\u00f3ricos do Direito e da Forma de Sociedade Democr\u00e1tica (4 cr)<\/p>\n<p style=\"text-align: justify;\">Fundamentos te\u00f3ricos do Multiculturalismo, da Cidadania e dos Direitos Humanos (4 cr)<\/p>\n<p style=\"text-align: justify;\">Semin\u00e1rio de Metodologia da Pesquisa Aplicada \u00e0 Tese \u2013 (2 cr)<\/p>\n<p style=\"text-align: justify;\"><strong>II- QUATRO (04) CR\u00c9DITOS EM DISCIPLINAS OPTATIVAS POR LINHA DE PESQUISA:<\/strong><\/p>\n<p style=\"text-align: justify;\">Escolhidos dentre os quatro (4) semin\u00e1rios onde o doutorando esteja vinculado.<\/p>\n<p style=\"text-align: justify;\"><strong>Linha I (04cr)<\/strong><\/p>\n<p style=\"text-align: justify;\">Semin\u00e1rio \u2013 Temas em Direitos Culturais e Minorias Socio\u00e9tnicas (2 cr)<\/p>\n<p style=\"text-align: justify;\">Semin\u00e1rio \u2013 Temas em Normatiza\u00e7\u00e3o dos Movimentos Sociais&nbsp; (2 cr)<\/p>\n<p style=\"text-align: justify;\">Semin\u00e1rio \u2013 Temas em Igualdade, Diferen\u00e7a e G\u00eanero (2 cr)<\/p>\n<p style=\"text-align: justify;\">Semin\u00e1rio \u2013 Temas em Laicidade Pol\u00edtica e Estado (2 cr)<\/p>\n<p style=\"text-align: justify;\"><strong>Linha II (04 cr)<\/strong><\/p>\n<p style=\"text-align: justify;\">Semin\u00e1rio \u2013 Temas sobre Conflitualidade Contempor\u00e2nea (2 cr)<\/p>\n<p style=\"text-align: justify;\">Semin\u00e1rio \u2013 Temas em Transconstitucionalidade e Intera\u00e7\u00f5es Regionais (2 cr)<\/p>\n<p style=\"text-align: justify;\">Semin\u00e1rio \u2013 Temas em Sistemas de Direitos Fundamentais e Constitui\u00e7\u00e3o (2 cr)<\/p>\n<p style=\"text-align: justify;\">Semin\u00e1rio \u2013 Temas em Direitos \u00e0 Diversidade, Mobilidade urbana e Espa\u00e7os Culturais (2 cr)<\/p>\n<p style=\"text-align: justify;\"><strong>III- SEIS (06) CR\u00c9DITOS EM DISCIPLINAS OPTATIVAS COMUNS DO PROGRAMA:<\/strong><\/p>\n<p style=\"text-align: justify;\">Os Semin\u00e1rios Tem\u00e1ticos ser\u00e3o oferecidos sob a supervis\u00e3o do coordenador e do orientador, 03 semin\u00e1rios tem\u00e1ticos com 02 cr\u00e9ditos cada um, que poder\u00e3o ser realizadas por meio de disciplinas, pesquisas, palestras e contar\u00e3o preferencialmente com a participa\u00e7\u00e3o de um docente do Programa ou externo.<\/p>\n<p style=\"text-align: justify;\"><strong>&nbsp;<\/strong><\/p>\n<p style=\"text-align: justify;\"><strong>IV- DEZ (10) CR\u00c9DITOS EM ATIVIDADES ACAD\u00caMICAS SUPERVISIONADAS<\/strong><\/p>\n<ol style=\"text-align: justify;\">\n<li><strong>a) ATIVIDADES E EVENTOS (02 CR\u00c9DITOS):<\/strong><\/li>\n<\/ol>\n<p style=\"text-align: justify;\">I &#8211; Publica\u00e7\u00e3o de artigo em peri\u00f3dicos qualificados pelo Qualis Direito, a qual ter\u00e1 a seguinte valida\u00e7\u00e3o:<\/p>\n<ol style=\"text-align: justify;\">\n<li>a) Qualis A1: 2 cr\u00e9ditos;<\/li>\n<li>b) Qualis A2 1,5 cr\u00e9ditos;<\/li>\n<li>c) Qualis B1: 1,25 cr\u00e9ditos;<\/li>\n<li>d) Qualis B2: 0,75 cr\u00e9ditos.<\/li>\n<\/ol>\n<p style=\"text-align: justify;\">II &#8211; Publica\u00e7\u00e3o de texto completo em anais de evento nacional ou internacional, correspondendo a 0,5 cr\u00e9ditos;<\/p>\n<p style=\"text-align: justify;\">III \u2013 Participa\u00e7\u00e3o, como membro estudante, em projetos de pesquisa ou grupos de pesquisa institucionalizados na URI ou em outras IESs, correspondendo a 0,25 cr\u00e9ditos;<\/p>\n<p style=\"text-align: justify;\">IV &#8211; Publica\u00e7\u00e3o de livro correspondendo a 1,5 cr\u00e9ditos ou cap\u00edtulo de livro correspondendo a 0,5 cr\u00e9ditos;<\/p>\n<p style=\"text-align: justify;\">V &#8211; Apresenta\u00e7\u00e3o de trabalho em evento cient\u00edfico nacional ou internacional, correspondendo a 0,5 cr\u00e9ditos.<\/p>\n<p style=\"text-align: justify;\">Paragrafo \u00fanico \u2013 Dos cr\u00e9ditos atribu\u00eddos \u00e0s Atividades Supervisionadas, o estudante dever\u00e1 cumprir, obrigatoriamente, ao menos 1,0 cr\u00e9dito na forma de artigos em peri\u00f3dicos Qualis, na \u00e1rea de Direito da CAPES.<\/p>\n<ol style=\"text-align: justify;\">\n<li><strong>b) ORIENTA\u00c7\u00c3O, QUALIFICA\u00c7\u00c3O E DEFESA DA TESE (08 CR\u00c9DITOS)<\/strong><\/li>\n<\/ol>\n<p style=\"text-align: justify;\"><strong>&nbsp;<\/strong><\/p>\n<p style=\"text-align: justify;\"><strong>V- QUADRO RESUMO ESTRUTURA CURRICULAR DOUTORADO<\/strong><\/p>\n<table width=\"582\">\n<tbody>\n<tr>\n<td colspan=\"2\" width=\"579\"><strong>QUADRO RESUMO DA ESTRUTURA CURRICULAR \/ DOUTORADO EM DIREITO<\/strong><\/td>\n<td width=\"3\">&nbsp;<\/td>\n<\/tr>\n<tr>\n<td width=\"287\">Atividade<\/td>\n<td colspan=\"2\" width=\"295\">Cr\u00e9dito<\/td>\n<\/tr>\n<tr>\n<td width=\"287\">Cr\u00e9ditos Mestrado<\/td>\n<td colspan=\"2\" width=\"295\">30<\/td>\n<\/tr>\n<tr>\n<td width=\"287\">Semin\u00e1rios Obrigat\u00f3rios do Programa<\/td>\n<td colspan=\"2\" width=\"295\">10<\/td>\n<\/tr>\n<tr>\n<td width=\"287\">Semin\u00e1rios de Linha<\/td>\n<td colspan=\"2\" width=\"295\">04<\/td>\n<\/tr>\n<tr>\n<td width=\"287\">Semin\u00e1rios Tem\u00e1ticos<\/td>\n<td colspan=\"2\" width=\"295\">06<\/td>\n<\/tr>\n<tr>\n<td width=\"287\">Atividades Supervisionadas<\/td>\n<td colspan=\"2\" width=\"295\">02<\/td>\n<\/tr>\n<tr>\n<td width=\"287\">Orienta\u00e7\u00e3o, qualifica\u00e7\u00e3o e defesa da tese<\/td>\n<td colspan=\"2\" width=\"295\">08<\/td>\n<\/tr>\n<tr>\n<td width=\"287\"><strong>TOTAL DA CARGA<\/strong><\/td>\n<td colspan=\"2\" width=\"295\"><strong>60<\/strong><\/td>\n<\/tr>\n<tr>\n<td width=\"287\">&nbsp;<\/td>\n<td width=\"292\">&nbsp;<\/td>\n<td width=\"3\">&nbsp;<\/td>\n<\/tr>\n<\/tbody>\n<\/table>\n<p style=\"text-align: justify;\"><strong>&nbsp;<\/strong><\/p>\n<p style=\"text-align: justify;\"><strong>&nbsp; <\/strong><strong>Ementas e Bibliografias:<\/strong><\/p>\n<p style=\"text-align: justify;\"><a href=\"https:\/\/san.uri.br\/mestrado_direito\/wp-content\/uploads\/2016\/08\/FUNDAMENTOS-TE\u00d3RICOS-DO-DIREITO-NA-FORMA-DE-SOCIEDADE-DEMOCR\u00c1TICA.pdf\">FUNDAMENTOS TE\u00d3RICOS DO DIREITO NA FORMA DE SOCIEDADE DEMOCR\u00c1TICA<\/a><\/p>\n<p style=\"text-align: justify;\"><a href=\"https:\/\/san.uri.br\/mestrado_direito\/wp-content\/uploads\/2016\/08\/FUNDAMENTOS-TE\u00d3RICOS-DO-MULTICULTURALISMO-DA-CIDADANIA-E-DOS-DIREITOS-HUMANOS.pdf\">FUNDAMENTOS TE\u00d3RICOS DO MULTICULTURALISMO,<\/a><a href=\"https:\/\/san.uri.br\/mestrado_direito\/wp-content\/uploads\/2016\/08\/FUNDAMENTOS-TE\u00d3RICOS-DO-MULTICULTURALISMO-DA-CIDADANIA-E-DOS-DIREITOS-HUMANOS.pdf\">DA CIDADANIA E DOS DIREITOS HUMANOS<\/a><\/p>\n<p style=\"text-align: justify;\"><a href=\"https:\/\/san.uri.br\/mestrado_direito\/wp-content\/uploads\/2016\/08\/SEMIN\u00c1RIO-DE-METODOLOGIA-DA-PESQUISA-APLICADA-\u00c0-TESE.pdf\">SEMIN\u00c1RIO DE METODOLOGIA DA PESQUISA APLICADA \u00c0 TESE<\/a><\/p>\n<p style=\"text-align: justify;\"><a href=\"https:\/\/san.uri.br\/mestrado_direito\/wp-content\/uploads\/2016\/08\/TEMAS-EM-DIREITOS-\u00c0-DIVERSIDADE-MOBILIDADE-URBANA-E-ESPA\u00c7OS-CULTURAIS.pdf\">TEMAS EM DIREITOS \u00c0 DIVERSIDADE, MOBILIDADE URBANA E ESPA\u00c7OS CULTURAIS<\/a><\/p>\n<p style=\"text-align: justify;\"><a href=\"https:\/\/san.uri.br\/mestrado_direito\/wp-content\/uploads\/2016\/08\/TEMAS-EM-DIREITOS-CULTURAIS-E-MINORIAS-SOCI\u00c9TNICAS.pdf\">TEMAS EM DIREITOS CULTURAIS E MINORIAS SOCI\u00c9TNICAS<\/a><\/p>\n<p style=\"text-align: justify;\"><a href=\"https:\/\/san.uri.br\/mestrado_direito\/wp-content\/uploads\/2016\/08\/TEMAS-EM-IGUALDADE-DIFEREN\u00c7A-E-G\u00caNERO.pdf\">TEMAS EM IGUALDADE, DIFEREN\u00c7A E G\u00caNERO<\/a><\/p>\n<p style=\"text-align: justify;\"><a href=\"https:\/\/san.uri.br\/mestrado_direito\/wp-content\/uploads\/2016\/08\/TEMAS-EM-LAICIDADE-POL\u00cdTICA-E-ESTADO.pdf\">TEMAS EM LAICIDADE, POL\u00cdTICA E ESTADO<\/a><\/p>\n<p style=\"text-align: justify;\"><a href=\"https:\/\/san.uri.br\/mestrado_direito\/wp-content\/uploads\/2016\/08\/TEMAS-EM-NORMATIZA\u00c7\u00c3O-DOS-MOVIMENTOS-SOCIAIS.pdf\">TEMAS EM NORMATIZA\u00c7\u00c3O DOS MOVIMENTOS SOCIAIS<\/a><\/p>\n<p style=\"text-align: justify;\"><a href=\"https:\/\/san.uri.br\/mestrado_direito\/wp-content\/uploads\/2016\/08\/TEMAS-EM-SISTEMAS-DE-DIREITOS-FUNDAMENTAIS-E-CONSTITUI\u00c7\u00c3O.pdf\">TEMAS EM SISTEMAS DE DIREITOS FUNDAMENTAIS E CONSTITUI\u00c7\u00c3O<\/a><\/p>\n<p style=\"text-align: justify;\"><a href=\"https:\/\/san.uri.br\/mestrado_direito\/wp-content\/uploads\/2016\/08\/TEMAS-EM-TRANSCONSTITUCIONALIDES-E-INTERA\u00c7\u00d5ES-REGIONAIS.pdf\">TEMAS EM TRANSCONSTITUCIONALIDES E INTERA\u00c7\u00d5ES REGIONAIS<\/a><\/p>\n<p style=\"text-align: justify;\"><a href=\"https:\/\/san.uri.br\/mestrado_direito\/wp-content\/uploads\/2016\/08\/TEMAS-SOBRE-A-CONFLITUOSIDADE-CONTEMPOR\u00c2NEA.pdf\">TEMAS SOBRE A CONFLITUOSIDADE CONTEMPOR\u00c2NEA<\/a><\/p>\n","protected":false},"excerpt":{"rendered":"<p>Proposta Curricular Doutorado GRADE CURRICULAR DO CURSO DE DOUTORADO EM DIREITO &nbsp;O doutorado \u00e9 composto por sessenta (60) cr\u00e9ditos organizados em disciplinas obrigat\u00f3rias e optativas, bem como por atividades acad\u00eamicas complementares. Dos sessenta (60) cr\u00e9ditos, at\u00e9 trinta (30) cr\u00e9ditos poder\u00e3o ser aproveitados decorrentes do t\u00edtulo de mestre, dependendo da adequa\u00e7\u00e3o curricular da ader\u00eancia ao Programa. [&hellip;]<\/p>\n","protected":false},"author":1,"featured_media":0,"parent":0,"menu_order":0,"comment_status":"closed","ping_status":"closed","template":"","meta":[],"_links":{"self":[{"href":"https:\/\/san.uri.br\/mestrado_direito\/index.php\/wp-json\/wp\/v2\/pages\/1227"}],"collection":[{"href":"https:\/\/san.uri.br\/mestrado_direito\/index.php\/wp-json\/wp\/v2\/pages"}],"about":[{"href":"https:\/\/san.uri.br\/mestrado_direito\/index.php\/wp-json\/wp\/v2\/types\/page"}],"author":[{"embeddable":true,"href":"https:\/\/san.uri.br\/mestrado_direito\/index.php\/wp-json\/wp\/v2\/users\/1"}],"replies":[{"embeddable":true,"href":"https:\/\/san.uri.br\/mestrado_direito\/index.php\/wp-json\/wp\/v2\/comments?post=1227"}],"version-history":[{"count":1,"href":"https:\/\/san.uri.br\/mestrado_direito\/index.php\/wp-json\/wp\/v2\/pages\/1227\/revisions"}],"predecessor-version":[{"id":3990,"href":"https:\/\/san.uri.br\/mestrado_direito\/index.php\/wp-json\/wp\/v2\/pages\/1227\/revisions\/3990"}],"wp:attachment":[{"href":"https:\/\/san.uri.br\/mestrado_direito\/index.php\/wp-json\/wp\/v2\/media?parent=1227"}],"curies":[{"name":"wp","href":"https:\/\/api.w.org\/{rel}","templated":true}]}}