{"id":1225,"date":"2016-08-08T21:11:04","date_gmt":"2016-08-09T00:11:04","guid":{"rendered":"http:\/\/srvapp2s.santoangelo.uri.br\/sites\/mestrado_direito\/?page_id=1225"},"modified":"2023-08-21T16:35:57","modified_gmt":"2023-08-21T19:35:57","slug":"doutorado","status":"publish","type":"page","link":"https:\/\/san.uri.br\/mestrado_direito\/index.php\/doutorado\/","title":{"rendered":"Doutorado"},"content":{"rendered":"<ul>\n<li><a href=\"https:\/\/san.uri.br\/mestrado_direito\/?page_id=1227\">Estrutura Curricular<\/a><\/li>\n<li><a href=\"https:\/\/san.uri.br\/mestrado_direito\/?page_id=1234\">Processo Seletivo<\/a><\/li>\n<li><a href=\"https:\/\/san.uri.br\/mestrado_direito\/?page_id=1236\">Corpo Docente<\/a><\/li>\n<li><a href=\"https:\/\/san.uri.br\/mestrado_direito\/?page_id=1238\">Corpo Discente<\/a><\/li>\n<li><a href=\"https:\/\/san.uri.br\/mestrado_direito\/?page_id=1247\">Formul\u00e1rios<\/a><\/li>\n<li><a href=\"https:\/\/san.uri.br\/mestrado_direito\/?page_id=1243\">Tese<\/a><\/li>\n<li><a href=\"https:\/\/san.uri.br\/mestrado_direito\/?page_id=1250\">Not\u00edcias<\/a><\/li>\n<li><a href=\"https:\/\/portal.santoangelo.uri.br\/portal_aluno\/login_egresso.aspx\">Acompanhamento Egressos<\/a><\/li>\n<li><a href=\"https:\/\/san.uri.br\/mestrado_direito\/?page_id=1255\">Publica\u00e7\u00f5es Egressos<\/a><\/li>\n<\/ul>\n","protected":false},"excerpt":{"rendered":"<p>Estrutura Curricular Processo Seletivo Corpo Docente Corpo Discente Formul\u00e1rios Tese Not\u00edcias Acompanhamento Egressos Publica\u00e7\u00f5es Egressos<\/p>\n","protected":false},"author":1,"featured_media":0,"parent":0,"menu_order":0,"comment_status":"closed","ping_status":"closed","template":"","meta":[],"_links":{"self":[{"href":"https:\/\/san.uri.br\/mestrado_direito\/index.php\/wp-json\/wp\/v2\/pages\/1225"}],"collection":[{"href":"https:\/\/san.uri.br\/mestrado_direito\/index.php\/wp-json\/wp\/v2\/pages"}],"about":[{"href":"https:\/\/san.uri.br\/mestrado_direito\/index.php\/wp-json\/wp\/v2\/types\/page"}],"author":[{"embeddable":true,"href":"https:\/\/san.uri.br\/mestrado_direito\/index.php\/wp-json\/wp\/v2\/users\/1"}],"replies":[{"embeddable":true,"href":"https:\/\/san.uri.br\/mestrado_direito\/index.php\/wp-json\/wp\/v2\/comments?post=1225"}],"version-history":[{"count":2,"href":"https:\/\/san.uri.br\/mestrado_direito\/index.php\/wp-json\/wp\/v2\/pages\/1225\/revisions"}],"predecessor-version":[{"id":4223,"href":"https:\/\/san.uri.br\/mestrado_direito\/index.php\/wp-json\/wp\/v2\/pages\/1225\/revisions\/4223"}],"wp:attachment":[{"href":"https:\/\/san.uri.br\/mestrado_direito\/index.php\/wp-json\/wp\/v2\/media?parent=1225"}],"curies":[{"name":"wp","href":"https:\/\/api.w.org\/{rel}","templated":true}]}}