{"id":90,"date":"2010-09-17T13:40:34","date_gmt":"2010-09-17T16:40:34","guid":{"rendered":"http:\/\/www.urisan.tche.br\/marina_wp\/?page_id=8"},"modified":"2025-03-18T16:37:16","modified_gmt":"2025-03-18T19:37:16","slug":"assessoria-educacional","status":"publish","type":"page","link":"https:\/\/san.uri.br\/extensao\/index.php\/assessoria-educacional\/","title":{"rendered":"Assessoria Educacional"},"content":{"rendered":"<div style=\"text-align: center;\"><a href=\"https:\/\/san.uri.br\/extensao\/wp-content\/uploads\/2010\/09\/topo_educacional.jpg\"><img loading=\"lazy\" class=\"alignnone size-full wp-image-149\" title=\"topo_educacional\" src=\"https:\/\/san.uri.br\/extensao\/wp-content\/uploads\/2010\/09\/topo_educacional.jpg\" alt=\"\" width=\"500\" height=\"107\" \/><\/a><\/div>\n<div style=\"text-align: center;\"><span style=\"color: #28166f;\">O desenvolvimento regional passa basicamente pela educa\u00e7\u00e3o. A URI \u2013 Campus de Santo \u00c2ngelo sabe disso e est\u00e1 atenta \u00e0s mudan\u00e7as educacionais, oferecendo assessoria em todos os n\u00edveis de ensino para secretarias de educa\u00e7\u00e3o, ONGs, funda\u00e7\u00f5es e escolas p\u00fablicas e privadas.<\/span><\/div>\n<div style=\"text-align: center;\"><span style=\"color: #28166f;\">\u00a0<\/span><\/div>\n<div style=\"padding-left: 30px;\"><span style=\"color: #28166f;\"><img loading=\"lazy\" src=\"https:\/\/san.uri.br\/extensao\/wp-content\/themes\/tema_mestradoect2018\/images\/marcador.jpg\" alt=\" \" width=\"6\" height=\"6\" border=\"0\" \/><\/span> <span style=\"color: #28166f;\">Assessoria em gest\u00e3o escolar;<\/span><\/div>\n<div style=\"padding-left: 30px;\"><span style=\"color: #28166f;\"><img loading=\"lazy\" src=\"https:\/\/san.uri.br\/extensao\/wp-content\/themes\/tema_mestradoect2018\/images\/marcador.jpg\" alt=\" \" width=\"6\" height=\"6\" border=\"0\" \/><\/span> <span style=\"color: #28166f;\">Planos de desenvolvimento institucional;<\/span><\/div>\n<div style=\"padding-left: 30px;\"><span style=\"color: #28166f;\"><img loading=\"lazy\" src=\"https:\/\/san.uri.br\/extensao\/wp-content\/themes\/tema_mestradoect2018\/images\/marcador.jpg\" alt=\" \" width=\"6\" height=\"6\" border=\"0\" \/><\/span> <span style=\"color: #28166f;\">Qualifica\u00e7\u00e3o docente (cursos, oficinas, orienta\u00e7\u00f5es);<\/span><\/div>\n<div style=\"padding-left: 30px;\"><span style=\"color: #28166f;\"><img loading=\"lazy\" src=\"https:\/\/san.uri.br\/extensao\/wp-content\/themes\/tema_mestradoect2018\/images\/marcador.jpg\" alt=\" \" width=\"6\" height=\"6\" border=\"0\" \/><\/span> <span style=\"color: #28166f;\">Assessoria e estudos interculturais;<\/span><\/div>\n<div style=\"padding-left: 30px;\"><span style=\"color: #28166f;\"><img loading=\"lazy\" src=\"https:\/\/san.uri.br\/extensao\/wp-content\/themes\/tema_mestradoect2018\/images\/marcador.jpg\" alt=\" \" width=\"6\" height=\"6\" border=\"0\" \/><\/span> <span style=\"color: #28166f;\">Orienta\u00e7\u00e3o profissional;<\/span><\/div>\n<div style=\"padding-left: 30px;\"><span style=\"color: #28166f;\"><img loading=\"lazy\" src=\"https:\/\/san.uri.br\/extensao\/wp-content\/themes\/tema_mestradoect2018\/images\/marcador.jpg\" alt=\" \" width=\"6\" height=\"6\" border=\"0\" \/><\/span> <span style=\"color: #28166f;\">Processos de avalia\u00e7\u00e3o.<\/span><\/div>\n","protected":false},"excerpt":{"rendered":"<p>O desenvolvimento regional passa basicamente pela educa\u00e7\u00e3o. A URI \u2013 Campus de Santo \u00c2ngelo sabe disso e est\u00e1 atenta \u00e0s mudan\u00e7as educacionais, oferecendo assessoria em todos os n\u00edveis de ensino para secretarias de educa\u00e7\u00e3o, ONGs, funda\u00e7\u00f5es e escolas p\u00fablicas e privadas. \u00a0 Assessoria em gest\u00e3o escolar; Planos de desenvolvimento institucional; Qualifica\u00e7\u00e3o docente (cursos, oficinas, orienta\u00e7\u00f5es); [&hellip;]<\/p>\n","protected":false},"author":1,"featured_media":0,"parent":0,"menu_order":0,"comment_status":"closed","ping_status":"closed","template":"","meta":[],"_links":{"self":[{"href":"https:\/\/san.uri.br\/extensao\/index.php\/wp-json\/wp\/v2\/pages\/90"}],"collection":[{"href":"https:\/\/san.uri.br\/extensao\/index.php\/wp-json\/wp\/v2\/pages"}],"about":[{"href":"https:\/\/san.uri.br\/extensao\/index.php\/wp-json\/wp\/v2\/types\/page"}],"author":[{"embeddable":true,"href":"https:\/\/san.uri.br\/extensao\/index.php\/wp-json\/wp\/v2\/users\/1"}],"replies":[{"embeddable":true,"href":"https:\/\/san.uri.br\/extensao\/index.php\/wp-json\/wp\/v2\/comments?post=90"}],"version-history":[{"count":2,"href":"https:\/\/san.uri.br\/extensao\/index.php\/wp-json\/wp\/v2\/pages\/90\/revisions"}],"predecessor-version":[{"id":3911,"href":"https:\/\/san.uri.br\/extensao\/index.php\/wp-json\/wp\/v2\/pages\/90\/revisions\/3911"}],"wp:attachment":[{"href":"https:\/\/san.uri.br\/extensao\/index.php\/wp-json\/wp\/v2\/media?parent=90"}],"curies":[{"name":"wp","href":"https:\/\/api.w.org\/{rel}","templated":true}]}}