{"id":58,"date":"2016-03-11T12:14:48","date_gmt":"2016-03-11T12:14:48","guid":{"rendered":"http:\/\/localhost:8090\/wordpress\/?page_id=58"},"modified":"2022-11-18T21:29:42","modified_gmt":"2022-11-19T00:29:42","slug":"atualizacao","status":"publish","type":"page","link":"https:\/\/san.uri.br\/bibliotecacentral\/index.php\/atualizacao\/","title":{"rendered":"Atualiza\u00e7\u00e3o"},"content":{"rendered":"<ol>\n<li>INFRAESTRUTURA F\u00cdSICA<\/li>\n<\/ol>\n<p>A Biblioteca Central oferece \u00e0 comunidade acad\u00eamica e geral uma infraestrutura moderna e ambiente adequado para as atividades de ensino, pesquisa e extens\u00e3o. Tem por objetivo auxiliar os professores nas atividades pedag\u00f3gicas e colaborar com o desenvolvimento intelectual da comunidade acad\u00eamica, al\u00e9m de prestar assist\u00eancia a pesquisas e projetos desenvolvidos pela Institui\u00e7\u00e3o, organizando e preservando a mem\u00f3ria dessa e da produ\u00e7\u00e3o intelectual de seus docentes, discentes, assim como dos demais usu\u00e1rios.<\/p>\n<p>Possui uma \u00e1rea f\u00edsica de 2.289,89m\u00b2, dividida em tr\u00eas pavimentos.<\/p>\n<p>1\u00ba Pavimento<\/p>\n<p>O acesso ao pr\u00e9dio da Biblioteca Central se d\u00e1 por meio de uma rampa que leva a duas entradas, sendo uma espec\u00edfica para pessoas com necessidades especiais. Para circular no interior do pr\u00e9dio al\u00e9m de escadarias, existe o elevador que permite que todos os usu\u00e1rios, tenham acesso a todos os ambientes da biblioteca.<\/p>\n<p>Nesse ambiente est\u00e1 o balc\u00e3o de atendimento, a sala de processamento t\u00e9cnico, o sal\u00e3o de leitura, a videoteca, a sala de multimeios, a C\u00e1tedra Luis Alberto Warat e o acervo inativo.<\/p>\n<p>O balc\u00e3o de atendimento possui 04 guich\u00eas com computadores, impressoras de recibos e leitor de c\u00f3digo de barras, onde s\u00e3o efetuados: empr\u00e9stimos, devolu\u00e7\u00f5es, renova\u00e7\u00f5es, pagamentos de multas. Uma m\u00e1quina de reprografia e hastes antifurto. H\u00e1 tamb\u00e9m um guich\u00ea adaptado aos portadores de defici\u00eancia.<\/p>\n<p>No setor de processamento t\u00e9cnico \u00e9 realizado o cadastro do usu\u00e1rio, preparo e informatiza\u00e7\u00e3o do material que ser\u00e1 incorporado ao acervo. Para a efetiva\u00e7\u00e3o dessas atividades s\u00e3o usados: um computador com c\u00e2mera fotogr\u00e1fica; cinco computadores; duas impressoras; uma TV; um gravador de DVD; um v\u00eddeo cassete, 5 mesas de escrit\u00f3rio com cadeiras.<\/p>\n<p>Ao lado do processamento t\u00e9cnico h\u00e1 uma sala de restaura\u00e7\u00e3o de materiais equipada com: guilhotina, prensa, papel, cola, tesoura, etc.<\/p>\n<p>No mesmo pavimento ainda encontra-se um sal\u00e3o com exposi\u00e7\u00e3o de peri\u00f3dicos (revistas e jornais) que est\u00e3o distribu\u00eddos em estantes de a\u00e7o organizadas cada qual no seu curso, permanecendo apenas os peri\u00f3dicos mais atualizados. H\u00e1 um espa\u00e7o alternativo com mesa e sof\u00e1s para a leitura.<\/p>\n<p>A videoteca que \u00e9 um acervo multim\u00eddia composto por fitas de v\u00eddeo, DVDs, CDs-ROM, est\u00e1 distribu\u00edda em estantes de a\u00e7o e organizada por \u00e1rea do conhecimento; ainda nessa se\u00e7\u00e3o, encontram-se o acervo em Braile, \u00e1udio livros e mapoteca.<\/p>\n<p>Sala multimeios &#8211; comp\u00f5e-se de uma sala com 05 computadores dispon\u00edveis para usu\u00e1rios realizarem pesquisas acad\u00eamicas na internet, em acervos digitais e\/ou em bases de dados assinadas pela Universidade, bem como acesso ao Portal de Peri\u00f3dicos da CAPES.<\/p>\n<p>Sala para deficientes visuais &#8211; essa sala \u00e9 equipada com 01 computador que cont\u00e9m software de Tecnologia Assistiva, 01 scanner Plustek Book Reader V200 e programas espec\u00edficos, para digitaliza\u00e7\u00e3o o Book Voice e para leitor de tela o DosVox. Esse atendimento especializado conta com o aux\u00edlio de um funcion\u00e1rio, que d\u00e1 suporte tanto ao professor quanto ao deficiente visual, preparando materiais espec\u00edficos de aula. Essa Tecnologia Assistiva possibilita ao aluno (deficiente visual) fazer o escaneamento e a \u201cleitura\u201d dos materiais da biblioteca. Os materiais digitalizados s\u00e3o disponibilizados somente para os deficientes visuais, obedecendo a Lei do Direito Autoral (Lei n\u00ba 9610\/98)<\/p>\n<p>C\u00e1tedra Luis Alberto Warat, composta do acervo particular que foi do Prof. Warat e doado a essa Institui\u00e7\u00e3o por sua fam\u00edlia. Esse acervo \u00e9 de consulta exclusiva no local.<\/p>\n<p>Acervo inativo &#8211; sala composta por livros obsoletos, que foram substitu\u00eddos por edi\u00e7\u00f5es mais atualizadas e retiradas do acervo geral.<\/p>\n<p>Nesse andar encontra-se sanit\u00e1rios femininos e masculinos adaptados aos Portadores de Necessidades Especiais.<\/p>\n<p>T\u00e9rreo<\/p>\n<p>No t\u00e9rreo localiza-se o acervo bibliogr\u00e1fico composto por mais de 152.000 exemplares distribu\u00eddos entre livros, peri\u00f3dicos, normas, disserta\u00e7\u00f5es, folhetos e refer\u00eancias, conta com mesas e computadores para pesquisa no cat\u00e1logo informatizado.<\/p>\n<p>O acervo de livros \u00e9 composto por 55.387 t\u00edtulos e 93.579 exemplares e est\u00e1 catalogado pela Classifica\u00e7\u00e3o Decimal Universal (CDU), edi\u00e7\u00e3o padr\u00e3o, seguida de nota\u00e7\u00e3o de autor extra\u00edda da tabela de CUTTER, usando o C\u00f3digo de Cataloga\u00e7\u00e3o Anglo Americano AACR2, e a inser\u00e7\u00e3o dos documentos na base de dados est\u00e1 no formato Marc. Est\u00e1 organizado em estantes pr\u00f3prias, com livre acesso, distribu\u00eddos nas \u00e1reas do conhecimento.<\/p>\n<p>A se\u00e7\u00e3o de peri\u00f3dicos re\u00fane a cole\u00e7\u00e3o de t\u00edtulos de peri\u00f3dicos t\u00e9cnico-cient\u00edficos, nacionais e estrangeiros, referentes a todos os cursos da Universidade. Re\u00fane 876 t\u00edtulos com aproximadamente 55.759 exemplares. Est\u00e3o organizados em caixas (revisteiras) pelas \u00e1reas do CNPq, dentro de cada \u00e1rea seu curso, e dentro de cada curso ordem alfab\u00e9tica de t\u00edtulo.<\/p>\n<p>As normas e os folhetos est\u00e3o armazenados dentro de arquivos\/fich\u00e1rios de a\u00e7o e seguem a mesma ordem da cataloga\u00e7\u00e3o e classifica\u00e7\u00e3o dos livros.<\/p>\n<p>Refer\u00eancia<strong> &#8211;<\/strong> nesta se\u00e7\u00e3o, ficam as cole\u00e7\u00f5es formadas por enciclop\u00e9dias, dicion\u00e1rios e anu\u00e1rios estat\u00edsticos seguindo a mesma ordem de organiza\u00e7\u00e3o dos livros.<\/p>\n<p>O acervo est\u00e1 instalado em local com ilumina\u00e7\u00e3o natural e artificial, com boa ventila\u00e7\u00e3o adequada as condi\u00e7\u00f5es para armazenagem, preserva\u00e7\u00e3o e disponibiliza\u00e7\u00e3o, possui portas antip\u00e2nico, e extintores de inc\u00eandio, atendendo aos padr\u00f5es exigidos. O servi\u00e7o de limpeza \u00e9 terceirizado feito durante todos os turnos, observando sempre as condi\u00e7\u00f5es recomend\u00e1veis.<\/p>\n<p>2\u00ba Pavimento<\/p>\n<p>No segundo pavimento est\u00e3o localizadas 19 salas de estudos individuais e de pequenos grupos; sal\u00e3o de estudo coletivo com mesas; 01 sala de v\u00eddeo e o Centro de Cultura Missioneira.<\/p>\n<p>O Centro de Cultura Missioneira, \u00e9 uma Biblioteca Setorial composta de 3.606 exemplares destinados \u00e0 pesquisa, a preserva\u00e7\u00e3o e difus\u00e3o da hist\u00f3ria regional. O CCM possui um importante acervo documental e bibliogr\u00e1fico para estudo das Miss\u00f5es Jesu\u00edticas, dos \u00edndios Guarani e da hist\u00f3ria mais recente da regi\u00e3o das Miss\u00f5es, oferece ainda exposi\u00e7\u00f5es tempor\u00e1rias de arte, um acervo de v\u00eddeo com filmes e reportagens relativas \u00e0 hist\u00f3ria do RS e Miss\u00f5es.<\/p>\n<p>O ambiente desse pavimento \u00e9 todo climatizado, possui luz natural e artificial, sanit\u00e1rios feminino e masculino.<\/p>\n<p>A conserva\u00e7\u00e3o e preserva\u00e7\u00e3o do acervo bibliogr\u00e1fico bem como de todo o espa\u00e7o f\u00edsico da biblioteca est\u00e3o baseadas em uma pol\u00edtica segura quanto aos recursos adequados e as t\u00e9cnicas apropriadas para prolongar a vida \u00fatil dos suportes de informa\u00e7\u00e3o, garantindo a integridade f\u00edsica desse patrim\u00f4nio e visando sua preserva\u00e7\u00e3o.<\/p>\n<p>O espa\u00e7o f\u00edsico projetado e o atual pode ser descrito como um ambiente adequado \u00e0s atividades de servi\u00e7os e informa\u00e7\u00e3o, sendo que a ilumina\u00e7\u00e3o, ventila\u00e7\u00e3o, tonalidade dos ambientes, comunica\u00e7\u00e3o visual, mobili\u00e1rio, equipamentos, entre outros itens, atendem aos padr\u00f5es vigentes. Para seguran\u00e7a e escoamento dos usu\u00e1rios, o local possui sa\u00edda de emerg\u00eancia e extintores de inc\u00eandio, de tal modo que haja completa prote\u00e7\u00e3o no ambiente.<\/p>\n<p>A Biblioteca est\u00e1 preparada para atender \u00e0s necessidades dos usu\u00e1rios como perman\u00eancia para estudo, reflex\u00e3o, pesquisa, estudos em grupo, entre outras atividades de leitura e atualiza\u00e7\u00e3o, tendo a sua disposi\u00e7\u00e3o a rede wi fi em todo campus.<\/p>\n<ol start=\"2\">\n<li>SERVI\u00c7OS E INFORMATIZA\u00c7\u00c3O<\/li>\n<\/ol>\n<p>A Biblioteca Central conta com um moderno sistema de gerenciamento de informa\u00e7\u00f5es o que possibilita a agilidade nos servi\u00e7os oferecidos tanto a comunidade acad\u00eamica como a comunidade em geral. Ela se caracteriza por um ambiente de aprendizagem e de dissemina\u00e7\u00e3o do conhecimento que deve propiciar ao usu\u00e1rio ser o objeto do servi\u00e7o. Neste contexto, a biblioteca se transforma em um espa\u00e7o democr\u00e1tico, com servi\u00e7os de qualidade que buscam a satisfa\u00e7\u00e3o do usu\u00e1rio.<\/p>\n<p>Na biblioteca realizam-se servi\u00e7os como: cadastro de usu\u00e1rio, processamento t\u00e9cnico, cataloga\u00e7\u00e3o, circula\u00e7\u00e3o dos materiais, consulta ao acervo; servi\u00e7o de fotoc\u00f3pia; restaura\u00e7\u00e3o de livros, al\u00e9m do COMUT.<\/p>\n<ol>\n<li><strong> Cadastro de Usu\u00e1rio: <\/strong>a inscri\u00e7\u00e3o de usu\u00e1rio configura-se no momento de sua matr\u00edcula na URI \u2013 Campus de Santo \u00c2ngelo &#8211; desde que regularmente matriculado em curso fundamental, m\u00e9dio, t\u00e9cnico, de gradua\u00e7\u00e3o ou p\u00f3s-gradua\u00e7\u00e3o e mestrado ou para funcion\u00e1rios da Institui\u00e7\u00e3o desde o momento de sua admiss\u00e3o. No in\u00edcio de cada semestre letivo, \u00e9 feito o cadastro de novos usu\u00e1rios, com preenchimento de seus dados pessoais e a digitaliza\u00e7\u00e3o da foto no sistema para libera\u00e7\u00e3o do cart\u00e3o, que possibilita a retirada de materiais na biblioteca.<\/li>\n<li><strong> Processamento t\u00e9cnico<\/strong>: todo material que chega \u00e0 Biblioteca passa pelo processo de confer\u00eancia, registro, carimbo, fitilho, etiquetagem.<\/li>\n<li><strong> Cataloga\u00e7\u00e3o<\/strong>: \u00e9 realizada por um profissional com forma\u00e7\u00e3o em biblioteconomia, consiste na descri\u00e7\u00e3o das informa\u00e7\u00f5es contidas nos materiais, permitindo que o usu\u00e1rio recupere com maior facilidade a informa\u00e7\u00e3o.&nbsp; As obras da biblioteca s\u00e3o classificadas pela Classifica\u00e7\u00e3o Decimal Universal (CDU), edi\u00e7\u00e3o padr\u00e3o, seguida de nota\u00e7\u00e3o de autor extra\u00edda da tabela de CUTTER, usando o C\u00f3digo de Cataloga\u00e7\u00e3o Anglo Americano AACR2, e a inser\u00e7\u00e3o dos documentos na base de dados est\u00e3o no formato Marc.<\/li>\n<li><strong> Circula\u00e7\u00e3o dos Materiais<\/strong><\/li>\n<\/ol>\n<p><strong>4.1<\/strong> <strong>Empr\u00e9stimo<\/strong>: \u00e9 efetuado no balc\u00e3o de atendimento mediante apresenta\u00e7\u00e3o do cart\u00e3o do usu\u00e1rio. O prazo \u00e9 de dez dias para alunos de gradua\u00e7\u00e3o, do ensino fundamental e m\u00e9dio; para alunos da p\u00f3s-gradua\u00e7\u00e3o, estagi\u00e1rios, funcion\u00e1rios, professores e alunos do mestrado o prazo \u00e9 de vinte dias.<\/p>\n<p><strong>4.2 Renova\u00e7\u00e3o: <\/strong>pode ser feita no balc\u00e3o de atendimento mediante apresenta\u00e7\u00e3o do cart\u00e3o do usu\u00e1rio e das obras retiradas ou via web atrav\u00e9s de uma senha cadastrada no setor de cadastro de usu\u00e1rios. Cada material pode ser renovado at\u00e9 cinco vezes, contanto que n\u00e3o possua reserva.<\/p>\n<p><strong>4.3 Reserva: <\/strong>pode ser efetuada no balc\u00e3o de atendimento mediante apresenta\u00e7\u00e3o do cart\u00e3o do usu\u00e1rio, nos terminais de consulta da biblioteca ou pela web. A reserva s\u00f3 \u00e9 v\u00e1lida para materiais emprestados. A mesma \u00e9 nominal e obedecer\u00e1 \u00e0 ordem cronol\u00f3gica de pedidos; estando dispon\u00edvel para o primeiro usu\u00e1rio da lista de reservas no per\u00edodo de 24h ap\u00f3s devolu\u00e7\u00e3o. O usu\u00e1rio \u00e9 respons\u00e1vel pelo controle de suas reservas, o mesmo recebe um e-mail quando o exemplar estiver dispon\u00edvel.<\/p>\n<p><strong>4.4 Pagamento de multas: <\/strong>a multa \u00e9 gerada pelo atraso na devolu\u00e7\u00e3o de materiais e seu valor \u00e9 de R$1,00 por dia e por obra, \u00e9 paga no balc\u00e3o de atendimento da biblioteca, tesouraria ou Pix.<\/p>\n<ol start=\"5\">\n<li><strong> Consulta do acervo<\/strong>: o usu\u00e1rio pode realizar a consulta no acervo por: autor, t\u00edtulo, assunto e termo livre, podendo selecionar o tipo de material de acordo com a necessidade, ap\u00f3s localizar o material no sistema anota-se o n\u00famero de chamada e verifica se o mesmo est\u00e1 dispon\u00edvel, depois solicita ajuda ao funcion\u00e1rio na localiza\u00e7\u00e3o do material na estante, e se dirige ao balc\u00e3o para fazer a retirada. Os funcion\u00e1rios que atendem no acervo tamb\u00e9m s\u00e3o respons\u00e1veis pela guarda de materiais, organiza\u00e7\u00e3o.<\/li>\n<\/ol>\n<p>S\u00e3o utilizados tamb\u00e9m como fonte de informa\u00e7\u00e3o as bases de dados: \u201cMinha Biblioteca\u201d, Portal da Capes, Science Direct, Scopus, ASTM Capes, al\u00e9m de peri\u00f3dicos eletr\u00f4nicos de \u00e1reas espec\u00edficas e afins.<\/p>\n<ol start=\"6\">\n<li><strong> O servi\u00e7o de fotoc\u00f3pia: <\/strong>se restringe a materiais da biblioteca. S\u00e3o feitas fotoc\u00f3pias preto e branco, de pequenos trechos, conforme lei do direito autoral, n\u00ba 9.610, de 19 de fevereiro de 1998. O valor cobrado pela mesma \u00e9 de R$ 0,20 a c\u00f3pia.<\/li>\n<li><strong> Restaura\u00e7\u00e3o de livros<\/strong>: \u00e9 a preserva\u00e7\u00e3o, conserva\u00e7\u00e3o, encaderna\u00e7\u00e3o e a recupera\u00e7\u00e3o do material. O trabalho \u00e9 extremamente minucioso e requer paci\u00eancia e dedica\u00e7\u00e3o. O tempo do restauro depende de diversas variantes como a qualidade do papel, o formato e o estado em que ele se encontra.<\/li>\n<li><strong> COMUT<\/strong>: permite \u00e0s comunidades acad\u00eamicas e de pesquisa o acesso a documentos em todas as \u00e1reas do conhecimento (atrav\u00e9s de c\u00f3pias de artigos de revistas t\u00e9cnico-cient\u00edficas, teses e anais de congressos), exclusivamente para fins acad\u00eamicos e de pesquisa, respeitando-se rigorosamente a Lei de Direitos Autorais. Para isso, atua por meio de uma rede de bibliotecas, denominadas bibliotecas-base, com recursos bibliogr\u00e1ficos, humanos e tecnol\u00f3gicos adequados para o atendimento \u00e0s solicita\u00e7\u00f5es de seus usu\u00e1rios. O valor do servi\u00e7o \u00e9 cobrado por b\u00f4nus. O conjunto de 5 p\u00e1ginas fotocopiadas equivale a 1 b\u00f4nus que custa R$ 2,20. O prazo de entrega de atendimento \u00e9 de cinco a sete dias em m\u00e9dia.<\/li>\n<\/ol>\n<p>A Biblioteca Central dentro do seu papel de apoio ao ensino, \u00e0 pesquisa e a extens\u00e3o, busca o aprimoramento permanente de seus servi\u00e7os, garantindo a melhoria do seu atendimento, atrav\u00e9s de reuni\u00f5es realizadas periodicamente. Seu hor\u00e1rio de funcionamento \u00e9 de segunda a sexta-feira, das 13h30min \u00e0s 17h30min e das 18h30min \u00e0s 22h, e no s\u00e1bado, das 7h45min \u00e0s 11h45min.<\/p>\n<p>O cat\u00e1logo online, o regulamento e as informa\u00e7\u00f5es sobre os servi\u00e7os oferecidos est\u00e1 dispon\u00edvel em http:\/\/srvapp2s.santoangelo.uri.br\/sites\/biblioteca\/<\/p>\n<ol start=\"3\">\n<li>PLANO DE ATUALIZA\u00c7\u00c3O E EXPANS\u00c3O DO ACERVO<\/li>\n<\/ol>\n<p>As bibliotecas universit\u00e1rias s\u00e3o um reflexo direto da import\u00e2ncia e relev\u00e2ncia da qualidade do ensino, pesquisa e extens\u00e3o no contexto das institui\u00e7\u00f5es. Para isso, \u00e9 necess\u00e1ria a constante atualiza\u00e7\u00e3o do seu acervo, contemplando prioridades como: atender \u00e0s bibliografias b\u00e1sicas e complementares dos cursos; manter o acervo atualizado conforme a necessidade e demanda dos usu\u00e1rios.<\/p>\n<p>Com objetivo de colocar \u00e0 disposi\u00e7\u00e3o dos usu\u00e1rios materiais que lhes garantam aprender e gerar conhecimento, a Biblioteca percorre a meta de enriquecimento do seu acervo atrav\u00e9s da aquisi\u00e7\u00e3o de livros, peri\u00f3dicos, bases de dados e todo tipo de material de apoio educacional. A pol\u00edtica de atualiza\u00e7\u00e3o do acervo da Biblioteca possui suas diretrizes de atualiza\u00e7\u00e3o pautadas na compra, doa\u00e7\u00e3o e permuta.<\/p>\n<p>O plano de atualiza\u00e7\u00e3o da Biblioteca Central est\u00e1 voltado para o desenvolvimento de cole\u00e7\u00f5es bibliogr\u00e1ficas atualizadas e adequadas aos curr\u00edculos dos cursos de gradua\u00e7\u00e3o, p\u00f3s-gradua\u00e7\u00e3o, mestrado, doutorado, aos projetos de pesquisa e \u00e0s atividades de extens\u00e3o. Qualquer mudan\u00e7a no curr\u00edculo dos Projetos Pedag\u00f3gicos dos Cursos gera atualiza\u00e7\u00e3o das bibliografias que contemplam a aquisi\u00e7\u00e3o de novos livros.<\/p>\n<p>Os livros s\u00e3o adquiridos a partir da bibliografia b\u00e1sica e complementar dos projetos pedag\u00f3gicos dos cursos e conforme os crit\u00e9rios exigidos pelo MEC. As solicita\u00e7\u00f5es de compra s\u00e3o feitas via coordena\u00e7\u00e3o de cursos \u00e0 dire\u00e7\u00e3o administrativa, que, por sua vez, repassa \u00e0 Biblioteca para fazer a confer\u00eancia do material solicitado, observando se tem ou n\u00e3o na biblioteca e qual a quantidade necess\u00e1ria de acordo com as vagas do curso. Ap\u00f3s este procedimento \u00e9 repassado novamente \u00e0 dire\u00e7\u00e3o administrativa que autorizada e encaminha para o setor de compras.<\/p>\n<p>Os pedidos de assinaturas e renova\u00e7\u00e3o de peri\u00f3dicos s\u00e3o solicitados pelos coordenadores de curso ao funcion\u00e1rio respons\u00e1vel na biblioteca, que encaminha o pedido \u00e0 dire\u00e7\u00e3o para devida autoriza\u00e7\u00e3o de compra. A principal meta com rela\u00e7\u00e3o aos peri\u00f3dicos \u00e9 a manuten\u00e7\u00e3o das assinaturas, dando prioridade as cientificas, seguindo relat\u00f3rios estat\u00edsticos de utiliza\u00e7\u00e3o, empr\u00e9stimos domiciliares, pertin\u00eancia da mesma para o curso e a quantidade de peri\u00f3dicos na mesma \u00e1rea j\u00e1 dispon\u00edveis na biblioteca.<\/p>\n<p>Al\u00e9m de compra, a Biblioteca Central tamb\u00e9m recebe documentos atrav\u00e9s de doa\u00e7\u00e3o de particulares, professores e outros, que s\u00e3o incorporados ao acervo ap\u00f3s uma pr\u00e9via sele\u00e7\u00e3o, sendo permutado ou doado o material n\u00e3o utilizado.<\/p>\n<p>Devido a crescente atualiza\u00e7\u00e3o do acervo, a cada ano \u00e9 realizado o desbastamento da cole\u00e7\u00e3o, a partir da an\u00e1lise de um profissional da \u00e1rea s\u00e3o retiradas do acervo obras consideradas obsoletas, material este que \u00e9 repassado para uma sala de acervo inativo, podendo ser usado e retirado pelos usu\u00e1rios. Ap\u00f3s cinco anos nesta sala ser\u00e3o descartados os materiais, que neste per\u00edodo n\u00e3o foram utilizados.<\/p>\n<p>A atualiza\u00e7\u00e3o do acervo \u00e9 poss\u00edvel pela aplica\u00e7\u00e3o consciente dos recursos dispon\u00edveis pela Institui\u00e7\u00e3o e tem como foco possibilitar o crescimento racional e equilibrado do acervo em todos os campos do conhecimento;&nbsp;aquisi\u00e7\u00e3o de novos lan\u00e7amentos editoriais, incluindo os documentos oficiais e publica\u00e7\u00f5es da pr\u00f3pria Institui\u00e7\u00e3o, bem como materiais sobre a mesma publicados fora.<\/p>\n<p>Sendo assim contamos com um acervo bibliogr\u00e1fico consistente, diversificado e com utilidade m\u00e1xima. A coer\u00eancia de aloca\u00e7\u00e3o de recursos da Institui\u00e7\u00e3o contempla os recursos necess\u00e1rios \u00e0 amplia\u00e7\u00e3o do acervo, ao aumento e capacita\u00e7\u00e3o dos recursos humanos, informatiza\u00e7\u00e3o e \u00e0 amplia\u00e7\u00e3o das instala\u00e7\u00f5es f\u00edsicas da Biblioteca.<\/p>\n","protected":false},"excerpt":{"rendered":"<p>INFRAESTRUTURA F\u00cdSICA A Biblioteca Central oferece \u00e0 comunidade acad\u00eamica e geral uma infraestrutura moderna e ambiente adequado para as atividades de ensino, pesquisa e extens\u00e3o. Tem por objetivo auxiliar os professores nas atividades pedag\u00f3gicas e colaborar com o desenvolvimento intelectual da comunidade acad\u00eamica, al\u00e9m de prestar assist\u00eancia a pesquisas e projetos desenvolvidos pela Institui\u00e7\u00e3o, organizando [&hellip;]<\/p>\n","protected":false},"author":1,"featured_media":0,"parent":0,"menu_order":0,"comment_status":"closed","ping_status":"closed","template":"","meta":[],"_links":{"self":[{"href":"https:\/\/san.uri.br\/bibliotecacentral\/index.php\/wp-json\/wp\/v2\/pages\/58"}],"collection":[{"href":"https:\/\/san.uri.br\/bibliotecacentral\/index.php\/wp-json\/wp\/v2\/pages"}],"about":[{"href":"https:\/\/san.uri.br\/bibliotecacentral\/index.php\/wp-json\/wp\/v2\/types\/page"}],"author":[{"embeddable":true,"href":"https:\/\/san.uri.br\/bibliotecacentral\/index.php\/wp-json\/wp\/v2\/users\/1"}],"replies":[{"embeddable":true,"href":"https:\/\/san.uri.br\/bibliotecacentral\/index.php\/wp-json\/wp\/v2\/comments?post=58"}],"version-history":[{"count":3,"href":"https:\/\/san.uri.br\/bibliotecacentral\/index.php\/wp-json\/wp\/v2\/pages\/58\/revisions"}],"predecessor-version":[{"id":2365,"href":"https:\/\/san.uri.br\/bibliotecacentral\/index.php\/wp-json\/wp\/v2\/pages\/58\/revisions\/2365"}],"wp:attachment":[{"href":"https:\/\/san.uri.br\/bibliotecacentral\/index.php\/wp-json\/wp\/v2\/media?parent=58"}],"curies":[{"name":"wp","href":"https:\/\/api.w.org\/{rel}","templated":true}]}}